{"id":81,"date":"2010-03-29T12:00:31","date_gmt":"2010-03-29T15:00:31","guid":{"rendered":"http:\/\/blog.cancaonova.com\/aracaju\/historico\/"},"modified":"2015-04-01T18:18:00","modified_gmt":"2015-04-01T16:18:00","slug":"historico","status":"publish","type":"page","link":"https:\/\/blog.cancaonova.com\/aracaju\/casa-de-missao\/historico\/","title":{"rendered":"Nossa Hist\u00f3ria"},"content":{"rendered":"<p style=\"text-align: justify\"><span style=\"color: #000000\"><span lang=\"PT-BR\">A miss\u00e3o Can\u00e7\u00e3o Nova de Aracaju teve in\u00edcio com a compra da esta\u00e7\u00e3o geradora de televis\u00e3o, em agosto de 1997. No primeiro momento, a Senadora de Sergipe, Maria do Carmo Nascimento Alves, propriet\u00e1ria de um canal de TV aberta em Aracaju, procurou o arcebispo Dom Jose Palmeira Lessa para oferecer a venda sua geradora que exibia no estado a programa\u00e7\u00e3o da Rede Bandeirantes. Ao tomar conhecimento dessa oferta, o Frei Hans Stapel, fundador da Fazenda Esperan\u00e7a, foi procurado por dom Lessa e, em um programa na TV Cultura onde a Can\u00e7\u00e3o Nova j\u00e1 apresentava programas com o Pe. Jonas, fundador da Comunidade Can\u00e7\u00e3o Nova, surgiu o assunto de uma geradora de TV que estava \u00e0 venda em Aracaju. O Frei j\u00e1 havia oferecido a v\u00e1rios Movimentos da Igreja, mas n\u00e3o houve interessados devido \u00e0 falta de recursos financeiros.<br \/>\nMonsenhor Jonas disse que realmente precisava de uma geradora para ter retransmissoras da Can\u00e7\u00e3o Nova pelo Brasil. Mas que tamb\u00e9m n\u00e3o tinha o dinheiro para compr\u00e1-la. Mas o Frei Hans n\u00e3o se deu por vencido, encerrou a conversa dizendo: \u201cSe o Pai do C\u00e9u quer, dinheiro n\u00e3o vai faltar\u201d. <\/span><\/span><\/p>\n<p style=\"text-align: justify\"><span style=\"color: #000000\">Passados dois dias, num domingo, depois de um acampamento, Dom Jos\u00e9 Palmeira Lessa, Arcebispo de Aracaju \u2013 SE, telefonou para o Mons. Jonas para lhe falar da mesma Geradora de TV. Nosso Fundador pensou logo que o Frei Hans havia conversado com o Bispo. Havia disposi\u00e7\u00e3o, o que faltava era dinheiro&#8230; Mas para D. Lessa, \u201cO Pai do C\u00e9u tem o capital, se o Pai do C\u00e9u quiser que esta televis\u00e3o seja do Filho d\u2019Ele n\u00e3o faltaria dinheiro; ter\u00edamos apenas que encontrar o caminho para juntos buscar este recurso\u201d.<br \/>\nSeria um sinal? Deus estaria naquelas coincid\u00eancias, pois Frei Hans e D. Lessa usaram praticamente as mesmas palavras, diante do questionamento do Mons. Jonas&#8230; que antes profetizava que Deus daria uma geradora para Can\u00e7\u00e3o Nova.<\/span><\/p>\n<p style=\"text-align: justify\"><span style=\"color: #000000\">Dom Lessa e Monsenhor Jonas marcaram ent\u00e3o uma data para um encontro, para uma poss\u00edvel negocia\u00e7\u00e3o. Segundo a ex-propriet\u00e1ria da TV Jornal de Aracaju-SE, a hist\u00f3ria da compra da emissora \u00e9 um milagre conseguido por Nossa Senhora, que teve a participa\u00e7\u00e3o do Frei Hans e coragem e ousadia do Mons. Jonas.<\/span><\/p>\n<p style=\"text-align: justify\"><span style=\"color: #000000\">A Receita financeira da Funda\u00e7\u00e3o Jo\u00e3o Paulo II naquela \u00e9poca beirava os 200.000,00 por m\u00eas. A propriet\u00e1ria queria vender para n\u00f3s, pois sabia que a TV, nas m\u00e3os da Can\u00e7\u00e3o Nova, contribuiria com uma sociedade melhor e mais justa.<br \/>\nEla pediu para que Eto, vice-presidente da FJPII, fizesse uma proposta, e ele inspirado pelo Esp\u00edrito Santo, diante da realidade financeira da Funda\u00e7\u00e3o junto com Monsenhor Jonas disse que s\u00f3 poderia comprar pagando em 24 presta\u00e7\u00f5es. J\u00e1 era uma loucura para quem tinha uma pequena receita como a nossa para manter todo sistema! A senadora pediu pelo menos um sinal de R$ 500.000,00. E foi ai, que por interse\u00e7\u00e3o de Nossa Senhora a negocia\u00e7\u00e3o chegou ao monsenhor Carvalho, diretor do col\u00e9gio Arquidiocesano de Aracaju. Ele prontamente atendeu ao pedido do monsenhor Jonas e concedeu um empr\u00e9stimo nesse valor, para ser pago tamb\u00e9m a presta\u00e7\u00e3o.\u00a0Foi um momento de muita emo\u00e7\u00e3o para todos os que estavam ali. Logo o Mons. Jonas, Eto e Luzia Santiago, co-fundadora da Com. Can\u00e7\u00e3o Nova reuniram todos da Comunidade para dar a not\u00edcia da compra da geradora e para nos comunicar do desafio que ter\u00edamos daqui pra frente. Do empenho necess\u00e1rio de toda a Comunidade para pagar as 24 presta\u00e7\u00f5es da compra e do empr\u00e9stimo.<\/span><\/p>\n<p style=\"text-align: justify\"><span style=\"color: #000000\">Em uma das casas dos solteiros em Cachoeira Paulista, Monsenhor Jonas Abib reuniu toda a comunidade e explicou que a partir daquele momento, o que toda a comunidade iria viver era exatamente isso: \u201cDar a vida, o tempo, dar tudo o que Deus investiu em cada um; na verdade se sacrificar pelos outros, dando a vida para que outros vivam\u201d.E apresentou o exemplo de D. Bosco, o seu empenho em dar a vida. E ao falar de Dom Bosco, disse tamb\u00e9m que precisava lan\u00e7ar um projeto, por\u00e9m faltava um nome. <\/span><\/p>\n<p style=\"text-align: justify\"><span style=\"color: #000000\">O Ricardo S\u00e1 sentado, riscando o ch\u00e3o, levantou o dedo disse: o nome do projeto \u00e9 DA\u00cd-ME ALMAS. Monsenhor Jonas perguntou se todos concordavam e disseram que sim, e ali foi batizado o projeto como:<\/span><\/p>\n<p style=\"margin: 0cm 0cm 0.0001pt;text-align: justify\"><span style=\"color: #000000\"><br \/>\n<\/span><\/p>\n<p style=\"margin: 0cm 0cm 0.0001pt;text-align: justify\"><span style=\"color: #000000\"><br \/>\n<\/span><\/p>\n<p style=\"margin: 0cm 0cm 0.0001pt;text-align: center\"><span style=\"color: #000000\"><strong>PROJETO DAI-ME ALMAS!!<\/strong><\/span><\/p>\n<p style=\"text-align: justify\"><span style=\"color: #000000\"><span lang=\"PT-BR\">Esta campanha teve repercuss\u00e3o nacional e, na \u00e9poca, muitas pessoas do Brasil se uniram a essa obra de evangeliza\u00e7\u00e3o por entender a proposta ousada da Can\u00e7\u00e3o Nova: Evangelizar atrav\u00e9s dos meios de comunica\u00e7\u00e3o, 24h por dia, sem propagandas comerciais, dependendo \u00fanica e exclusivamente da provid\u00eancia de Deus manifestada pelas doa\u00e7\u00f5es generosas do povo brasileiro. Fazendo se cumprir a proposta feita em 1976 por Dom Ant\u00f4nio Afonso de Miranda, ent\u00e3o bispo da Diocese de Lorena-SP, que encarregou ao Monsenhor Jonas de trabalhar com os jovens a exorta\u00e7\u00e3o apost\u00f3lica, <strong><em>Evangellii Nuntiandi.<\/em><\/strong> A indicar o trabalho com os jovens contido no par\u00e1grafo 44, D. Ant\u00f3nio nem imaginou apontar tamb\u00e9m o n\u00famero 45 que diz:<\/span><\/span><\/p>\n<p style=\"text-align: justify\"><span style=\"color: #000000\"><strong><em><span lang=\"PT-BR\">\u201cNo nosso s\u00e9culo t\u00e3o marcado pelos \u201cmas media\u201d ou meios de comunica\u00e7\u00e3o social, o primeiro an\u00fancio, a catequese ou aprofundamento ulterior da f\u00e9, n\u00e3o podem deixar de se servir destes meios conforme j\u00e1 tivemos ocasi\u00e3o de acentuar\u201d.<\/span><\/em><\/strong><\/span><\/p>\n<p style=\"text-align: justify\"><span style=\"color: #000000\"><strong><em><span lang=\"PT-BR\">Postos ao servi\u00e7o do Evangelho, tais meios s\u00e3o suscept\u00edveis de ampliar, quase at\u00e9 o infinito, o campo para poder ser ouvida a Palavra de Deus e fazem com que a Boa Nova chegue a milh\u00f5es de pessoas. A Igreja viria a sentir-se culp\u00e1vel diante do seu Senhor, se ela n\u00e3o lan\u00e7asse m\u00e3o destes meios potentes que a intelig\u00eancia humana torna cada dia mais aperfei\u00e7oados. \u00c9 servindo-se deles que ela \u201capregoa sobre os terra\u00e7os\u201d, a mensagem de que ela \u00e9 deposit\u00e1ria. Neles ela encontra uma vers\u00e3o moderna e eficaz do p\u00falpito. Gra\u00e7as a eles ela consegue falar \u00e0s multid\u00f5es.<\/span><\/em><\/strong><\/span><\/p>\n<p style=\"text-align: justify\"><span style=\"color: #000000\"><strong><em><span lang=\"PT-BR\">Assim afirmamos: \u201c<\/span><\/em><span lang=\"PT-BR\">Nascemos na Igreja e para a Igreja. Nascemos da<em> Evangellii Nuntiandi: <\/em>nascemos da Evangeliza\u00e7\u00e3o e para a evangeliza\u00e7\u00e3o. Nascemos de uma Exorta\u00e7\u00e3o Apost\u00f3lica que urge evangelizar os batizados e entrar na aventura de utilizar os meios de comunica\u00e7\u00e3o<\/span><\/strong><span lang=\"PT-BR\">\u201d. <strong>( N\u00ba. 02)<\/strong><\/span><\/span><\/p>\n<p style=\"text-align: justify\"><span style=\"color: #000000\"><span lang=\"PT-BR\">Ao longo dos anos, a TV foi crescendo atrav\u00e9s de cachoeira Paulista, e em Aracaju v\u00e1rio programas foram transmitidos pela grade nacional, e hoje outros programas locais s\u00e3o apresentados para atender a comunidade sergipana, o jornalismo, produz mat\u00e9rias para o Can\u00e7\u00e3o Nova Noticias. Al\u00e9m disso, com a arrecada\u00e7\u00e3o dos s\u00f3cios foram feitos investimentos na compra do pr\u00e9dio atual e do terreno dos transmissores, ou seja, a Can\u00e7\u00e3o Nova de Aracaju tem hoje um pr\u00e9dio pr\u00f3prio com tr\u00eas grandes est\u00fadios e a estrutura da TV onde tamb\u00e9m funciona a Casa de Evangeliza\u00e7\u00e3o.<\/span><\/span><\/p>\n<p style=\"text-align: justify\"><span style=\"color: #000000\"><span lang=\"PT-BR\">Por esta miss\u00e3o passaram muitos mission\u00e1rios que fizeram hist\u00f3ria, para que hoje os que est\u00e3o, possam dar continuidade ao projeto de Deus para este lugar onde Monsenhor Jonas proclamou nos in\u00edcios:<\/span><\/span><\/p>\n<p style=\"margin: 0cm 0cm 0.0001pt;text-align: justify\"><span style=\"color: #000000\"><br \/>\n<\/span><\/p>\n<p style=\"margin: 0cm 0cm 0.0001pt;text-align: center\"><span style=\"color: #000000\"><strong><span lang=\"PT-BR\">ARACAJU, TERRA DE MILAGRES!<\/span><\/strong><\/span><\/p>\n<p style=\"margin: 0cm 0cm 0.0001pt;text-align: justify\"><span style=\"color: #000000\">Mosenhor Jonas agradece o pagamento da geradora que deu in\u00edcio ao Projeto Dai-me Almas.<\/span><\/p>\n<p style=\"margin: 0cm 0cm 0.0001pt;text-align: justify\"><span style=\"color: #000000\"><br \/>\n<\/span><\/p>\n<p style=\"margin: 0cm 0cm 0.0001pt;text-align: justify\"><span style=\"color: #000000\"><br \/>\n<\/span><\/p>\n<p style=\"margin: 0cm 0cm 0.0001pt;text-align: center\"><span style=\"color: #000000\"><strong><span lang=\"PT-BR\" style=\"font-size: 14pt\">Casa de Evangeliza\u00e7\u00e3o:<\/span><\/strong><\/span><\/p>\n<p style=\"margin: 0cm 0cm 0.0001pt;text-align: center\"><span style=\"color: #000000\"><br \/>\n<\/span><\/p>\n<p style=\"text-align: justify\"><span style=\"color: #000000\"><span lang=\"PT-BR\">Os eventos da Can\u00e7\u00e3o Nova, em Aracaju, s\u00e3o realizados no mesmo local onde est\u00e3o as instala\u00e7\u00f5es da geradora da TVCN. Na casa de miss\u00e3o, acontecem Aprofundamentos, Grupo de Ora\u00e7\u00e3o, Atendimentos de Ora\u00e7\u00e3o, Bazar da Provid\u00eancia, Cerco de Jeric\u00f3, Vig\u00edlia e Santa Missa todos dos dias. Al\u00e9m disso, uma vez por m\u00eas, s\u00e3o promovidos, no Rinc\u00e3o do Meu Senhor com capacidade para cerca de 2.000 pessoas os Acampamentos de Ora\u00e7\u00e3o que s\u00e3o transmitidos para a grade regional e pela internet a partir do nosso blog.<\/span><\/span><\/p>\n<p style=\"text-align: justify\"><span style=\"color: #000000\"><span lang=\"PT-BR\">A casa conta tamb\u00e9m com uma livraria que vende todos os produtos do DAVI (Departamento de Audiovisuais); um escrit\u00f3rio do Clube da Evangeliza\u00e7\u00e3o, que atende os s\u00f3cios e arrecadadores que diariamente levam as suas doa\u00e7\u00f5es para o \u2018Projeto Dai-me Almas\u2019; a lanchonete que tamb\u00e9m \u00e9 uma das fontes de renda que contribui para manter a miss\u00e3o. Atendemos outras dioceses do nordeste com encontros e aprofundamentos.<\/span><\/span><\/p>\n<p class=\"MsoNormal\"><span style=\"color: #000000\"><br \/>\n<\/span><\/p>\n<p class=\"MsoNormal\"><span style=\"color: #000000\"><br \/>\n<\/span><\/p>\n<p style=\"margin: 0cm 0cm 0.0001pt\"><span style=\"color: #000000\"><strong><span lang=\"PT-BR\">Esperamos por voc\u00ea!<\/span><\/strong><\/span><\/p>\n<p style=\"margin: 0cm 0cm 0.0001pt;text-align: justify\"><span style=\"color: #000000\"><span lang=\"PT-BR\">Endere\u00e7o: Rua Paulo Henrique Machado Pimentel, 95, Bairro: In\u00e1cio Barbosa, pr\u00f3ximo ao terminal de \u00f4nibus D.I.A &#8211; CEP: 49.040-740<\/span><\/span><\/p>\n<p style=\"margin: 0cm 0cm 0.0001pt\"><span style=\"color: #000000\"><span lang=\"PT-BR\">Fone: (79) 2104 4444 Fax: (79) &#8211; 2104-4404<\/span><\/span><\/p>\n<p style=\"margin: 0cm 0cm 0.0001pt\"><span style=\"color: #000000\"><span lang=\"PT-BR\"><a href=\"mailto:jornalismoaracaju@cancaonova.com\"><br \/>\n<\/a><\/span><\/span><\/p>\n<p><span style=\"color: #000000\">E-mail: <a href=\"mailto:jornalismoaracaju@cancaonova.com\">aracaju@cancaonova.com<\/a><\/span><\/p>\n","protected":false},"excerpt":{"rendered":"<p>A miss\u00e3o Can\u00e7\u00e3o Nova de Aracaju teve in\u00edcio com a compra da esta\u00e7\u00e3o geradora de televis\u00e3o, em agosto de 1997. No primeiro momento, a Senadora de Sergipe, Maria do Carmo Nascimento Alves, propriet\u00e1ria de um canal de TV aberta em&#8230;<\/p>\n","protected":false},"author":3351,"featured_media":0,"parent":5238,"menu_order":1,"comment_status":"open","ping_status":"open","template":"","meta":{"_mi_skip_tracking":false,"_monsterinsights_sitenote_active":false,"_monsterinsights_sitenote_note":"","_monsterinsights_sitenote_category":0,"footnotes":""},"_links":{"self":[{"href":"https:\/\/blog.cancaonova.com\/aracaju\/wp-json\/wp\/v2\/pages\/81"}],"collection":[{"href":"https:\/\/blog.cancaonova.com\/aracaju\/wp-json\/wp\/v2\/pages"}],"about":[{"href":"https:\/\/blog.cancaonova.com\/aracaju\/wp-json\/wp\/v2\/types\/page"}],"author":[{"embeddable":true,"href":"https:\/\/blog.cancaonova.com\/aracaju\/wp-json\/wp\/v2\/users\/3351"}],"replies":[{"embeddable":true,"href":"https:\/\/blog.cancaonova.com\/aracaju\/wp-json\/wp\/v2\/comments?post=81"}],"version-history":[{"count":25,"href":"https:\/\/blog.cancaonova.com\/aracaju\/wp-json\/wp\/v2\/pages\/81\/revisions"}],"predecessor-version":[{"id":5270,"href":"https:\/\/blog.cancaonova.com\/aracaju\/wp-json\/wp\/v2\/pages\/81\/revisions\/5270"}],"up":[{"embeddable":true,"href":"https:\/\/blog.cancaonova.com\/aracaju\/wp-json\/wp\/v2\/pages\/5238"}],"wp:attachment":[{"href":"https:\/\/blog.cancaonova.com\/aracaju\/wp-json\/wp\/v2\/media?parent=81"}],"curies":[{"name":"wp","href":"https:\/\/api.w.org\/{rel}","templated":true}]}}