{"id":4628,"date":"2012-10-15T13:44:46","date_gmt":"2012-10-15T16:44:46","guid":{"rendered":"http:\/\/blog.cancaonova.com\/bh\/"},"modified":"2022-01-24T10:17:09","modified_gmt":"2022-01-24T13:17:09","slug":"nossa-historia","status":"publish","type":"page","link":"https:\/\/blog.cancaonova.com\/belohorizonte\/frente-de-missao\/nossa-historia\/","title":{"rendered":"Mission\u00e1rios"},"content":{"rendered":"<div class=\"pf-content\"><p><strong>Comunidade Can\u00e7\u00e3o Nova desde 2001 com voc\u00ea aqui em Belo Horizonte<\/strong><\/p>\n<p>A Frente de Miss\u00e3o Evangelizadora da <a href=\"http:\/\/comunidade.cancaonova.com\">Comunidade Can\u00e7\u00e3o Nova <\/a>\u2013 Associa\u00e7\u00e3o Internacional Privada de Fi\u00e9is, est\u00e1 presente em Belo Horizonte\/MG, desde 2001.\u00a0 Dom D\u00e9cio Sossai Zandonade, ent\u00e3o bispo auxiliar e respons\u00e1vel pela\u00a0 Comunica\u00e7\u00e3o na Arquidiocese de BH.<\/p>\n<p><span style=\"font-weight: 400\">\u00a0No ano de 2005 a Frente de Miss\u00e3o em Belo Horizonte veio a fechar devido ao t\u00e9rmino do contrato com a geradora da TV local.\u00a0<\/span><\/p>\n<p><span style=\"font-weight: 400\">Em\u00a0 2007, o deputado estadual Miguel Martini (falecido), juntamente com o\u00a0 deputado federal\u00a0 Eros Biondini e um grupo de empres\u00e1rios trouxeram a TV Can\u00e7\u00e3o Nova ao evento \u201cCristo \u00e9 o Show\u201d para transmiss\u00e3o do mesmo.<\/span><\/p>\n<p><span style=\"font-weight: 400\">No dia 02 de junho de 2008,\u00a0 a geradora da TV Can\u00e7\u00e3o Nova foi inaugurada na Av. Isabel Bueno 400 &#8211; Jaragu\u00e1 com a presen\u00e7a do Monsenhor Jonas Abib, Eto e Luzia Santiago, sem a presen\u00e7a de outros mission\u00e1rios do n\u00facleo, neste primeiro momento, contando somente com a ajuda do Eros Biondini, membros do 2\u00ba Elo e amigos da Can\u00e7\u00e3o Nova. <\/span><\/p>\n<p><span style=\"font-weight: 400\">No dia 16 outubro de 2009, os membros do n\u00facleo chegaram\u00a0 para atuar neste novo tempo da miss\u00e3o de Belo Horizonte.\u00a0<\/span><\/p>\n<p style=\"text-align: justify\">De l\u00e1 para c\u00e1, foram muitos os trabalhos realizados na linha de TV e atividades pastorais. Com a chegada dos mission\u00e1rios do n\u00facleo, em 2009, iniciamos o processo de oficializa\u00e7\u00e3o junto a arquidiocese, deferido em dezembro de 2011. Com isso, a Frente de Miss\u00e3o Evangelizadora &#8211; Can\u00e7\u00e3o Nova\u00a0 em Minas Gerais &#8211; tem experimentado uma maior abertura e acolhimento da Igreja local para realizar o seu trabalho evangelizador.<\/p>\n<p style=\"text-align: justify\">Esta Frente de Miss\u00e3o \u00e9 consagrada a <a href=\"https:\/\/www.google.com\/url?q=http:\/\/formacao.cancaonova.com\/espiritualidade\/oracao\/consagracao-a-sao-miguel-arcanjo\/&amp;sa=U&amp;ved=0ahUKEwimg82C_PzKAhVGFx4KHQBFCwQQFggEMAA&amp;client=internal-uds-cse&amp;usg=AFQjCNEWQEdQkwAQAOOKXSfgkWRKHD1mlA\">S\u00e3o Miguel Arcanjo<\/a>. Nossas instala\u00e7\u00f5es contam com v\u00e1rias salas onde funcionam administra\u00e7\u00e3o, produtora da TV e uma capela consagrada a Dom Bosco e Nossa Senhora Auxiliadora.<\/p>\n<p style=\"text-align: justify\">Hoje a miss\u00e3o conta com 11 mission\u00e1rios do n\u00facleo, incluindo um sacerdote, e 30\u00a0mission\u00e1rios do segundo elo.<\/p>\n<p style=\"text-align: justify\"><strong>Ser Can\u00e7\u00e3o Nova \u00e9 Bom Demais!<\/strong><\/p>\n<hr \/>\n<p style=\"text-align: justify\"><em>Venha conhecer-nos:<\/em><br \/>\nRua: Boaventura, 1836, loja 7 &#8211; Jaragu\u00e1 &#8211; BH<br \/>\nFone: (31) 3306-6690<\/p>\n<hr \/>\n<p style=\"text-align: justify\">\n<\/div>","protected":false},"excerpt":{"rendered":"<p>Comunidade Can\u00e7\u00e3o Nova desde 2001 com voc\u00ea aqui em Belo Horizonte A Frente de Miss\u00e3o Evangelizadora da Comunidade Can\u00e7\u00e3o Nova \u2013 Associa\u00e7\u00e3o Internacional Privada de Fi\u00e9is, est\u00e1 presente em Belo Horizonte\/MG, desde 2001.\u00a0 Dom D\u00e9cio Sossai Zandonade, ent\u00e3o bispo auxiliar&#8230;<\/p>\n","protected":false},"author":4620,"featured_media":0,"parent":6850,"menu_order":2,"comment_status":"closed","ping_status":"closed","template":"","meta":{"_mi_skip_tracking":false,"_monsterinsights_sitenote_active":false,"_monsterinsights_sitenote_note":"","_monsterinsights_sitenote_category":0,"footnotes":""},"_links":{"self":[{"href":"https:\/\/blog.cancaonova.com\/belohorizonte\/wp-json\/wp\/v2\/pages\/4628"}],"collection":[{"href":"https:\/\/blog.cancaonova.com\/belohorizonte\/wp-json\/wp\/v2\/pages"}],"about":[{"href":"https:\/\/blog.cancaonova.com\/belohorizonte\/wp-json\/wp\/v2\/types\/page"}],"author":[{"embeddable":true,"href":"https:\/\/blog.cancaonova.com\/belohorizonte\/wp-json\/wp\/v2\/users\/4620"}],"replies":[{"embeddable":true,"href":"https:\/\/blog.cancaonova.com\/belohorizonte\/wp-json\/wp\/v2\/comments?post=4628"}],"version-history":[{"count":21,"href":"https:\/\/blog.cancaonova.com\/belohorizonte\/wp-json\/wp\/v2\/pages\/4628\/revisions"}],"predecessor-version":[{"id":7051,"href":"https:\/\/blog.cancaonova.com\/belohorizonte\/wp-json\/wp\/v2\/pages\/4628\/revisions\/7051"}],"up":[{"embeddable":true,"href":"https:\/\/blog.cancaonova.com\/belohorizonte\/wp-json\/wp\/v2\/pages\/6850"}],"wp:attachment":[{"href":"https:\/\/blog.cancaonova.com\/belohorizonte\/wp-json\/wp\/v2\/media?parent=4628"}],"curies":[{"name":"wp","href":"https:\/\/api.w.org\/{rel}","templated":true}]}}