{"id":10648,"date":"2012-06-11T16:29:51","date_gmt":"2012-06-11T19:29:51","guid":{"rendered":"http:\/\/blog.cancaonova.com\/brasilia\/files\/2012\/06\/plano-nacional-da-educa\u00e7\u00e3o1.jpg"},"modified":"2012-06-11T16:29:51","modified_gmt":"2012-06-11T19:29:51","slug":"plano-nacional-da-educacao-2","status":"inherit","type":"attachment","link":"https:\/\/blog.cancaonova.com\/brasilia\/plano-nacional-da-educacao-2\/","title":{"rendered":"plano nacional da educa\u00e7\u00e3o"},"author":1361,"featured_media":0,"comment_status":"open","ping_status":"open","template":"","meta":{"_mi_skip_tracking":false,"_monsterinsights_sitenote_active":false,"_monsterinsights_sitenote_note":"","_monsterinsights_sitenote_category":0},"description":{"rendered":"<p class=\"attachment\"><a href='https:\/\/blog.cancaonova.com\/brasilia\/files\/2012\/06\/plano-nacional-da-educa\u00e7\u00e3o1.jpg'><img loading=\"lazy\" decoding=\"async\" width=\"300\" height=\"287\" src=\"https:\/\/blog.cancaonova.com\/brasilia\/files\/2012\/06\/plano-nacional-da-educa\u00e7\u00e3o1-300x287.jpg\" class=\"attachment-medium size-medium\" alt=\"Plano Nacional da Educa\u00e7ao - PNE\" srcset=\"https:\/\/blog.cancaonova.com\/brasilia\/files\/2012\/06\/plano-nacional-da-educa\u00e7\u00e3o1-300x287.jpg 300w, https:\/\/blog.cancaonova.com\/brasilia\/files\/2012\/06\/plano-nacional-da-educa\u00e7\u00e3o1.jpg 418w\" sizes=\"(max-width: 300px) 100vw, 300px\" \/><\/a><\/p>\n"},"caption":{"rendered":""},"alt_text":"Plano Nacional da Educa\u00e7ao - PNE","media_type":"image","mime_type":"image\/jpeg","media_details":{"width":"418","height":"400","hwstring_small":"height='96' width='100'","file":"2012\/06\/plano-nacional-da-educa\u00e7\u00e3o1.jpg","sizes":{"thumbnail":{"file":"plano-nacional-da-educa\u00e7\u00e3o1-150x150.jpg","width":"150","height":"150","source_url":"https:\/\/blog.cancaonova.com\/brasilia\/files\/2012\/06\/plano-nacional-da-educa\u00e7\u00e3o1-150x150.jpg"},"medium":{"file":"plano-nacional-da-educa\u00e7\u00e3o1-300x287.jpg","width":"300","height":"287","source_url":"https:\/\/blog.cancaonova.com\/brasilia\/files\/2012\/06\/plano-nacional-da-educa\u00e7\u00e3o1-300x287.jpg"},"post-thumbnail":{"file":"plano-nacional-da-educa\u00e7\u00e3o1-418x198.jpg","width":"418","height":"198","source_url":"https:\/\/blog.cancaonova.com\/brasilia\/files\/2012\/06\/plano-nacional-da-educa\u00e7\u00e3o1-418x198.jpg"},"full":{"file":"plano-nacional-da-educa\u00e7\u00e3o1.jpg","width":418,"height":400,"mime_type":"image\/jpeg","source_url":"https:\/\/blog.cancaonova.com\/brasilia\/files\/2012\/06\/plano-nacional-da-educa\u00e7\u00e3o1.jpg"}},"image_meta":{"aperture":"0","credit":"","camera":"","caption":"","created_timestamp":"0","copyright":"","focal_length":"0","iso":"0","shutter_speed":"0","title":""}},"post":null,"source_url":"https:\/\/blog.cancaonova.com\/brasilia\/files\/2012\/06\/plano-nacional-da-educa\u00e7\u00e3o1.jpg","_links":{"self":[{"href":"https:\/\/blog.cancaonova.com\/brasilia\/wp-json\/wp\/v2\/media\/10648"}],"collection":[{"href":"https:\/\/blog.cancaonova.com\/brasilia\/wp-json\/wp\/v2\/media"}],"about":[{"href":"https:\/\/blog.cancaonova.com\/brasilia\/wp-json\/wp\/v2\/types\/attachment"}],"author":[{"embeddable":true,"href":"https:\/\/blog.cancaonova.com\/brasilia\/wp-json\/wp\/v2\/users\/1361"}]}}

http://blog.cancaonova.com/brasilia/files/2012/06/plano-nacional-da-educação1.jpg

plano nacional da educação

<p class="attachment"><a href='https://blog.cancaonova.com/brasilia/files/2012/06/plano-nacional-da-educação1.jpg'><img loading="lazy" decoding="async" width="300" height="287" src="https://blog.cancaonova.com/brasilia/files/2012/06/plano-nacional-da-educação1-300x287.jpg" class="attachment-medium size-medium" alt="Plano Nacional da Educaçao - PNE" srcset="https://blog.cancaonova.com/brasilia/files/2012/06/plano-nacional-da-educação1-300x287.jpg 300w, https://blog.cancaonova.com/brasilia/files/2012/06/plano-nacional-da-educação1.jpg 418w" sizes="(max-width: 300px) 100vw, 300px" /></a></p>

Plano Nacional da Educaçao - PNE

2012/06/plano-nacional-da-educação1.jpg

plano-nacional-da-educação1-150x150.jpg

https://blog.cancaonova.com/brasilia/files/2012/06/plano-nacional-da-educação1-150x150.jpg

plano-nacional-da-educação1-300x287.jpg

https://blog.cancaonova.com/brasilia/files/2012/06/plano-nacional-da-educação1-300x287.jpg

plano-nacional-da-educação1-418x198.jpg

https://blog.cancaonova.com/brasilia/files/2012/06/plano-nacional-da-educação1-418x198.jpg

plano-nacional-da-educação1.jpg

https://blog.cancaonova.com/brasilia/files/2012/06/plano-nacional-da-educação1.jpg
