{"id":2201,"date":"2008-04-09T15:05:58","date_gmt":"2008-04-09T18:05:58","guid":{"rendered":"http:\/\/blog.cancaonova.com\/brasilia\/missionarios\/"},"modified":"2016-12-29T07:43:34","modified_gmt":"2016-12-29T10:43:34","slug":"missionarios","status":"publish","type":"page","link":"https:\/\/blog.cancaonova.com\/brasilia\/missionarios\/","title":{"rendered":"Mission\u00e1rios"},"content":{"rendered":"<h2 style=\"text-align: left;\" align=\"CENTER\">Somos uma comunidade de amor e adora\u00e7\u00e3o.<\/h2>\n<p style=\"text-align: justify;\"><span style=\"color: #2c2b2b;\"><span style=\"font-family: Arial, sans-serif;\"> Atualmente, com\u00a037 membros<\/span><\/span><strong><span style=\"color: #2c2b2b;\"><span style=\"font-family: Arial, sans-serif;\">\u00a0<\/span><\/span><\/strong><span style=\"color: #2c2b2b;\"><span style=\"font-family: Arial, sans-serif;\">no local, a Can\u00e7\u00e3o Nova abra\u00e7a o objetivo de levar Jesus ao cora\u00e7\u00e3o do Brasil e aos cora\u00e7\u00f5es daqueles que est\u00e3o \u00e0 frente do pa\u00eds, para que verdadeiramente ele volte \u00e0 sua origem, \u00e0 natureza do seu descobrimento:\u00a0<\/span><\/span><strong><em><span style=\"color: #2c2b2b;\"><span style=\"font-family: Arial, sans-serif;\">Brasil, Terra de Santa Cruz<\/span><\/span><\/em><span style=\"color: #2c2b2b;\"><span style=\"font-family: Arial, sans-serif;\">.<\/span><\/span><\/strong><\/p>\n<div id=\"attachment_12571\" style=\"width: 610px\" class=\"wp-caption aligncenter\"><a href=\"http:\/\/blog.cancaonova.com\/brasilia\/files\/2008\/04\/CN_2016_1.jpg\"><img loading=\"lazy\" decoding=\"async\" aria-describedby=\"caption-attachment-12571\" class=\"wp-image-12571\" src=\"http:\/\/blog.cancaonova.com\/brasilia\/files\/2008\/04\/CN_2016_1.jpg\" alt=\"CN_2016_1\" width=\"600\" height=\"382\" srcset=\"https:\/\/blog.cancaonova.com\/brasilia\/files\/2008\/04\/CN_2016_1.jpg 1047w, https:\/\/blog.cancaonova.com\/brasilia\/files\/2008\/04\/CN_2016_1-300x191.jpg 300w, https:\/\/blog.cancaonova.com\/brasilia\/files\/2008\/04\/CN_2016_1-900x572.jpg 900w\" sizes=\"(max-width: 600px) 100vw, 600px\" \/><\/a><p id=\"caption-attachment-12571\" class=\"wp-caption-text\">Membros da Comunidade Can\u00e7\u00e3o Nova em Bras\u00edlia<\/p><\/div>\n<p align=\"JUSTIFY\"><span style=\"font-family: Arial, sans-serif;\"><strong><span style=\"color: #2c2b2b;\"><span style=\"font-family: Arial, sans-serif;\">A Can\u00e7\u00e3o Nova se une \u00e0 Arquidiocese de Bras\u00edlia e a todos os movimentos e novas comunidades presentes na capital para que, como Igreja, possa realizar a sua miss\u00e3o<\/span><\/span><\/strong><span style=\"color: #2c2b2b;\"><span style=\"font-family: Arial, sans-serif;\">. Ver o Carisma atingindo esse povo e transformando a vida de muitos, \u00e9 a maior alegria para todos n\u00f3s mission\u00e1rios, pois s\u00e3o mais almas para o Reino, mais pessoas conquistadas para Jesus.<\/span><\/span><\/span><\/p>\n<p align=\"JUSTIFY\">\u25ba<strong> Para mais informa\u00e7\u00f5es\u00a0<a href=\"http:\/\/blog.cancaonova.com\/brasilia\/vocacional-cn-bsb\/\">entre em contato conosco<\/a>.<\/strong><\/p>\n<p align=\"JUSTIFY\">\n","protected":false},"excerpt":{"rendered":"<p>Somos uma comunidade de amor e adora\u00e7\u00e3o. Atualmente, com\u00a037 membros\u00a0no local, a Can\u00e7\u00e3o Nova abra\u00e7a o objetivo de levar Jesus ao cora\u00e7\u00e3o do Brasil e aos cora\u00e7\u00f5es daqueles que est\u00e3o \u00e0 frente do pa\u00eds, para que verdadeiramente ele volte \u00e0&#8230;<\/p>\n","protected":false},"author":1361,"featured_media":0,"parent":0,"menu_order":0,"comment_status":"open","ping_status":"closed","template":"","meta":{"_mi_skip_tracking":false,"_monsterinsights_sitenote_active":false,"_monsterinsights_sitenote_note":"","_monsterinsights_sitenote_category":0,"footnotes":""},"_links":{"self":[{"href":"https:\/\/blog.cancaonova.com\/brasilia\/wp-json\/wp\/v2\/pages\/2201"}],"collection":[{"href":"https:\/\/blog.cancaonova.com\/brasilia\/wp-json\/wp\/v2\/pages"}],"about":[{"href":"https:\/\/blog.cancaonova.com\/brasilia\/wp-json\/wp\/v2\/types\/page"}],"author":[{"embeddable":true,"href":"https:\/\/blog.cancaonova.com\/brasilia\/wp-json\/wp\/v2\/users\/1361"}],"replies":[{"embeddable":true,"href":"https:\/\/blog.cancaonova.com\/brasilia\/wp-json\/wp\/v2\/comments?post=2201"}],"version-history":[{"count":40,"href":"https:\/\/blog.cancaonova.com\/brasilia\/wp-json\/wp\/v2\/pages\/2201\/revisions"}],"predecessor-version":[{"id":12705,"href":"https:\/\/blog.cancaonova.com\/brasilia\/wp-json\/wp\/v2\/pages\/2201\/revisions\/12705"}],"wp:attachment":[{"href":"https:\/\/blog.cancaonova.com\/brasilia\/wp-json\/wp\/v2\/media?parent=2201"}],"curies":[{"name":"wp","href":"https:\/\/api.w.org\/{rel}","templated":true}]}}