{"id":2251,"date":"2008-04-09T15:10:15","date_gmt":"2008-04-09T18:10:15","guid":{"rendered":"http:\/\/blog.cancaonova.com\/brasilia\/tvcn-em-brasilia\/"},"modified":"2025-01-08T10:14:39","modified_gmt":"2025-01-08T13:14:39","slug":"tvcn-em-brasilia","status":"publish","type":"page","link":"https:\/\/blog.cancaonova.com\/brasilia\/tvcn-em-brasilia\/","title":{"rendered":"Fale conosco"},"content":{"rendered":"<h3 style=\"text-align: center\"><span style=\"color: #ff0000\"><strong>Siga nossas redes sociais!<\/strong><\/span><\/h3>\n<p style=\"text-align: center\"><a href=\"https:\/\/www.facebook.com\/CancaoNovaBrasilia\"><strong>Facebook<\/strong><\/a><\/p>\n<p style=\"text-align: center\"><a href=\"https:\/\/twitter.com\/cnbrasilia\"><strong>Twitter<\/strong><\/a><\/p>\n<p style=\"text-align: center\"><strong><a href=\"http:\/\/instagram.com\/cancaonovabrasilia\">Instagram<\/a><\/strong><\/p>\n<h3 style=\"text-align: center\"><span style=\"text-decoration: underline;color: #ff0000\"><strong>Visite nossa LOJA e BAZAR CAN\u00c7\u00c3O NOVA\u00a0 aqui em Bras\u00edlia!<\/strong><\/span><\/h3>\n<p style=\"text-align: center\">704\/705 BL B Loja 01 &#8211; Asa Norte<\/p>\n<h1 style=\"text-align: center\"><strong>Telefone e WhatsApp (61) 3322 82 91<\/strong><\/h1>\n<p style=\"text-align: center\"><img loading=\"lazy\" decoding=\"async\" class=\"alignnone size-medium wp-image-13441\" src=\"http:\/\/blog.cancaonova.com\/brasilia\/files\/2025\/01\/2024-01-30-300x225.jpg\" alt=\"\" width=\"300\" height=\"225\" srcset=\"https:\/\/blog.cancaonova.com\/brasilia\/files\/2025\/01\/2024-01-30-300x225.jpg 300w, https:\/\/blog.cancaonova.com\/brasilia\/files\/2025\/01\/2024-01-30.jpg 680w\" sizes=\"(max-width: 300px) 100vw, 300px\" \/> <img loading=\"lazy\" decoding=\"async\" class=\"alignnone size-medium wp-image-13442\" src=\"http:\/\/blog.cancaonova.com\/brasilia\/files\/2025\/01\/2024-01-30-1-300x225.jpg\" alt=\"\" width=\"300\" height=\"225\" srcset=\"https:\/\/blog.cancaonova.com\/brasilia\/files\/2025\/01\/2024-01-30-1-300x225.jpg 300w, https:\/\/blog.cancaonova.com\/brasilia\/files\/2025\/01\/2024-01-30-1.jpg 680w\" sizes=\"(max-width: 300px) 100vw, 300px\" \/><\/p>\n<p style=\"text-align: center\">******<\/p>\n<h3 style=\"text-align: center\"><span style=\"color: #008000\"><strong><span style=\"text-decoration: underline\"><span style=\"color: #ff0000;text-decoration: underline\">Conhe\u00e7a tamb\u00e9m nossa TV e R\u00e1dio<\/span><\/span><\/strong><\/span><span style=\"color: #ff0000\"><strong><a href=\"http:\/\/blog.cancaonova.com\/brasilia\/files\/2008\/04\/TV.png\"><br \/>\n<\/a><\/strong><\/span><\/h3>\n<p style=\"text-align: center\"><span style=\"color: #000000\"><span style=\"line-height: 1.5\"><strong>SAAN, Quadra 03-lote 80<\/strong><\/span><strong style=\"line-height: 1.5\">\u00a0<\/strong><\/span><strong style=\"line-height: 1.5\"><em>(perto da antiga Rodoferrovi\u00e1ria)<\/em><\/strong><\/p>\n<p style=\"text-align: center\"><strong>Telefone:<\/strong><strong>(61) 3363-1877<span style=\"color: #008080\"><em><br \/>\n<\/em><\/span><\/strong><\/p>\n<h3 style=\"text-align: center\"><strong>Siga\u00a0 a r\u00e1dio Can\u00e7\u00e3o Nova nossas redes sociais!<\/strong><\/h3>\n<p style=\"text-align: center\"><a href=\"https:\/\/www.facebook.com\/radiocancaonovadf\"><strong>Facebook<\/strong><\/a><\/p>\n<p style=\"text-align: center\"><a href=\"https:\/\/twitter.com\/cnbrasilia\"><strong>Twitter<\/strong><\/a><\/p>\n<p style=\"text-align: center\"><strong><a href=\"http:\/\/www.instagram.com\/radiocancaonovabrasilia\/\" target=\"_blank\" rel=\"noopener\">Instagram<\/a><\/strong><\/p>\n<p style=\"text-align: center\"><a href=\"https:\/\/wa.me\/556133228291\" target=\"_blank\" rel=\"noopener\"><strong>Fale conosco no whatsapp<\/strong><\/a><\/p>\n<p style=\"text-align: center\"><a title=\"tvcnbrasilia.jpg\" href=\"http:\/\/blog.cancaonova.com\/brasilia\/files\/2008\/07\/tvcnbrasilia.jpg\"><img decoding=\"async\" src=\"http:\/\/blog.cancaonova.com\/brasilia\/files\/2008\/07\/tvcnbrasilia.jpg\" alt=\"tvcnbrasilia.jpg\" \/><\/a><\/p>\n<p style=\"text-align: center\">\n<p style=\"text-align: center\">******<\/p>\n<p style=\"text-align: center\"><em>Deus\u00a0prometeu e cumpriu. O que antes era sonho, agora \u00e9 a mais bela verdade!<\/em><\/p>\n<p style=\"text-align: center\"><strong>\u00c9 A CAN\u00c7\u00c3O NOVA NO CORA\u00c7\u00c3O DO BRASIL!<\/strong><\/p>\n","protected":false},"excerpt":{"rendered":"<p>Siga nossas redes sociais! Facebook Twitter Instagram Visite nossa LOJA e BAZAR CAN\u00c7\u00c3O NOVA\u00a0 aqui em Bras\u00edlia! 704\/705 BL B Loja 01 &#8211; Asa Norte Telefone e WhatsApp (61) 3322 82 91 ****** Conhe\u00e7a tamb\u00e9m nossa TV e R\u00e1dio SAAN,&#8230;<\/p>\n","protected":false},"author":1361,"featured_media":0,"parent":0,"menu_order":0,"comment_status":"closed","ping_status":"closed","template":"","meta":{"_mi_skip_tracking":false,"_monsterinsights_sitenote_active":false,"_monsterinsights_sitenote_note":"","_monsterinsights_sitenote_category":0,"footnotes":""},"_links":{"self":[{"href":"https:\/\/blog.cancaonova.com\/brasilia\/wp-json\/wp\/v2\/pages\/2251"}],"collection":[{"href":"https:\/\/blog.cancaonova.com\/brasilia\/wp-json\/wp\/v2\/pages"}],"about":[{"href":"https:\/\/blog.cancaonova.com\/brasilia\/wp-json\/wp\/v2\/types\/page"}],"author":[{"embeddable":true,"href":"https:\/\/blog.cancaonova.com\/brasilia\/wp-json\/wp\/v2\/users\/1361"}],"replies":[{"embeddable":true,"href":"https:\/\/blog.cancaonova.com\/brasilia\/wp-json\/wp\/v2\/comments?post=2251"}],"version-history":[{"count":30,"href":"https:\/\/blog.cancaonova.com\/brasilia\/wp-json\/wp\/v2\/pages\/2251\/revisions"}],"predecessor-version":[{"id":13443,"href":"https:\/\/blog.cancaonova.com\/brasilia\/wp-json\/wp\/v2\/pages\/2251\/revisions\/13443"}],"wp:attachment":[{"href":"https:\/\/blog.cancaonova.com\/brasilia\/wp-json\/wp\/v2\/media?parent=2251"}],"curies":[{"name":"wp","href":"https:\/\/api.w.org\/{rel}","templated":true}]}}