{"id":5854,"date":"2014-05-23T16:30:30","date_gmt":"2014-05-23T19:30:30","guid":{"rendered":"http:\/\/blog.cancaonova.com\/campos\/?page_id=5854"},"modified":"2019-07-08T14:15:25","modified_gmt":"2019-07-08T17:15:25","slug":"caravanas-para-acampamentos-em-cachoeira-paulista","status":"publish","type":"page","link":"https:\/\/blog.cancaonova.com\/campos\/caravanas-para-acampamentos-em-cachoeira-paulista\/","title":{"rendered":"Caravanas"},"content":{"rendered":"<h3><a href=\"http:\/\/blog.cancaonova.com\/campos\/files\/2014\/05\/AGENDA-2018-2.png\"><img loading=\"lazy\" decoding=\"async\" class=\"alignleft size-full wp-image-9211\" src=\"http:\/\/blog.cancaonova.com\/campos\/files\/2014\/05\/AGENDA-2018-2.png\" alt=\"\" width=\"3000\" height=\"1055\" srcset=\"https:\/\/blog.cancaonova.com\/campos\/files\/2014\/05\/AGENDA-2018-2.png 3000w, https:\/\/blog.cancaonova.com\/campos\/files\/2014\/05\/AGENDA-2018-2-300x106.png 300w, https:\/\/blog.cancaonova.com\/campos\/files\/2014\/05\/AGENDA-2018-2-768x270.png 768w\" sizes=\"(max-width: 3000px) 100vw, 3000px\" \/><\/a><\/h3>\n<h3>&nbsp;<\/h3>\n<h3 style=\"text-align: center\"><span style=\"color: #993300\"><strong>J\u00e1 visitou a Can\u00e7\u00e3o Nova em Cachoeira Paulista?<\/strong><\/span><\/h3>\n<p style=\"text-align: center\">Com cerca de 372 mil m\u00b2, a sede da Can\u00e7\u00e3o Nova, em Cachoeira Paulista (SP), conta com o Centro de Evangeliza\u00e7\u00e3o Dom Jo\u00e3o Hip\u00f3lito de Moraes (para 70 mil pessoas); o Rinc\u00e3o do Meu Senhor (para 4 mil pessoas); e o Audit\u00f3rio S\u00e3o Paulo (para 700 pessoas). A sede tamb\u00e9m abriga&nbsp;capelas, posto m\u00e9dico, escola, restaurante, padaria, lanchonete, postos banc\u00e1rios, lojas de artigos religiosos, pousada, \u00e1rea de camping, pr\u00e9dios administrativos e obras sociais.<\/p>\n<p style=\"text-align: center\">A m\u00e9dia de acampamentos \u00e9 18 por ano \u2013 sem contar com os&nbsp;Kair\u00f3s aos domingos e as Quintas-feiras de Adora\u00e7\u00e3o. Este &#8216;pedacinho do c\u00e9u&#8217; (como \u00e9 carinhosamente chamado&nbsp;pela fam\u00edlia Can\u00e7\u00e3o Nova) recebe em torno de 550 mil peregrinos anualmente.<\/p>\n<p style=\"text-align: center\">A Miss\u00e3o da Can\u00e7\u00e3o Nova em Campos dos Goytacazes n\u00e3o&nbsp;organiza Caravanas para os Acampamentos de Ora\u00e7\u00e3o em Cachoeira Paulista, por\u00e9m&nbsp;conta com v\u00e1rios Coordenadores de Caravanas que promovem essas viagens. Entre em contato com eles e obtenha as informa\u00e7\u00f5es.<\/p>\n<p><strong>Zilda Fraga &#8211; (22) 99977-1561<\/strong><\/p>\n<p><strong>Zezinho &#8211; (22) 99717-3131<\/strong><\/p>\n<p><strong>Egilda &#8211; (22) 2725-7656<\/strong><\/p>\n<p><strong>Juliana &#8211; (22) 99994-6084<\/strong><\/p>\n<p><a href=\"http:\/\/blog.cancaonova.com\/campos\/files\/2014\/05\/card-caravana-zilda.jpg\"><img loading=\"lazy\" decoding=\"async\" class=\"aligncenter size-full wp-image-9723\" src=\"http:\/\/blog.cancaonova.com\/campos\/files\/2014\/05\/card-caravana-zilda.jpg\" alt=\"\" width=\"690\" height=\"503\" srcset=\"https:\/\/blog.cancaonova.com\/campos\/files\/2014\/05\/card-caravana-zilda.jpg 690w, https:\/\/blog.cancaonova.com\/campos\/files\/2014\/05\/card-caravana-zilda-300x219.jpg 300w\" sizes=\"(max-width: 690px) 100vw, 690px\" \/><\/a><\/p>\n","protected":false},"excerpt":{"rendered":"<p>&nbsp; J\u00e1 visitou a Can\u00e7\u00e3o Nova em Cachoeira Paulista? Com cerca de 372 mil m\u00b2, a sede da Can\u00e7\u00e3o Nova, em Cachoeira Paulista (SP), conta com o Centro de Evangeliza\u00e7\u00e3o Dom Jo\u00e3o Hip\u00f3lito de Moraes (para 70 mil pessoas); o&#8230;<\/p>\n","protected":false},"author":971,"featured_media":0,"parent":0,"menu_order":0,"comment_status":"open","ping_status":"open","template":"","meta":{"footnotes":""},"_links":{"self":[{"href":"https:\/\/blog.cancaonova.com\/campos\/wp-json\/wp\/v2\/pages\/5854"}],"collection":[{"href":"https:\/\/blog.cancaonova.com\/campos\/wp-json\/wp\/v2\/pages"}],"about":[{"href":"https:\/\/blog.cancaonova.com\/campos\/wp-json\/wp\/v2\/types\/page"}],"author":[{"embeddable":true,"href":"https:\/\/blog.cancaonova.com\/campos\/wp-json\/wp\/v2\/users\/971"}],"replies":[{"embeddable":true,"href":"https:\/\/blog.cancaonova.com\/campos\/wp-json\/wp\/v2\/comments?post=5854"}],"version-history":[{"count":15,"href":"https:\/\/blog.cancaonova.com\/campos\/wp-json\/wp\/v2\/pages\/5854\/revisions"}],"predecessor-version":[{"id":9724,"href":"https:\/\/blog.cancaonova.com\/campos\/wp-json\/wp\/v2\/pages\/5854\/revisions\/9724"}],"wp:attachment":[{"href":"https:\/\/blog.cancaonova.com\/campos\/wp-json\/wp\/v2\/media?parent=5854"}],"curies":[{"name":"wp","href":"https:\/\/api.w.org\/{rel}","templated":true}]}}