{"id":9152,"date":"2018-02-24T16:35:27","date_gmt":"2018-02-24T19:35:27","guid":{"rendered":"http:\/\/blog.cancaonova.com\/campos\/?page_id=9152"},"modified":"2021-05-05T18:44:22","modified_gmt":"2021-05-05T21:44:22","slug":"nossa-historia","status":"publish","type":"page","link":"https:\/\/blog.cancaonova.com\/campos\/nossa-historia\/","title":{"rendered":"NOSSA HIST\u00d3RIA"},"content":{"rendered":"<h2 style=\"text-align: center\"><a href=\"http:\/\/blog.cancaonova.com\/campos\/files\/2008\/11\/2016_FS_MonsJonasAbib1.jpg\" target=\"_blank\" rel=\"noopener\"><img loading=\"lazy\" decoding=\"async\" class=\"aligncenter wp-image-9114 size-full\" src=\"http:\/\/blog.cancaonova.com\/campos\/files\/2008\/11\/2016_FS_MonsJonasAbib1.jpg\" alt=\"\" width=\"800\" height=\"533\" srcset=\"https:\/\/blog.cancaonova.com\/campos\/files\/2008\/11\/2016_FS_MonsJonasAbib1.jpg 800w, https:\/\/blog.cancaonova.com\/campos\/files\/2008\/11\/2016_FS_MonsJonasAbib1-300x200.jpg 300w, https:\/\/blog.cancaonova.com\/campos\/files\/2008\/11\/2016_FS_MonsJonasAbib1-768x512.jpg 768w\" sizes=\"(max-width: 800px) 100vw, 800px\" \/><\/a><\/h2>\n<h4 style=\"text-align: center\"><strong><span style=\"color: #800000\">Monsenhor Jonas Abib \u2013 Fundador da Comunidade Can\u00e7\u00e3o Nova<\/span><\/strong><\/h4>\n<p><strong>\u201cFa\u00e7a alguma coisa\u201d<\/strong>. Esse chamado feito h\u00e1 mais de tr\u00eas d\u00e9cadas ao monsenhor Jonas Abib por Dom Ant\u00f4nio Afonso de Miranda, bispo em\u00e9rito de Taubat\u00e9 (SP), ecoa forte e instigante at\u00e9 os dias de hoje, n\u00e3o s\u00f3 dentro de cora\u00e7\u00f5es e mentes dos membros da Can\u00e7\u00e3o Nova, mas para muito al\u00e9m dos limites geogr\u00e1ficos da Ch\u00e1cara Santa Cruz \u2013 a sede desta comunidade ligada ao Movimento Cat\u00f3lico Carism\u00e1tico;<\/p>\n<p>Essa aventura de f\u00e9 come\u00e7ou a ser escrita, em 1978, por 12 jovens liderados por um padre salesiano de testemunho de vida exemplar. E continua sendo constru\u00edda todos os dias por mais de mil membros \u2013 a maioria an\u00f4nima \u2013 entre sacerdotes, seminaristas, leigos, celibat\u00e1rios, casados, homens, mulheres, pais, m\u00e3es e filhos de diferentes idades, profiss\u00f5es, origens e nacionalidades.<\/p>\n<p>A hist\u00f3ria da Can\u00e7\u00e3o Nova, n\u00e3o por acaso, se confunde com a vida e o minist\u00e9rio desse l\u00edder religioso, que se tornou seminarista salesiano em Lorena (SP); depois cantor, m\u00fasico e compositor de talento para se curar de uma gagueira e para lhe ser \u00fatil na evangeliza\u00e7\u00e3o. Tornando-se tamb\u00e9m animador de jovens em retiros espirituais e, por fim, o fundador e o grande timoneiro espiritual dessa comunidade cat\u00f3lica atuante, na qual pessoas, de diferentes estados de vida, vivem em sadia conviv\u00eancia com a miss\u00e3o de evangelizar.<\/p>\n<p><strong>CHAMADO INSPIRADOR<br \/>\n<\/strong><\/p>\n<p><a href=\"http:\/\/blog.cancaonova.com\/campos\/files\/2018\/02\/texto-monsenhor-1.png\"><img loading=\"lazy\" decoding=\"async\" class=\"aligncenter wp-image-9897\" src=\"http:\/\/blog.cancaonova.com\/campos\/files\/2018\/02\/texto-monsenhor-1.png\" alt=\"\" width=\"548\" height=\"269\" srcset=\"https:\/\/blog.cancaonova.com\/campos\/files\/2018\/02\/texto-monsenhor-1.png 885w, https:\/\/blog.cancaonova.com\/campos\/files\/2018\/02\/texto-monsenhor-1-300x147.png 300w, https:\/\/blog.cancaonova.com\/campos\/files\/2018\/02\/texto-monsenhor-1-768x377.png 768w, https:\/\/blog.cancaonova.com\/campos\/files\/2018\/02\/texto-monsenhor-1-150x75.png 150w\" sizes=\"(max-width: 548px) 100vw, 548px\" \/><\/a><\/p>\n<p>A partir de um encontro, em 1976, com Dom Ant\u00f4nio Afonso de Miranda, na \u00e9poca bispo de Lorena (SP), nasceram as bases evangelizadoras da Can\u00e7\u00e3o Nova. Chamado ao escrit\u00f3rio episcopal, padre Jonas, ent\u00e3o com 37 anos, recebeu a miss\u00e3o de colocar em pr\u00e1tica a Exorta\u00e7\u00e3o Apost\u00f3lica \u201cEvangelii Nuntiandi\u201d: Evangeliza\u00e7\u00e3o no Mundo Contempor\u00e2neo, assinado pelo Papa Paulo IV em 8 de dezembro e publicado em 21 de dezembro de 1975. O Santo Padre reconhecia no item 44 desse documento que \u201cos batizados n\u00e3o s\u00e3o evangelizados\u201d.<\/p>\n<p>Ao apresent\u00e1-lo para o padre Jonas, Dom Ant\u00f4nio disse: \u201c\u00c9 hora de evangelizar porque os batizados n\u00e3o s\u00e3o evangelizados. Como voc\u00ea trabalha com jovens, comece com eles. Fa\u00e7a alguma coisa!\u201d. O item 45 do mesmo documento \u2013 o de levar a Boa Nova a milh\u00f5es de pessoas por interm\u00e9dio dos meios de comunica\u00e7\u00e3o \u2013 tamb\u00e9m acabaria por inspirar o surgimento do Sistema Can\u00e7\u00e3o Nova de Comunica\u00e7\u00e3o.<\/p>\n<p>Tudo o que a Can\u00e7\u00e3o Nova \u00e9 hoje nasceu desse documento pontif\u00edcio sobre a evangeliza\u00e7\u00e3o e de uma experi\u00eancia concreta disso [evangeliza\u00e7\u00e3o]. Dom Ant\u00f4nio foi enviado pelo Senhor para definir as coisas, mas n\u00e3o imaginava o alcance do que estava fazendo: Deus j\u00e1 estava usando algumas pessoas como instrumento.<\/p>\n<p>Hoje, em Campos dos Goytacazes, a Can\u00e7\u00e3o Nova tem 9 mission\u00e1rios do Segundo Elo.<\/p>\n<p>A Can\u00e7\u00e3o Nova veio para Campos no dia 03 de Fevereiro de 2004, com o objetivo de evangelizar toda a regi\u00e3o Norte Fluminense, atrav\u00e9s da R\u00e1dio e dos encontros. Viemos a convite do Bispo, D. Roberto Gomes Guimar\u00e3es.<\/p>\n","protected":false},"excerpt":{"rendered":"<p>Monsenhor Jonas Abib \u2013 Fundador da Comunidade Can\u00e7\u00e3o Nova \u201cFa\u00e7a alguma coisa\u201d. Esse chamado feito h\u00e1 mais de tr\u00eas d\u00e9cadas ao monsenhor Jonas Abib por Dom Ant\u00f4nio Afonso de Miranda, bispo em\u00e9rito de Taubat\u00e9 (SP), ecoa forte e instigante at\u00e9&#8230;<\/p>\n","protected":false},"author":971,"featured_media":0,"parent":0,"menu_order":0,"comment_status":"closed","ping_status":"closed","template":"","meta":{"footnotes":""},"_links":{"self":[{"href":"https:\/\/blog.cancaonova.com\/campos\/wp-json\/wp\/v2\/pages\/9152"}],"collection":[{"href":"https:\/\/blog.cancaonova.com\/campos\/wp-json\/wp\/v2\/pages"}],"about":[{"href":"https:\/\/blog.cancaonova.com\/campos\/wp-json\/wp\/v2\/types\/page"}],"author":[{"embeddable":true,"href":"https:\/\/blog.cancaonova.com\/campos\/wp-json\/wp\/v2\/users\/971"}],"replies":[{"embeddable":true,"href":"https:\/\/blog.cancaonova.com\/campos\/wp-json\/wp\/v2\/comments?post=9152"}],"version-history":[{"count":6,"href":"https:\/\/blog.cancaonova.com\/campos\/wp-json\/wp\/v2\/pages\/9152\/revisions"}],"predecessor-version":[{"id":9898,"href":"https:\/\/blog.cancaonova.com\/campos\/wp-json\/wp\/v2\/pages\/9152\/revisions\/9898"}],"wp:attachment":[{"href":"https:\/\/blog.cancaonova.com\/campos\/wp-json\/wp\/v2\/media?parent=9152"}],"curies":[{"name":"wp","href":"https:\/\/api.w.org\/{rel}","templated":true}]}}