{"id":9247,"date":"2018-02-25T15:20:19","date_gmt":"2018-02-25T18:20:19","guid":{"rendered":"http:\/\/blog.cancaonova.com\/campos\/?page_id=9247"},"modified":"2022-08-06T11:51:01","modified_gmt":"2022-08-06T14:51:01","slug":"clubedaevangelizacao","status":"publish","type":"page","link":"https:\/\/blog.cancaonova.com\/campos\/clubedaevangelizacao\/","title":{"rendered":"Clube da Evangeliza\u00e7\u00e3o"},"content":{"rendered":"<p><a href=\"http:\/\/blog.cancaonova.com\/campos\/files\/2018\/02\/SIMBOLO-CLUBE.jpg\"><img loading=\"lazy\" decoding=\"async\" class=\"aligncenter wp-image-9803\" src=\"http:\/\/blog.cancaonova.com\/campos\/files\/2018\/02\/SIMBOLO-CLUBE.jpg\" alt=\"\" width=\"197\" height=\"179\" srcset=\"https:\/\/blog.cancaonova.com\/campos\/files\/2018\/02\/SIMBOLO-CLUBE.jpg 662w, https:\/\/blog.cancaonova.com\/campos\/files\/2018\/02\/SIMBOLO-CLUBE-300x272.jpg 300w\" sizes=\"(max-width: 197px) 100vw, 197px\" \/><\/a><\/p>\n<div id=\"pl-37\" class=\"panel-layout\">\n<div id=\"pg-37-0\" class=\"panel-grid panel-no-style\">\n<div id=\"pgc-37-0-0\" class=\"panel-grid-cell\">\n<div id=\"panel-37-0-0-0\" class=\"so-panel widget widget_sow-editor panel-first-child panel-last-child\">\n<div class=\"so-widget-sow-editor so-widget-sow-editor-base\">\n<div class=\"siteorigin-widget-tinymce textwidget\">\n<p><strong>Hist\u00f3ria do Clube da Evangeliza\u00e7\u00e3o<\/strong><\/p>\n<p>Implantado desde o in\u00edcio das atividades da R\u00e1dio Can\u00e7\u00e3o Nova, em 1980, primeiro meio de comunica\u00e7\u00e3o do Sistema CN de Comunica\u00e7\u00e3o, o Clube da Evangeliza\u00e7\u00e3o se chamava Clube do Ouvinte e tinha o desafio de manter uma programa\u00e7\u00e3o saud\u00e1vel sem a utiliza\u00e7\u00e3o de publicidade comercial, contando apenas com a contribui\u00e7\u00e3o de seus s\u00f3cios ouvintes da R\u00e1dio CN, hoje chamados de s\u00f3cios evangelizadores.<\/p>\n<p>Desta forma, o Clube da Evangeliza\u00e7\u00e3o passou a ser um grande patrim\u00f4nio da Can\u00e7\u00e3o Nova. Ele \u00e9 o departamento respons\u00e1vel a tudo que se refere aos s\u00f3cios evangelizadores desta obra de Deus, que s\u00e3o canal da provid\u00eancia divina dos diversos meios e atividades da Can\u00e7\u00e3o Nova, como o Sistema de Comunica\u00e7\u00e3o Can\u00e7\u00e3o Nova (TV Can\u00e7\u00e3o Nova, R\u00e1dio Can\u00e7\u00e3o Nova AM e FM, o Portal Can\u00e7\u00e3o Nova e a Revista Can\u00e7\u00e3o Nova Kids), a Rede de Desenvolvimento Social (com projetos de assist\u00eancia social, sa\u00fade, lazer e educa\u00e7\u00e3o), Frentes de Miss\u00e3o (sendo 21 frentes de miss\u00e3o espalhadas em todo o Brasil) e os eventos (acampamentos de ora\u00e7\u00e3o, kair\u00f3s, shows, coberturas de encontros nacionais e internacionais de eventos eclesiais, entre outros).<\/p>\n<p><strong>Evolu\u00e7\u00e3o da Comunica\u00e7\u00e3o<\/strong><\/p>\n<p>Monsenhor Jonas baseou-se nas palavras do Papa Paulo VI na Exorta\u00e7\u00e3o Apost\u00f3lica\u00a0<em>Evangelli Nuntiandi<\/em>: \u201cPostos ao servi\u00e7o do Evangelho, tais meios s\u00e3o suscept\u00edveis de ampliar, quase at\u00e9 ao infinito, o campo para poder ser ouvida a Palavra de Deus e fazem com que a Boa Nova chegue a milh\u00f5es de pessoas\u201d, para dar in\u00edcio \u00e0 semente da nova evangeliza\u00e7\u00e3o, a qual se tornaria mais tarde a base para a funda\u00e7\u00e3o da Comunidade Can\u00e7\u00e3o Nova.<\/p>\n<p>Assim, a Can\u00e7\u00e3o Nova, que possu\u00eda apenas uma r\u00e1dio no in\u00edcio, com o passar do tempo, passou a contar com um Sistema de Comunica\u00e7\u00e3o composto por R\u00e1dio, TV, internet, DAVI (Departamento de Audiovisuais CN) revistas e eventos. Assim, deparou-se com a necessidade de adequar a realidade do Clube do Ouvinte \u00e0 nova realidade que a Can\u00e7\u00e3o Nova vivia dentro da sua miss\u00e3o. Foi desta forma que surgiu o nome Clube da Evangeliza\u00e7\u00e3o.<\/p>\n<p><strong>Objetivo do Clube da Evangeliza\u00e7\u00e3o<\/strong><\/p>\n<p>O Clube da Evangeliza\u00e7\u00e3o Can\u00e7\u00e3o Nova \u00e9 respons\u00e1vel pelo relacionamento com os s\u00f3cios evangelizadores. Por meio de doa\u00e7\u00f5es mensais e espont\u00e2neas, esses s\u00f3cios garantem a manuten\u00e7\u00e3o do Sistema Can\u00e7\u00e3o de Comunica\u00e7\u00e3o, fazendo com que a miss\u00e3o de Evangelizar pelos meios de comunica\u00e7\u00e3o seja cumprida.<\/p>\n<p>O s\u00f3cio evangelizador recebe em sua casa, todos os meses, a Revista Can\u00e7\u00e3o Nova, com conte\u00fados de informa\u00e7\u00e3o e forma\u00e7\u00e3o crist\u00e3. Esta \u00e9 mais uma forma de agradecermos o compromisso e fidelidade de todas as pessoas que nos ajudam por meio de suas doa\u00e7\u00f5es, para que possamos evangelizar cada vez mais.<\/p>\n<\/div>\n<p><a href=\"http:\/\/blog.cancaonova.com\/campos\/files\/2009\/01\/bancos1-3.jpg\"><img loading=\"lazy\" decoding=\"async\" class=\"aligncenter size-full wp-image-9745\" src=\"http:\/\/blog.cancaonova.com\/campos\/files\/2009\/01\/bancos1-3.jpg\" alt=\"\" width=\"600\" height=\"350\" srcset=\"https:\/\/blog.cancaonova.com\/campos\/files\/2009\/01\/bancos1-3.jpg 600w, https:\/\/blog.cancaonova.com\/campos\/files\/2009\/01\/bancos1-3-300x175.jpg 300w\" sizes=\"(max-width: 600px) 100vw, 600px\" \/><\/a><\/p>\n<p><strong>OUTRA FORMA DE DOA\u00c7\u00c3O \u00c9 PELO PIX:<\/strong><\/p>\n<div class=\"wp-menu-arrow\">\u00a0O PIX \u00e9 um meio de pagamento eletr\u00f4nico lan\u00e7ado recentemente no Brasil, e com ele voc\u00ea consegue transferir a sua doa\u00e7\u00e3o para a Can\u00e7\u00e3o Nova em tempo real e sem a cobran\u00e7a de nenhuma taxa extra por isso. Mais uma forma r\u00e1pida, simples e segura de ajudar na evangeliza\u00e7\u00e3o.<\/div>\n<p>Voc\u00ea ser\u00e1 direcionado\u00a0para a p\u00e1gina com as op\u00e7\u00f5es de doa\u00e7\u00e3o: cart\u00e3o, boleto e agora tamb\u00e9m o PIX! Ao selecionar o PIX, aparecer\u00e1 um link, basta copi\u00e1-lo ou escanear o QR Code, col\u00e1-lo na \u00e1rea do PIX do aplicativo do seu banco e escolher o valor da \u00a0doa\u00e7\u00e3o.<\/p>\n<p>Se desejar doar diretamente, utilize a chave: pix.doacao@cancaonova.com.\u00a0Confira se o benefici\u00e1rio est\u00e1 como\u00a0<strong>R\u00e1dio Can\u00e7\u00e3o Nova<\/strong>\u00a0para confirmar sua doa\u00e7\u00e3o.<\/p>\n<p>https:\/\/secure.cancaonova.com\/da\/?app=boleto-online<\/p>\n<p>Pronto! \u00c9 simples e r\u00e1pido, e sua doa\u00e7\u00e3o para a Can\u00e7\u00e3o Nova acontece na hora.<\/p>\n<p>Quem opta por essa modalidade de doa\u00e7\u00e3o, deve encaminhar seu comprovante para o WhatsApp 12 99135-1200.<\/p>\n<p>Voc\u00ea ainda pode doar pelo PIX atrav\u00e9s dos aplicativos da Can\u00e7\u00e3o Nova.<\/p>\n<p>Em caso de d\u00favidas, entre em contato conosco pelo (12) 3186-2600 ou pelo email\u00a0<a href=\"mailto:clube@cancaonova.com\">clube@cancaonova.com<\/a>.<\/p>\n<p>Ajude a Can\u00e7\u00e3o Nova na miss\u00e3o de evangelizar!<\/p>\n<p><strong>Clube da Evangeliza\u00e7\u00e3o<\/strong><br \/>\n<strong>Sua f\u00e9 transformando vidas!<\/strong><\/p>\n<\/div>\n<\/div>\n<\/div>\n<\/div>\n<\/div>\n","protected":false},"excerpt":{"rendered":"<p>Hist\u00f3ria do Clube da Evangeliza\u00e7\u00e3o Implantado desde o in\u00edcio das atividades da R\u00e1dio Can\u00e7\u00e3o Nova, em 1980, primeiro meio de comunica\u00e7\u00e3o do Sistema CN de Comunica\u00e7\u00e3o, o Clube da Evangeliza\u00e7\u00e3o se chamava Clube do Ouvinte e tinha o desafio de&#8230;<\/p>\n","protected":false},"author":971,"featured_media":0,"parent":0,"menu_order":0,"comment_status":"closed","ping_status":"closed","template":"","meta":{"footnotes":""},"_links":{"self":[{"href":"https:\/\/blog.cancaonova.com\/campos\/wp-json\/wp\/v2\/pages\/9247"}],"collection":[{"href":"https:\/\/blog.cancaonova.com\/campos\/wp-json\/wp\/v2\/pages"}],"about":[{"href":"https:\/\/blog.cancaonova.com\/campos\/wp-json\/wp\/v2\/types\/page"}],"author":[{"embeddable":true,"href":"https:\/\/blog.cancaonova.com\/campos\/wp-json\/wp\/v2\/users\/971"}],"replies":[{"embeddable":true,"href":"https:\/\/blog.cancaonova.com\/campos\/wp-json\/wp\/v2\/comments?post=9247"}],"version-history":[{"count":16,"href":"https:\/\/blog.cancaonova.com\/campos\/wp-json\/wp\/v2\/pages\/9247\/revisions"}],"predecessor-version":[{"id":10216,"href":"https:\/\/blog.cancaonova.com\/campos\/wp-json\/wp\/v2\/pages\/9247\/revisions\/10216"}],"wp:attachment":[{"href":"https:\/\/blog.cancaonova.com\/campos\/wp-json\/wp\/v2\/media?parent=9247"}],"curies":[{"name":"wp","href":"https:\/\/api.w.org\/{rel}","templated":true}]}}