{"id":2,"date":"2019-03-01T16:08:43","date_gmt":"2019-03-01T19:08:43","guid":{"rendered":"http:\/\/blog.cancaonova.com\/postopadrepio\/?page_id=2"},"modified":"2025-01-02T13:53:26","modified_gmt":"2025-01-02T16:53:26","slug":"quem-somos","status":"publish","type":"page","link":"https:\/\/blog.cancaonova.com\/centromedicopadrepio\/quem-somos\/","title":{"rendered":"Quem somos?"},"content":{"rendered":"<p>O Centro M\u00e9dico Padre Pio nasceu h\u00e1 28 anos da necessidade de atender os peregrinos que vinham a Cachoeira Paulista durante os acampamentos, j\u00e1 que os servi\u00e7os de sa\u00fade oferecidos pelo munic\u00edpio n\u00e3o comportavam a demanda de atendimentos nesses finais de semana em que a FJPII \u2013 Can\u00e7\u00e3o Nova recebia grande quantidade de visitantes. Posteriormente, mediante a realidade da regi\u00e3o onde se encontra, abriu suas portas com o nome de Posto M\u00e9dico Padre Pio para atender a popula\u00e7\u00e3o que se encontra em situa\u00e7\u00e3o de vulnerabilidade social.<\/p>\n<p>No ano de 2019, diante da amplia\u00e7\u00e3o dos servi\u00e7os, o Posto M\u00e9dico passou a ser considerado no cadastro nacional de estabelecimentos de sa\u00fade (CNES) como policl\u00ednica e agora \u00e9 o CENTRO M\u00c9DICO PE PIO. Um novo cap\u00edtulo na hist\u00f3ria do trabalho desenvolvido pela \u00e1rea da Sa\u00fade, da Rede de Desenvolvimento Social Can\u00e7\u00e3o Nova.<\/p>\n<p>Uma grande conquista que proporcionar\u00e1 \u00e0 popula\u00e7\u00e3o local atendimentos com profissionais qualificados e empenhados em cuidar com amor e dedica\u00e7\u00e3o, acolhendo aqueles que necessitam com respeito e dignidade como merecem.Temos por objetivo prestar atendimento de qualidade e gratuito \u00e0 popula\u00e7\u00e3o de Cachoeira Paulista e regi\u00e3o, al\u00e9m de acolher os peregrinos que visitam a sede da Can\u00e7\u00e3o Nova.<\/p>\n<p>Com profissionais altamente qualificados, os atendimentos n\u00e3o se baseiam apenas em encontrar o diagn\u00f3stico e trat\u00e1-lo, mas tamb\u00e9m no acolhimento com amor e aten\u00e7\u00e3o, buscando entender a situa\u00e7\u00e3o do paciente e sua realidade. Nosso diferencial \u00e9 ter como princ\u00edpio o respeito, o amor e o comprometimento de dar o melhor para os que nos procuram.<\/p>\n<p>Diante da diversidade de atendimentos oferecidos, hoje somos uma estrutura bem mais complexa que um Posto M\u00e9dico e \u00e9 necess\u00e1rio que assumamos a nossa identidade. Um centro m\u00e9dico abriga diversas instala\u00e7\u00f5es para oferecer diferentes servi\u00e7os de sa\u00fade de forma integrada e, \u00e9 assim que queremos crescer.<\/p>\n<p>&nbsp;<\/p>\n<p style=\"text-align: center\"><strong>Funcionamento:<br \/>\n<\/strong>Segunda-feira \u00e0 Sexta-feira<\/p>\n<p style=\"text-align: center\"><strong>Finais de semana e feriados:<\/strong><strong><br \/>\n<\/strong>Acompanha a agenda de eventos realizados na Can\u00e7\u00e3o Nova<\/p>\n<p>&nbsp;<\/p>\n<p>&nbsp;<\/p>\n","protected":false},"excerpt":{"rendered":"<p>O Centro M\u00e9dico Padre Pio nasceu h\u00e1 28 anos da necessidade de atender os peregrinos que vinham a Cachoeira Paulista durante os acampamentos, j\u00e1 que os servi\u00e7os de sa\u00fade oferecidos pelo munic\u00edpio n\u00e3o comportavam a demanda de atendimentos nesses finais&#8230;<\/p>\n","protected":false},"author":4724,"featured_media":0,"parent":0,"menu_order":0,"comment_status":"closed","ping_status":"closed","template":"","meta":{"_mi_skip_tracking":false,"_monsterinsights_sitenote_active":false,"_monsterinsights_sitenote_note":"","_monsterinsights_sitenote_category":0,"footnotes":""},"_links":{"self":[{"href":"https:\/\/blog.cancaonova.com\/centromedicopadrepio\/wp-json\/wp\/v2\/pages\/2"}],"collection":[{"href":"https:\/\/blog.cancaonova.com\/centromedicopadrepio\/wp-json\/wp\/v2\/pages"}],"about":[{"href":"https:\/\/blog.cancaonova.com\/centromedicopadrepio\/wp-json\/wp\/v2\/types\/page"}],"author":[{"embeddable":true,"href":"https:\/\/blog.cancaonova.com\/centromedicopadrepio\/wp-json\/wp\/v2\/users\/4724"}],"replies":[{"embeddable":true,"href":"https:\/\/blog.cancaonova.com\/centromedicopadrepio\/wp-json\/wp\/v2\/comments?post=2"}],"version-history":[{"count":21,"href":"https:\/\/blog.cancaonova.com\/centromedicopadrepio\/wp-json\/wp\/v2\/pages\/2\/revisions"}],"predecessor-version":[{"id":1641,"href":"https:\/\/blog.cancaonova.com\/centromedicopadrepio\/wp-json\/wp\/v2\/pages\/2\/revisions\/1641"}],"wp:attachment":[{"href":"https:\/\/blog.cancaonova.com\/centromedicopadrepio\/wp-json\/wp\/v2\/media?parent=2"}],"curies":[{"name":"wp","href":"https:\/\/api.w.org\/{rel}","templated":true}]}}

<p>O Centro Médico Padre Pio nasceu há 28 anos da necessidade de atender os peregrinos que vinham a Cachoeira Paulista durante os acampamentos, já que os serviços de saúde oferecidos pelo município não comportavam a demanda de atendimentos nesses finais de semana em que a FJPII – Canção Nova recebia grande quantidade de visitantes. Posteriormente, mediante a realidade da região onde se encontra, abriu suas portas com o nome de Posto Médico Padre Pio para atender a população que se encontra em situação de vulnerabilidade social.</p>
<p>No ano de 2019, diante da ampliação dos serviços, o Posto Médico passou a ser considerado no cadastro nacional de estabelecimentos de saúde (CNES) como policlínica e agora é o CENTRO MÉDICO PE PIO. Um novo capítulo na história do trabalho desenvolvido pela área da Saúde, da Rede de Desenvolvimento Social Canção Nova.</p>
<p>Uma grande conquista que proporcionará à população local atendimentos com profissionais qualificados e empenhados em cuidar com amor e dedicação, acolhendo aqueles que necessitam com respeito e dignidade como merecem.Temos por objetivo prestar atendimento de qualidade e gratuito à população de Cachoeira Paulista e região, além de acolher os peregrinos que visitam a sede da Canção Nova.</p>
<p>Com profissionais altamente qualificados, os atendimentos não se baseiam apenas em encontrar o diagnóstico e tratá-lo, mas também no acolhimento com amor e atenção, buscando entender a situação do paciente e sua realidade. Nosso diferencial é ter como princípio o respeito, o amor e o comprometimento de dar o melhor para os que nos procuram.</p>
<p>Diante da diversidade de atendimentos oferecidos, hoje somos uma estrutura bem mais complexa que um Posto Médico e é necessário que assumamos a nossa identidade. Um centro médico abriga diversas instalações para oferecer diferentes serviços de saúde de forma integrada e, é assim que queremos crescer.</p>
<p>&nbsp;</p>
<p style="text-align: center"><strong>Funcionamento:<br />
</strong>Segunda-feira à Sexta-feira</p>
<p style="text-align: center"><strong>Finais de semana e feriados:</strong><strong><br />
</strong>Acompanha a agenda de eventos realizados na Canção Nova</p>
<p>&nbsp;</p>
<p>&nbsp;</p>

<p>O Centro Médico Padre Pio nasceu há 28 anos da necessidade de atender os peregrinos que vinham a Cachoeira Paulista durante os acampamentos, já que os serviços de saúde oferecidos pelo município não comportavam a demanda de atendimentos nesses finais&#8230;</p>
