{"id":72,"date":"2019-04-17T15:14:32","date_gmt":"2019-04-17T18:14:32","guid":{"rendered":"http:\/\/blog.cancaonova.com\/postopadrepio\/?page_id=72"},"modified":"2025-05-14T10:43:46","modified_gmt":"2025-05-14T13:43:46","slug":"fonoaudiologia","status":"publish","type":"page","link":"https:\/\/blog.cancaonova.com\/centromedicopadrepio\/reabilitacao\/fonoaudiologia\/","title":{"rendered":"Fonoaudiologia"},"content":{"rendered":"<p><img loading=\"lazy\" decoding=\"async\" class=\"alignleft size-full wp-image-1650\" src=\"http:\/\/blog.cancaonova.com\/centromedicopadrepio\/files\/2025\/01\/Roberta-Fono-CMPP.png\" alt=\"\" width=\"1027\" height=\"678\" srcset=\"https:\/\/blog.cancaonova.com\/centromedicopadrepio\/files\/2025\/01\/Roberta-Fono-CMPP.png 1027w, https:\/\/blog.cancaonova.com\/centromedicopadrepio\/files\/2025\/01\/Roberta-Fono-CMPP-300x198.png 300w, https:\/\/blog.cancaonova.com\/centromedicopadrepio\/files\/2025\/01\/Roberta-Fono-CMPP-768x507.png 768w\" sizes=\"(max-width: 1027px) 100vw, 1027px\" \/><\/p>\n<p>O servi\u00e7o de fonoaudiologia oferecido no Centro M\u00e9dico Padre Pio, abrange a\u00e7\u00f5es preventivas, de identifica\u00e7\u00e3o, avalia\u00e7\u00e3o, tratamento e reabilita\u00e7\u00e3o no amplo contexto da comunica\u00e7\u00e3o humana, que inclui: audi\u00e7\u00e3o, fala, linguagem, leitura e escrita, voz, respira\u00e7\u00e3o, suc\u00e7\u00e3o, degluti\u00e7\u00e3o e mastiga\u00e7\u00e3o.<\/p>\n<p><span style=\"font-weight: 400\">Para o atendimento fonoaudiol\u00f3gico \u00e9 necess\u00e1rio ter encaminhamento, <\/span><span style=\"font-weight: 400\">agendar um hor\u00e1rio de avalia\u00e7\u00e3o, ap\u00f3s avalia\u00e7\u00e3o, o paciente \u00e9 inserido na lista de espera que \u00e9 atualizada conforme a disponibilidade da agenda. <\/span><\/p>\n<p><b>Para mais informa\u00e7\u00f5es:<\/b><\/p>\n<p>Os interessados dever\u00e3o entrar em contato: Telefone (12) 2122-9648<\/p>\n<h3 style=\"text-align: center\">Hor\u00e1rio de Atendimento ao P\u00fablico<\/h3>\n<p style=\"text-align: center\"><strong>Segunda e quarta:\u00a0<\/strong><br \/>\nDas 07h00 \u00e0s 13h00<\/p>\n","protected":false},"excerpt":{"rendered":"<p>O servi\u00e7o de fonoaudiologia oferecido no Centro M\u00e9dico Padre Pio, abrange a\u00e7\u00f5es preventivas, de identifica\u00e7\u00e3o, avalia\u00e7\u00e3o, tratamento e reabilita\u00e7\u00e3o no amplo contexto da comunica\u00e7\u00e3o humana, que inclui: audi\u00e7\u00e3o, fala, linguagem, leitura e escrita, voz, respira\u00e7\u00e3o, suc\u00e7\u00e3o, degluti\u00e7\u00e3o e mastiga\u00e7\u00e3o. Para&#8230;<\/p>\n","protected":false},"author":4724,"featured_media":0,"parent":35,"menu_order":0,"comment_status":"closed","ping_status":"closed","template":"","meta":{"_mi_skip_tracking":false,"_monsterinsights_sitenote_active":false,"_monsterinsights_sitenote_note":"","_monsterinsights_sitenote_category":0,"footnotes":""},"_links":{"self":[{"href":"https:\/\/blog.cancaonova.com\/centromedicopadrepio\/wp-json\/wp\/v2\/pages\/72"}],"collection":[{"href":"https:\/\/blog.cancaonova.com\/centromedicopadrepio\/wp-json\/wp\/v2\/pages"}],"about":[{"href":"https:\/\/blog.cancaonova.com\/centromedicopadrepio\/wp-json\/wp\/v2\/types\/page"}],"author":[{"embeddable":true,"href":"https:\/\/blog.cancaonova.com\/centromedicopadrepio\/wp-json\/wp\/v2\/users\/4724"}],"replies":[{"embeddable":true,"href":"https:\/\/blog.cancaonova.com\/centromedicopadrepio\/wp-json\/wp\/v2\/comments?post=72"}],"version-history":[{"count":19,"href":"https:\/\/blog.cancaonova.com\/centromedicopadrepio\/wp-json\/wp\/v2\/pages\/72\/revisions"}],"predecessor-version":[{"id":1664,"href":"https:\/\/blog.cancaonova.com\/centromedicopadrepio\/wp-json\/wp\/v2\/pages\/72\/revisions\/1664"}],"up":[{"embeddable":true,"href":"https:\/\/blog.cancaonova.com\/centromedicopadrepio\/wp-json\/wp\/v2\/pages\/35"}],"wp:attachment":[{"href":"https:\/\/blog.cancaonova.com\/centromedicopadrepio\/wp-json\/wp\/v2\/media?parent=72"}],"curies":[{"name":"wp","href":"https:\/\/api.w.org\/{rel}","templated":true}]}}

<p><img loading="lazy" decoding="async" class="alignleft size-full wp-image-1650" src="http://blog.cancaonova.com/centromedicopadrepio/files/2025/01/Roberta-Fono-CMPP.png" alt="" width="1027" height="678" srcset="https://blog.cancaonova.com/centromedicopadrepio/files/2025/01/Roberta-Fono-CMPP.png 1027w, https://blog.cancaonova.com/centromedicopadrepio/files/2025/01/Roberta-Fono-CMPP-300x198.png 300w, https://blog.cancaonova.com/centromedicopadrepio/files/2025/01/Roberta-Fono-CMPP-768x507.png 768w" sizes="(max-width: 1027px) 100vw, 1027px" /></p>
<p>O serviço de fonoaudiologia oferecido no Centro Médico Padre Pio, abrange ações preventivas, de identificação, avaliação, tratamento e reabilitação no amplo contexto da comunicação humana, que inclui: audição, fala, linguagem, leitura e escrita, voz, respiração, sucção, deglutição e mastigação.</p>
<p><span style="font-weight: 400">Para o atendimento fonoaudiológico é necessário ter encaminhamento, </span><span style="font-weight: 400">agendar um horário de avaliação, após avaliação, o paciente é inserido na lista de espera que é atualizada conforme a disponibilidade da agenda. </span></p>
<p><b>Para mais informações:</b></p>
<p>Os interessados deverão entrar em contato: Telefone (12) 2122-9648</p>
<h3 style="text-align: center">Horário de Atendimento ao Público</h3>
<p style="text-align: center"><strong>Segunda e quarta: </strong><br />
Das 07h00 às 13h00</p>

<p>O serviço de fonoaudiologia oferecido no Centro Médico Padre Pio, abrange ações preventivas, de identificação, avaliação, tratamento e reabilitação no amplo contexto da comunicação humana, que inclui: audição, fala, linguagem, leitura e escrita, voz, respiração, sucção, deglutição e mastigação. Para&#8230;</p>
