{"id":81,"date":"2016-05-05T16:09:53","date_gmt":"2016-05-05T19:09:53","guid":{"rendered":"http:\/\/blog.cancaonova.com\/conquista\/vocacional\/"},"modified":"2019-07-25T17:52:40","modified_gmt":"2019-07-25T20:52:40","slug":"vocacional","status":"publish","type":"page","link":"https:\/\/blog.cancaonova.com\/conquista\/vocacional\/","title":{"rendered":"Vocacional"},"content":{"rendered":"<p><!-- @page { margin: 2cm } P { margin-bottom: 0.21cm } --><\/p>\n<h4 align=\"center\"><img loading=\"lazy\" decoding=\"async\" class=\"aligncenter wp-image-17807 size-large\" src=\"http:\/\/blog.cancaonova.com\/conquista\/files\/2016\/05\/blog1-1-600x300.jpg\" alt=\"blog1\" width=\"600\" height=\"300\" srcset=\"https:\/\/blog.cancaonova.com\/conquista\/files\/2016\/05\/blog1-1-600x300.jpg 600w, https:\/\/blog.cancaonova.com\/conquista\/files\/2016\/05\/blog1-1-300x150.jpg 300w, https:\/\/blog.cancaonova.com\/conquista\/files\/2016\/05\/blog1-1-150x75.jpg 150w\" sizes=\"(max-width: 600px) 100vw, 600px\" \/><br \/>\n<strong><span style=\"color: #333333\"><span style=\"font-family: sans-serif\"><span style=\"font-size: medium\"><b><em>\u201c<\/em><em><b>Minha vida Jesus entreguei a Ti, e me comprometi a entregar por amor\u2026\u201d<\/b><\/em><\/b><\/span><\/span><\/span><\/strong><\/h4>\n<p>::<a href=\"http:\/\/blog.cancaonova.com\/vocacional\/a-vocacao-cancao-nova-2\/\"><strong>&nbsp;Entenda mais sobre a Voca\u00e7\u00e3o Nova<\/strong><\/a><\/p>\n<p>:: <a href=\"http:\/\/blog.cancaonova.com\/vocacional\/discernimento-vocacional\/\"><strong>O que \u00e9 o Discernimento Vocacional?<\/strong><\/a><\/p>\n<p>:: <a href=\"http:\/\/blog.cancaonova.com\/vocacional\/a-vocacao-cancao-nova-2\/\"><strong>Prega\u00e7\u00f5es relacionadas \u00e0 Voca\u00e7\u00e3o Can\u00e7\u00e3o Nova<\/strong><\/a><\/p>\n<p align=\"center\"><strong><span style=\"color: #333333\"><span style=\"font-family: sans-serif\"><span style=\"font-size: medium\"><b>O QUE \u00c9 EQUIPE VOCACIONAL?<\/b><\/span><\/span><\/span><\/strong><\/p>\n<p style=\"text-align: left\" align=\"center\"><span style=\"color: #333333\"><span style=\"font-family: sans-serif\"><span style=\"font-size: medium\">A Equipe Vocacional \u00e9 o departamento da Can\u00e7\u00e3o Nova que realiza o trabalho de discernimento vocacional com os candidatos a uma vida consagrada na Can\u00e7\u00e3o Nova.<\/span><\/span><\/span><\/p>\n<p align=\"justify\"><span style=\"color: #333333\"><span style=\"font-family: sans-serif\"><span style=\"font-size: medium\">2- COMO SURGIU A EQUIPE VOCACIONAL?<\/span><\/span><\/span><\/p>\n<p align=\"justify\"><span style=\"color: #333333\"><span style=\"font-family: sans-serif\"><span style=\"font-size: medium\">Surgiu da necessidade de fornecer um acompanhamento vocacional para os jovens que aspiravam uma vida em comunidade e sentiam-se atra\u00eddos pelo carisma Can\u00e7\u00e3o Nova. A partir da\u00ed come\u00e7amos um trabalho de discernimento vocacional com estes jovens. Com o n\u00famero crescente de pessoas se despertando para este chamado a se consagrarem a Deus na Can\u00e7\u00e3o Nova, vimos ent\u00e3o a necessidade de se criar uma Equipe que pudesse ajudar estes jovens.<\/span><\/span><\/span><\/p>\n<p align=\"justify\"><span style=\"color: #333333\"><span style=\"font-family: sans-serif\"><span style=\"font-size: medium\">3- COMO \u00c9 O TRABALHO DA EQUIPE?<\/span><\/span><\/span><\/p>\n<p align=\"justify\"><span style=\"color: #333333\"><span style=\"font-family: sans-serif\"><span style=\"font-size: medium\">Realizamos um trabalho de orienta\u00e7\u00e3o vocacional para os vocacionados \u00e0 Can\u00e7\u00e3o Nova, que vai desde o primeiro contato com a Equipe, quer seja por carta ou e-mail, at\u00e9 o processo de acompanhamento e discernimento vocacional com os encontros vocacionais que o candidato participa no decorrer do caminho vocacional.<\/span><\/span><\/span><\/p>\n<p align=\"justify\"><span style=\"color: #333333\"><span style=\"font-family: sans-serif\"><span style=\"font-size: medium\">4- COMO A PESSOA DEVE PROCEDER PARA FAZER ESTE ACOMPANHAMENTO VOCACIONAL?<\/span><\/span><\/span><\/p>\n<p align=\"justify\"><span style=\"color: #333333\"><span style=\"font-family: sans-serif\"><span style=\"font-size: medium\">O primeiro passo \u00e9 a pessoa escrever uma carta ou e-mail, fazendo seu pedido para iniciar o caminho de discernimento vocacional. Ap\u00f3s este pedido a Equipe Vocacional estar entrando em contato com o candidato fornecendo a ele as informa\u00e7\u00f5es sobre o caminho vocacional e os requisitos exigidos pela Equipe para o in\u00edcio do discernimento.<\/span><\/span><\/span><\/p>\n<p align=\"justify\"><span style=\"color: #333333\"><span style=\"font-family: sans-serif\"><span style=\"font-size: medium\">Preenchendo todos os requisitos, a pessoa inicia assim oficialmente o caminho de discernimento vocacional com a Can\u00e7\u00e3o Nova.<\/span><\/span><\/span><\/p>\n<p align=\"justify\"><span style=\"color: #333333\"><span style=\"font-family: sans-serif\"><span style=\"font-size: medium\">5- QUAIS AS ETAPAS DESTE CAMINHO?<\/span><\/span><\/span><\/p>\n<p align=\"justify\"><span style=\"color: #333333\"><span style=\"font-family: sans-serif\"><span style=\"font-size: medium\">A primeira etapa \u00e9 responder alguns question\u00e1rios e em seguida a pessoa&nbsp;passa por uma entrevista pessoal. Ap\u00f3s esta entrevista ela poder\u00e1 iniciar os encontros vocacionais.<\/span><\/span><\/span><\/p>\n<p align=\"justify\"><span style=\"color: #333333\"><span style=\"font-family: sans-serif\"><span style=\"font-size: medium\">6- QUAL A DURA\u00c7\u00c3O DESTE CAMINHO VOCACIONAL ?<\/span><\/span><\/span><\/p>\n<p align=\"justify\"><span style=\"color: #333333\"><span style=\"font-family: sans-serif\"><span style=\"font-size: medium\">Aproximadamente dois anos. S\u00e3o cinco encontros vocacionais por ano.<\/span><\/span><\/span><\/p>\n<p><span style=\"color: #333333\"><span style=\"font-family: sans-serif\"><span style=\"font-size: medium\">7- ONDE S\u00c3O REALIZADOS OS ENCONTROS?<\/span><\/span><\/span><\/p>\n<p align=\"justify\"><span style=\"color: #333333\"><span style=\"font-family: sans-serif\"><span style=\"font-size: medium\">Normalmente a pessoa faz os encontros vocacionais na Casa de Miss\u00e3o mais pr\u00f3xima a ela.<\/span><\/span><\/span><\/p>\n<p align=\"justify\"><span style=\"color: #333333\"><span style=\"font-family: sans-serif\"><span style=\"font-size: medium\">Informa\u00e7\u00f5es importantes: Depois de dois anos de caminho, e ao receber a aprova\u00e7\u00e3o da Equipe Vocacional e do Conselho da Comunidade a pessoa \u00e9 chamada a fazer a experi\u00eancia de 1 ano como Pr\u00e9-Disc\u00edpulo sendo avaliado mensalmente. Ap\u00f3s, faz-se, ent\u00e3o, a experi\u00eancia de 1 ano como Disc\u00edpulo em uma das nossas casas de forma\u00e7\u00e3o.<\/span><\/span><\/span><\/p>\n<p align=\"justify\"><span style=\"color: #333333\"><span style=\"font-family: sans-serif\"><span style=\"font-size: medium\">Como voc\u00ea pode ver, existe todo um caminho a percorrer, mas se voc\u00ea est\u00e1 disposto a verificar o chamado de Deus e percebe que agora \u00e9 tempo de dar um passo s\u00e9rio na sua caminhada, nos escreva dizendo que deseja fazer o caminho vocacional.<\/span><\/span><\/span><\/p>\n<p><span style=\"color: #333333\"><span style=\"font-family: sans-serif\"><span style=\"font-size: medium\">Somos consagrados cada um no seu estado de vida: casados, sacerdotes, seminaristas, celibat\u00e1rios e aqueles que ainda buscam uma defini\u00e7\u00e3o. N\u00e3o somos uma comunidade clerical, somos uma comunidade leiga. Nosso fundador \u00e9 um padre (Pe. Jonas Abib), nossos co-fundadores (Luzia Santiago e Eto s\u00e3o leigos). Vivemos juntos, homens e mulheres, em sadia conviv\u00eancia com a miss\u00e3o de evangelizar.<\/span><\/span><\/span><\/p>\n<p>&nbsp;<\/p>\n<p>&nbsp;<\/p>\n<p align=\"justify\"><strong><span style=\"color: #333333\"><span style=\"font-family: sans-serif\"><span style=\"font-size: medium\"><b>Nosso Endere\u00e7o:<br \/>\n<\/b><\/span><\/span><\/span><\/strong><span style=\"color: #333333\"><span style=\"font-family: sans-serif\"><span style=\"font-size: medium\">Equipe Vocacional Can\u00e7\u00e3o Nova | Vit\u00f3ria da Conquista<\/span><\/span><\/span><\/p>\n<p align=\"justify\"><span style=\"color: #333333\"><span style=\"font-family: sans-serif\"><span style=\"font-size: medium\">Av. Dep. Ulisses Guimar\u00e3es, 165<br \/>\nFel\u00edcia \u2013&nbsp;Vit\u00f3ria&nbsp;da&nbsp;Conquista\/BA<br \/>\nCEP:&nbsp;45.055-155<br \/>\nFone:(77) 3028-6314<br \/>\nEmail :&nbsp;<a href=\"&#109;&#x61;i&#x6c;&#x74;&#111;&#x3a;v&#x6f;&#x63;&#97;&#x63;a&#x6f;&#x63;&#111;&#x6e;q&#x75;&#x69;&#115;&#x74;a&#x40;&#x63;&#97;&#x6e;c&#x61;&#x6f;&#110;&#x6f;v&#x61;&#x2e;&#99;&#x6f;m\">v&#111;&#x63;&#x61;ci&#x6f;&#x6e;al&#99;&#x6f;&#x6e;q&#117;&#x69;&#x73;ta&#x40;&#x63;an&#99;&#x61;&#x6f;n&#111;&#x76;&#x61;.c&#x6f;&#x6d;<\/a><\/span><\/span><\/span><\/p>\n<div id=\"hmenu\" dir=\"ltr\">\n<p>&nbsp;<\/p>\n<p><strong>Saiba mais:<\/strong><\/p>\n<\/div>\n<div>:: Entenda mais sobre o discernimento vocacional: <strong><a href=\"http:\/\/blog.cancaonova.com\/vocacional\/discernimento-vocacional\/comunidade-de-vida\/\">N\u00facleo<\/a><\/strong> e <strong><a href=\"http:\/\/blog.cancaonova.com\/vocacional\/discernimento-vocacional\/comunidade-de-alianca\/\">Segundo Elo<\/a><\/strong><\/div>\n<div>:: Para ouvir: <strong><a href=\"http:\/\/blog.cancaonova.com\/vocacional\/pregacoes\/\">Prega\u00e7\u00f5es&nbsp;relacionados \u00e0 voca\u00e7\u00e3o Can\u00e7\u00e3o Nova<\/a><\/strong><\/div>\n<div>:: Assista o Document\u00e1rio &#8211; <strong><a href=\"http:\/\/blog.cancaonova.com\/vocacional\/a-historia-da-cancao-nova\/\">Hist\u00f3ria da Can\u00e7\u00e3o Nova com Monsenhor Jonas Abib <\/a><\/strong>&#8211; &nbsp;saiba mais&nbsp;a hist\u00f3ria da Comunidade Can\u00e7\u00e3o Nova e sua miss\u00e3o<\/div>\n<p><!-- end header --><\/p>\n","protected":false},"excerpt":{"rendered":"<p>\u201cMinha vida Jesus entreguei a Ti, e me comprometi a entregar por amor\u2026\u201d ::&nbsp;Entenda mais sobre a Voca\u00e7\u00e3o Nova :: O que \u00e9 o Discernimento Vocacional? :: Prega\u00e7\u00f5es relacionadas \u00e0 Voca\u00e7\u00e3o Can\u00e7\u00e3o Nova O QUE \u00c9 EQUIPE VOCACIONAL? A Equipe&#8230;<\/p>\n","protected":false},"author":3201,"featured_media":0,"parent":0,"menu_order":0,"comment_status":"closed","ping_status":"open","template":"","meta":{"_mi_skip_tracking":false,"_monsterinsights_sitenote_active":false,"_monsterinsights_sitenote_note":"","_monsterinsights_sitenote_category":0,"footnotes":""},"_links":{"self":[{"href":"https:\/\/blog.cancaonova.com\/conquista\/wp-json\/wp\/v2\/pages\/81"}],"collection":[{"href":"https:\/\/blog.cancaonova.com\/conquista\/wp-json\/wp\/v2\/pages"}],"about":[{"href":"https:\/\/blog.cancaonova.com\/conquista\/wp-json\/wp\/v2\/types\/page"}],"author":[{"embeddable":true,"href":"https:\/\/blog.cancaonova.com\/conquista\/wp-json\/wp\/v2\/users\/3201"}],"replies":[{"embeddable":true,"href":"https:\/\/blog.cancaonova.com\/conquista\/wp-json\/wp\/v2\/comments?post=81"}],"version-history":[{"count":16,"href":"https:\/\/blog.cancaonova.com\/conquista\/wp-json\/wp\/v2\/pages\/81\/revisions"}],"predecessor-version":[{"id":18473,"href":"https:\/\/blog.cancaonova.com\/conquista\/wp-json\/wp\/v2\/pages\/81\/revisions\/18473"}],"wp:attachment":[{"href":"https:\/\/blog.cancaonova.com\/conquista\/wp-json\/wp\/v2\/media?parent=81"}],"curies":[{"name":"wp","href":"https:\/\/api.w.org\/{rel}","templated":true}]}}

<p><!-- @page { margin: 2cm } P { margin-bottom: 0.21cm } --></p>
<h4 align="center"><img loading="lazy" decoding="async" class="aligncenter wp-image-17807 size-large" src="http://blog.cancaonova.com/conquista/files/2016/05/blog1-1-600x300.jpg" alt="blog1" width="600" height="300" srcset="https://blog.cancaonova.com/conquista/files/2016/05/blog1-1-600x300.jpg 600w, https://blog.cancaonova.com/conquista/files/2016/05/blog1-1-300x150.jpg 300w, https://blog.cancaonova.com/conquista/files/2016/05/blog1-1-150x75.jpg 150w" sizes="(max-width: 600px) 100vw, 600px" /><br />
<strong><span style="color: #333333"><span style="font-family: sans-serif"><span style="font-size: medium"><b><em>“</em><em><b>Minha vida Jesus entreguei a Ti, e me comprometi a entregar por amor…”</b></em></b></span></span></span></strong></h4>
<p>::<a href="http://blog.cancaonova.com/vocacional/a-vocacao-cancao-nova-2/"><strong>&nbsp;Entenda mais sobre a Vocação Nova</strong></a></p>
<p>:: <a href="http://blog.cancaonova.com/vocacional/discernimento-vocacional/"><strong>O que é o Discernimento Vocacional?</strong></a></p>
<p>:: <a href="http://blog.cancaonova.com/vocacional/a-vocacao-cancao-nova-2/"><strong>Pregações relacionadas à Vocação Canção Nova</strong></a></p>
<p align="center"><strong><span style="color: #333333"><span style="font-family: sans-serif"><span style="font-size: medium"><b>O QUE É EQUIPE VOCACIONAL?</b></span></span></span></strong></p>
<p style="text-align: left" align="center"><span style="color: #333333"><span style="font-family: sans-serif"><span style="font-size: medium">A Equipe Vocacional é o departamento da Canção Nova que realiza o trabalho de discernimento vocacional com os candidatos a uma vida consagrada na Canção Nova.</span></span></span></p>
<p align="justify"><span style="color: #333333"><span style="font-family: sans-serif"><span style="font-size: medium">2- COMO SURGIU A EQUIPE VOCACIONAL?</span></span></span></p>
<p align="justify"><span style="color: #333333"><span style="font-family: sans-serif"><span style="font-size: medium">Surgiu da necessidade de fornecer um acompanhamento vocacional para os jovens que aspiravam uma vida em comunidade e sentiam-se atraídos pelo carisma Canção Nova. A partir daí começamos um trabalho de discernimento vocacional com estes jovens. Com o número crescente de pessoas se despertando para este chamado a se consagrarem a Deus na Canção Nova, vimos então a necessidade de se criar uma Equipe que pudesse ajudar estes jovens.</span></span></span></p>
<p align="justify"><span style="color: #333333"><span style="font-family: sans-serif"><span style="font-size: medium">3- COMO É O TRABALHO DA EQUIPE?</span></span></span></p>
<p align="justify"><span style="color: #333333"><span style="font-family: sans-serif"><span style="font-size: medium">Realizamos um trabalho de orientação vocacional para os vocacionados à Canção Nova, que vai desde o primeiro contato com a Equipe, quer seja por carta ou e-mail, até o processo de acompanhamento e discernimento vocacional com os encontros vocacionais que o candidato participa no decorrer do caminho vocacional.</span></span></span></p>
<p align="justify"><span style="color: #333333"><span style="font-family: sans-serif"><span style="font-size: medium">4- COMO A PESSOA DEVE PROCEDER PARA FAZER ESTE ACOMPANHAMENTO VOCACIONAL?</span></span></span></p>
<p align="justify"><span style="color: #333333"><span style="font-family: sans-serif"><span style="font-size: medium">O primeiro passo é a pessoa escrever uma carta ou e-mail, fazendo seu pedido para iniciar o caminho de discernimento vocacional. Após este pedido a Equipe Vocacional estar entrando em contato com o candidato fornecendo a ele as informações sobre o caminho vocacional e os requisitos exigidos pela Equipe para o início do discernimento.</span></span></span></p>
<p align="justify"><span style="color: #333333"><span style="font-family: sans-serif"><span style="font-size: medium">Preenchendo todos os requisitos, a pessoa inicia assim oficialmente o caminho de discernimento vocacional com a Canção Nova.</span></span></span></p>
<p align="justify"><span style="color: #333333"><span style="font-family: sans-serif"><span style="font-size: medium">5- QUAIS AS ETAPAS DESTE CAMINHO?</span></span></span></p>
<p align="justify"><span style="color: #333333"><span style="font-family: sans-serif"><span style="font-size: medium">A primeira etapa é responder alguns questionários e em seguida a pessoa&nbsp;passa por uma entrevista pessoal. Após esta entrevista ela poderá iniciar os encontros vocacionais.</span></span></span></p>
<p align="justify"><span style="color: #333333"><span style="font-family: sans-serif"><span style="font-size: medium">6- QUAL A DURAÇÃO DESTE CAMINHO VOCACIONAL ?</span></span></span></p>
<p align="justify"><span style="color: #333333"><span style="font-family: sans-serif"><span style="font-size: medium">Aproximadamente dois anos. São cinco encontros vocacionais por ano.</span></span></span></p>
<p><span style="color: #333333"><span style="font-family: sans-serif"><span style="font-size: medium">7- ONDE SÃO REALIZADOS OS ENCONTROS?</span></span></span></p>
<p align="justify"><span style="color: #333333"><span style="font-family: sans-serif"><span style="font-size: medium">Normalmente a pessoa faz os encontros vocacionais na Casa de Missão mais próxima a ela.</span></span></span></p>
<p align="justify"><span style="color: #333333"><span style="font-family: sans-serif"><span style="font-size: medium">Informações importantes: Depois de dois anos de caminho, e ao receber a aprovação da Equipe Vocacional e do Conselho da Comunidade a pessoa é chamada a fazer a experiência de 1 ano como Pré-Discípulo sendo avaliado mensalmente. Após, faz-se, então, a experiência de 1 ano como Discípulo em uma das nossas casas de formação.</span></span></span></p>
<p align="justify"><span style="color: #333333"><span style="font-family: sans-serif"><span style="font-size: medium">Como você pode ver, existe todo um caminho a percorrer, mas se você está disposto a verificar o chamado de Deus e percebe que agora é tempo de dar um passo sério na sua caminhada, nos escreva dizendo que deseja fazer o caminho vocacional.</span></span></span></p>
<p><span style="color: #333333"><span style="font-family: sans-serif"><span style="font-size: medium">Somos consagrados cada um no seu estado de vida: casados, sacerdotes, seminaristas, celibatários e aqueles que ainda buscam uma definição. Não somos uma comunidade clerical, somos uma comunidade leiga. Nosso fundador é um padre (Pe. Jonas Abib), nossos co-fundadores (Luzia Santiago e Eto são leigos). Vivemos juntos, homens e mulheres, em sadia convivência com a missão de evangelizar.</span></span></span></p>
<p>&nbsp;</p>
<p>&nbsp;</p>
<p align="justify"><strong><span style="color: #333333"><span style="font-family: sans-serif"><span style="font-size: medium"><b>Nosso Endereço:<br />
</b></span></span></span></strong><span style="color: #333333"><span style="font-family: sans-serif"><span style="font-size: medium">Equipe Vocacional Canção Nova | Vitória da Conquista</span></span></span></p>
<p align="justify"><span style="color: #333333"><span style="font-family: sans-serif"><span style="font-size: medium">Av. Dep. Ulisses Guimarães, 165<br />
Felícia –&nbsp;Vitória&nbsp;da&nbsp;Conquista/BA<br />
CEP:&nbsp;45.055-155<br />
Fone:(77) 3028-6314<br />
Email :&nbsp;<a href="&#109;&#x61;i&#x6c;&#x74;&#111;&#x3a;v&#x6f;&#x63;&#97;&#x63;a&#x6f;&#x63;&#111;&#x6e;q&#x75;&#x69;&#115;&#x74;a&#x40;&#x63;&#97;&#x6e;c&#x61;&#x6f;&#110;&#x6f;v&#x61;&#x2e;&#99;&#x6f;m">v&#111;&#x63;&#x61;ci&#x6f;&#x6e;al&#99;&#x6f;&#x6e;q&#117;&#x69;&#x73;ta&#x40;&#x63;an&#99;&#x61;&#x6f;n&#111;&#x76;&#x61;.c&#x6f;&#x6d;</a></span></span></span></p>
<div id="hmenu" dir="ltr">
<p>&nbsp;</p>
<p><strong>Saiba mais:</strong></p>
</div>
<div>:: Entenda mais sobre o discernimento vocacional: <strong><a href="http://blog.cancaonova.com/vocacional/discernimento-vocacional/comunidade-de-vida/">Núcleo</a></strong> e <strong><a href="http://blog.cancaonova.com/vocacional/discernimento-vocacional/comunidade-de-alianca/">Segundo Elo</a></strong></div>
<div>:: Para ouvir: <strong><a href="http://blog.cancaonova.com/vocacional/pregacoes/">Pregações&nbsp;relacionados à vocação Canção Nova</a></strong></div>
<div>:: Assista o Documentário &#8211; <strong><a href="http://blog.cancaonova.com/vocacional/a-historia-da-cancao-nova/">História da Canção Nova com Monsenhor Jonas Abib </a></strong>&#8211; &nbsp;saiba mais&nbsp;a história da Comunidade Canção Nova e sua missão</div>
<p><!-- end header --></p>

<p>“Minha vida Jesus entreguei a Ti, e me comprometi a entregar por amor…” ::&nbsp;Entenda mais sobre a Vocação Nova :: O que é o Discernimento Vocacional? :: Pregações relacionadas à Vocação Canção Nova O QUE É EQUIPE VOCACIONAL? A Equipe&#8230;</p>
