{"id":13294,"date":"2014-06-03T12:32:03","date_gmt":"2014-06-03T14:32:03","guid":{"rendered":"http:\/\/blog.cancaonova.com\/curitiba\/?page_id=13294"},"modified":"2022-02-16T10:29:22","modified_gmt":"2022-02-16T12:29:22","slug":"eventos","status":"publish","type":"page","link":"https:\/\/blog.cancaonova.com\/curitiba\/eventos\/","title":{"rendered":"Eventos"},"content":{"rendered":"<p>A miss\u00e3o da Comunidade Can\u00e7\u00e3o Nova \u00e9 evangelizar, comunicar Jesus e a vida nova que Ele veio trazer, pelos Encontros e, de maneira preferencial, mas n\u00e3o exclusiva, atrav\u00e9s dos meios de comunica\u00e7\u00e3o social.<\/p>\n<p>Tem por finalidade a forma\u00e7\u00e3o de homens novos para um mundo novo, atrav\u00e9s da evangeliza\u00e7\u00e3o, de modo a preparar e apressar a vinda gloriosa do Senhor. Participa da gra\u00e7a que foi dada \u00e0 Igreja nos dias de hoje: uma nova efus\u00e3o do Esp\u00edrito Santo e enviada a realizar sua miss\u00e3o em comunh\u00e3o com toda a Igreja.<\/p>\n<p>\u25ba <a href=\"http:\/\/blog.cancaonova.com\/curitiba\/programacao-semanal\/\" target=\"_blank\" rel=\"noopener\">Programa\u00e7\u00e3o semanal<br \/>\n<\/a>\u25ba<a href=\"https:\/\/blog.cancaonova.com\/curitiba\/eventos\/agenda2022\/\" target=\"_blank\" rel=\"noopener\">Agenda 2022<\/a><br \/>\n\u25ba <a href=\"http:\/\/blog.cancaonova.com\/curitiba\/como-chegar\/\" target=\"_blank\" rel=\"noopener\">Saiba como chegar<\/a><\/p>\n<p>&nbsp;<\/p>\n","protected":false},"excerpt":{"rendered":"<p>A miss\u00e3o da Comunidade Can\u00e7\u00e3o Nova \u00e9 evangelizar, comunicar Jesus e a vida nova que Ele veio trazer, pelos Encontros e, de maneira preferencial, mas n\u00e3o exclusiva, atrav\u00e9s dos meios de comunica\u00e7\u00e3o social. Tem por finalidade a forma\u00e7\u00e3o de homens&#8230;<\/p>\n","protected":false},"author":3161,"featured_media":0,"parent":0,"menu_order":0,"comment_status":"open","ping_status":"closed","template":"","meta":{"_mi_skip_tracking":false,"_monsterinsights_sitenote_active":false,"_monsterinsights_sitenote_note":"","_monsterinsights_sitenote_category":0,"footnotes":""},"_links":{"self":[{"href":"https:\/\/blog.cancaonova.com\/curitiba\/wp-json\/wp\/v2\/pages\/13294"}],"collection":[{"href":"https:\/\/blog.cancaonova.com\/curitiba\/wp-json\/wp\/v2\/pages"}],"about":[{"href":"https:\/\/blog.cancaonova.com\/curitiba\/wp-json\/wp\/v2\/types\/page"}],"author":[{"embeddable":true,"href":"https:\/\/blog.cancaonova.com\/curitiba\/wp-json\/wp\/v2\/users\/3161"}],"replies":[{"embeddable":true,"href":"https:\/\/blog.cancaonova.com\/curitiba\/wp-json\/wp\/v2\/comments?post=13294"}],"version-history":[{"count":30,"href":"https:\/\/blog.cancaonova.com\/curitiba\/wp-json\/wp\/v2\/pages\/13294\/revisions"}],"predecessor-version":[{"id":18303,"href":"https:\/\/blog.cancaonova.com\/curitiba\/wp-json\/wp\/v2\/pages\/13294\/revisions\/18303"}],"wp:attachment":[{"href":"https:\/\/blog.cancaonova.com\/curitiba\/wp-json\/wp\/v2\/media?parent=13294"}],"curies":[{"name":"wp","href":"https:\/\/api.w.org\/{rel}","templated":true}]}}