{"id":13297,"date":"2014-06-03T12:32:28","date_gmt":"2014-06-03T14:32:28","guid":{"rendered":"http:\/\/blog.cancaonova.com\/curitiba\/?page_id=13297"},"modified":"2018-06-12T15:27:17","modified_gmt":"2018-06-12T17:27:17","slug":"clube-da-evangelizacao","status":"publish","type":"page","link":"https:\/\/blog.cancaonova.com\/curitiba\/clube-da-evangelizacao\/","title":{"rendered":"Clube da Evangeliza\u00e7\u00e3o"},"content":{"rendered":"<p style=\"text-align: justify\"><span style=\"color: #000000\"><span style=\"font-family: Arial, sans-serif\"><span style=\"font-size: medium\">O Clube da Evangeliza\u00e7\u00e3o \u00e9 o cora\u00e7\u00e3o da Obra Can\u00e7\u00e3o Nova. Antes se chamava Clube do Ouvinte e tinha o desafio de manter uma programa\u00e7\u00e3o saud\u00e1vel da R\u00e1dio CN sem a utiliza\u00e7\u00e3o de publicidade comercial, contando apenas com a contribui\u00e7\u00e3o de seus s\u00f3cios ouvintes da R\u00e1dio CN, hoje chamados de s\u00f3cios evangelizadores.<\/span><\/span><\/span><\/p>\n<p style=\"text-align: justify\" align=\"justify\"><span style=\"color: #000000\"><span style=\"font-family: Arial, sans-serif\">Desta forma, o Clube da Evangeliza\u00e7\u00e3o passou a ser um grande patrim\u00f4nio da Can\u00e7\u00e3o Nova. Ele \u00e9 o departamento respons\u00e1vel pela acolhida, manuten\u00e7\u00e3o e tudo que se refere aos s\u00f3cios evangelizadores desta obra de Deus, que s\u00e3o canal da provid\u00eancia divina dos diversos meios e atividades da Can\u00e7\u00e3o Nova, como o Sistema de Comunica\u00e7\u00e3o Can\u00e7\u00e3o Nova (<a href=\"https:\/\/tv.cancaonova.com\/\">TV Can\u00e7\u00e3o Nova<\/a>, <a href=\"http:\/\/radio.cancaonova.com\/\">R\u00e1dio Can\u00e7\u00e3o Nova AM<\/a>, Blog), <a href=\"http:\/\/social.cancaonova.com\/\">a Rede de Desenvolvimento Social<\/a> (com projetos de assist\u00eancia social, sa\u00fade, lazer e educa\u00e7\u00e3o), <a href=\"https:\/\/comunidade.cancaonova.com\/vida-na-comunidade\/nucleo\/frentes-de-missao\/\">Frentes de Miss\u00e3o<\/a> (sendo 21 frentes de miss\u00e3o espalhadas em todo o Brasil e 5 no Exterior) e os <a href=\"https:\/\/eventos.cancaonova.com\/\">eventos<\/a> (acampamentos de ora\u00e7\u00e3o, kair\u00f3s, shows, coberturas de encontros nacionais e internacionais de eventos eclesiais, entre outros).<\/span><\/span><\/p>\n<p style=\"text-align: left\" align=\"justify\"><span style=\"color: #000000\"><span style=\"font-family: Arial, sans-serif\">Entre as frentes de Miss\u00e3o o Clube da Evangeliza\u00e7\u00e3o est\u00e1 em Curitiba. Venha nos visitar! <\/span><\/span><\/p>\n<p style=\"text-align: center\" align=\"justify\"><a href=\"https:\/\/clube.cancaonova.com\/\"><span style=\"color: #0000ff\"><em><strong><span style=\"font-family: Arial, sans-serif\">Torne-se um s\u00f3cio evangelizador e nos ajude nesta linda miss\u00e3o de evangelizar<\/span><\/strong><\/em><\/span><\/a><\/p>\n<p align=\"justify\">&nbsp;<\/p>\n<p style=\"text-align: center\" align=\"center\"><strong><span style=\"color: #000000\"><span style=\"font-family: Arial, sans-serif\">Clube da Evangeliza\u00e7\u00e3o &#8211; Can\u00e7\u00e3o Nova de Curitiba<br \/>\n<\/span><\/span><\/strong><span style=\"color: #000000\"><span style=\"font-family: Arial, sans-serif\">Av. Marechal Floriano Peixoto \u2013 4809<br \/>\nVila Hauer \u2013 Curitiba \u2013 Paran\u00e1<br \/>\nFone: (41) 3091 1370<\/span><\/span><\/p>\n","protected":false},"excerpt":{"rendered":"<p>O Clube da Evangeliza\u00e7\u00e3o \u00e9 o cora\u00e7\u00e3o da Obra Can\u00e7\u00e3o Nova. Antes se chamava Clube do Ouvinte e tinha o desafio de manter uma programa\u00e7\u00e3o saud\u00e1vel da R\u00e1dio CN sem a utiliza\u00e7\u00e3o de publicidade comercial, contando apenas com a contribui\u00e7\u00e3o&#8230;<\/p>\n","protected":false},"author":3161,"featured_media":0,"parent":0,"menu_order":0,"comment_status":"open","ping_status":"open","template":"","meta":{"_mi_skip_tracking":false,"_monsterinsights_sitenote_active":false,"_monsterinsights_sitenote_note":"","_monsterinsights_sitenote_category":0,"footnotes":""},"_links":{"self":[{"href":"https:\/\/blog.cancaonova.com\/curitiba\/wp-json\/wp\/v2\/pages\/13297"}],"collection":[{"href":"https:\/\/blog.cancaonova.com\/curitiba\/wp-json\/wp\/v2\/pages"}],"about":[{"href":"https:\/\/blog.cancaonova.com\/curitiba\/wp-json\/wp\/v2\/types\/page"}],"author":[{"embeddable":true,"href":"https:\/\/blog.cancaonova.com\/curitiba\/wp-json\/wp\/v2\/users\/3161"}],"replies":[{"embeddable":true,"href":"https:\/\/blog.cancaonova.com\/curitiba\/wp-json\/wp\/v2\/comments?post=13297"}],"version-history":[{"count":8,"href":"https:\/\/blog.cancaonova.com\/curitiba\/wp-json\/wp\/v2\/pages\/13297\/revisions"}],"predecessor-version":[{"id":17246,"href":"https:\/\/blog.cancaonova.com\/curitiba\/wp-json\/wp\/v2\/pages\/13297\/revisions\/17246"}],"wp:attachment":[{"href":"https:\/\/blog.cancaonova.com\/curitiba\/wp-json\/wp\/v2\/media?parent=13297"}],"curies":[{"name":"wp","href":"https:\/\/api.w.org\/{rel}","templated":true}]}}