{"id":2742,"date":"2008-09-01T15:36:44","date_gmt":"2008-09-01T18:36:44","guid":{"rendered":"http:\/\/blog.cancaonova.com\/curitiba\/nossa-historia\/"},"modified":"2018-07-09T12:28:02","modified_gmt":"2018-07-09T14:28:02","slug":"nossa-historia","status":"publish","type":"page","link":"https:\/\/blog.cancaonova.com\/curitiba\/nossa-historia\/","title":{"rendered":"Nossa hist\u00f3ria"},"content":{"rendered":"<p>A miss\u00e3o Can\u00e7\u00e3o Nova de Curitiba nasceu, primeiramente, do cora\u00e7\u00e3o de Deus. H\u00e1 muitos anos o Senhor j\u00e1 falava com ao <a href=\"https:\/\/padrejonas.cancaonova.com\/biografia\/\">Monsenhor Jonas Abib <\/a>que esta cidade seria um campo de miss\u00e3o da Comunidade. Deus manisfestou sua vontade, em 10 de agosto de 2004, quando foi adquirida a R\u00e1dio Independ\u00eancia.<\/p>\n<p>A primeira transmiss\u00e3o foi a ora\u00e7\u00e3o do ter\u00e7o, depois entraram outros programas, inclusive, com a participa\u00e7\u00e3o da Igreja local. No pr\u00f3prio pr\u00e9dio da r\u00e1dio aconteciam missas e grupos de ora\u00e7\u00e3o. Como a miss\u00e3o estava crescendo muito, logo ela precisou locar um espa\u00e7o maior para seus eventos. Nascia, ent\u00e3o, a Casa de Evangeliza\u00e7\u00e3o Can\u00e7\u00e3o Nova, no dia 22 de maio de 2005. Hoje, o local tem capacidade para 4 mil pessoas e conta com uma estrutura para livraria, Clube do Ouvinte; al\u00e9m de proporcionar grandes encontros.<\/p>\n<p>O n\u00famero de s\u00f3cios e benfeitores que foram surgindo tamb\u00e9m foi um grande sinal de Deus para a miss\u00e3o. Outra grande vit\u00f3ria foi o acolhimento que os mission\u00e1rios tiveram da Igreja local, por meio de seu bispos e presb\u00edteros. O atual Arcebispo Dom Moacir Jos\u00e9 Vitti, foi um dos primeiros a acolher a Can\u00e7\u00e3o Nova na cidade.<\/p>\n<p>A primeira mission\u00e1ria que trabalhou em Curitiba foi a S\u00edlvia Novadzki. Logo em seguida, veio o Edson Oliveira e mais sete mission\u00e1rios. Hoje, a Comunidade Can\u00e7\u00e3o Nova conta com 44 de seus membros no local, sendo 14 no N\u00facleo e 30 do Segundo Elo.<\/p>\n<p>Al\u00e9m da R\u00e1dio Can\u00e7\u00e3o Nova Nossa Senhora da Luz (AM 1370), a miss\u00e3o de Curitiba conta com uma geradora de TV, no canal 51 \u2013 que ainda n\u00e3o possui programas locais, mas retransmite toda programa\u00e7\u00e3o da rede de TV Can\u00e7\u00e3o Nova \u2013 e com um blog (blog.cancanova.com\/curitiba).<\/p>\n<p>Deus aben\u00e7oe voc\u00ea!<\/p>\n","protected":false},"excerpt":{"rendered":"<p>A miss\u00e3o Can\u00e7\u00e3o Nova de Curitiba nasceu, primeiramente, do cora\u00e7\u00e3o de Deus. H\u00e1 muitos anos o Senhor j\u00e1 falava com ao Monsenhor Jonas Abib que esta cidade seria um campo de miss\u00e3o da Comunidade. Deus manisfestou sua vontade, em 10&#8230;<\/p>\n","protected":false},"author":3161,"featured_media":0,"parent":0,"menu_order":0,"comment_status":"open","ping_status":"open","template":"","meta":{"_mi_skip_tracking":false,"_monsterinsights_sitenote_active":false,"_monsterinsights_sitenote_note":"","_monsterinsights_sitenote_category":0,"footnotes":""},"_links":{"self":[{"href":"https:\/\/blog.cancaonova.com\/curitiba\/wp-json\/wp\/v2\/pages\/2742"}],"collection":[{"href":"https:\/\/blog.cancaonova.com\/curitiba\/wp-json\/wp\/v2\/pages"}],"about":[{"href":"https:\/\/blog.cancaonova.com\/curitiba\/wp-json\/wp\/v2\/types\/page"}],"author":[{"embeddable":true,"href":"https:\/\/blog.cancaonova.com\/curitiba\/wp-json\/wp\/v2\/users\/3161"}],"replies":[{"embeddable":true,"href":"https:\/\/blog.cancaonova.com\/curitiba\/wp-json\/wp\/v2\/comments?post=2742"}],"version-history":[{"count":27,"href":"https:\/\/blog.cancaonova.com\/curitiba\/wp-json\/wp\/v2\/pages\/2742\/revisions"}],"predecessor-version":[{"id":17277,"href":"https:\/\/blog.cancaonova.com\/curitiba\/wp-json\/wp\/v2\/pages\/2742\/revisions\/17277"}],"wp:attachment":[{"href":"https:\/\/blog.cancaonova.com\/curitiba\/wp-json\/wp\/v2\/media?parent=2742"}],"curies":[{"name":"wp","href":"https:\/\/api.w.org\/{rel}","templated":true}]}}

Nossa história

<p>A missão Canção Nova de Curitiba nasceu, primeiramente, do coração de Deus. Há muitos anos o Senhor já falava com ao <a href="https://padrejonas.cancaonova.com/biografia/">Monsenhor Jonas Abib </a>que esta cidade seria um campo de missão da Comunidade. Deus manisfestou sua vontade, em 10 de agosto de 2004, quando foi adquirida a Rádio Independência.</p>
<p>A primeira transmissão foi a oração do terço, depois entraram outros programas, inclusive, com a participação da Igreja local. No próprio prédio da rádio aconteciam missas e grupos de oração. Como a missão estava crescendo muito, logo ela precisou locar um espaço maior para seus eventos. Nascia, então, a Casa de Evangelização Canção Nova, no dia 22 de maio de 2005. Hoje, o local tem capacidade para 4 mil pessoas e conta com uma estrutura para livraria, Clube do Ouvinte; além de proporcionar grandes encontros.</p>
<p>O número de sócios e benfeitores que foram surgindo também foi um grande sinal de Deus para a missão. Outra grande vitória foi o acolhimento que os missionários tiveram da Igreja local, por meio de seu bispos e presbíteros. O atual Arcebispo Dom Moacir José Vitti, foi um dos primeiros a acolher a Canção Nova na cidade.</p>
<p>A primeira missionária que trabalhou em Curitiba foi a Sílvia Novadzki. Logo em seguida, veio o Edson Oliveira e mais sete missionários. Hoje, a Comunidade Canção Nova conta com 44 de seus membros no local, sendo 14 no Núcleo e 30 do Segundo Elo.</p>
<p>Além da Rádio Canção Nova Nossa Senhora da Luz (AM 1370), a missão de Curitiba conta com uma geradora de TV, no canal 51 – que ainda não possui programas locais, mas retransmite toda programação da rede de TV Canção Nova – e com um blog (blog.cancanova.com/curitiba).</p>
<p>Deus abençoe você!</p>

<p>A missão Canção Nova de Curitiba nasceu, primeiramente, do coração de Deus. Há muitos anos o Senhor já falava com ao Monsenhor Jonas Abib que esta cidade seria um campo de missão da Comunidade. Deus manisfestou sua vontade, em 10&#8230;</p>
