{"id":3281,"date":"2009-06-24T15:09:02","date_gmt":"2009-06-24T18:09:02","guid":{"rendered":"http:\/\/blog.cancaonova.com\/curitiba\/?page_id=3281"},"modified":"2018-06-12T14:03:35","modified_gmt":"2018-06-12T16:03:35","slug":"vocacional","status":"publish","type":"page","link":"https:\/\/blog.cancaonova.com\/curitiba\/vocacional\/","title":{"rendered":"Vocacional"},"content":{"rendered":"<p style=\"text-align: justify\" align=\"justify\"><span style=\"color: #000000\"><span style=\"font-family: Arial, sans-serif\"><span style=\"font-size: medium\"><strong>A iniciativa \u00e9 de Deus!<\/strong><\/span><\/span><\/span><\/p>\n<p style=\"text-align: justify\" align=\"justify\"><span style=\"font-family: Arial, sans-serif;color: #000000\">O primeiro passo para a realiza\u00e7\u00e3o de nossa voca\u00e7\u00e3o vem de Deus. \u00c8 ele quem nos chama, nos separa, nos escolhe. Essa escolha j\u00e1 vem antes do nosso nascimento. Deus nos pensou para aquela ou para essa voca\u00e7\u00e3o. Portanto. quem d\u00e1 o primeiro passo \u00e9 Deus.<\/span><\/p>\n<p style=\"text-align: justify\" align=\"justify\"><span style=\"color: #000000\"><span style=\"font-family: Arial, sans-serif\">Talvez voc\u00ea se recorde de algum momento forte em sua vida em que a m\u00e3o de Deus se manisfestou de forma milagrosa e percebeu que Deus tinha algo diferente para sua vida. <\/span><strong><span style=\"font-family: Arial, sans-serif\">S\u00e3o sinais de uma elei\u00e7\u00e3o.<\/span><\/strong><\/span><\/p>\n<p style=\"text-align: justify\" align=\"justify\"><span style=\"font-family: Arial, sans-serif;color: #000000\">Rezando sobre minha hist\u00f3ria vocacional descobri um dia que fui salva milagrosamente da morte ainda no seio materno. Deus me quis, sonhou comigo e por isso me trouxe para uma msis\u00e3o nessa terra. Sou perten\u00e7a Dele.<\/span><\/p>\n<blockquote><p><span style=\"color: #000000\"><strong><span style=\"font-family: Arial, sans-serif\">Deus coloca em nosso cora\u00e7\u00e3o um anseio por um sentido diferente. Ou seja, Ele toma iniciativa de colocar em nosso interior o desejo de preencher um vazio que s\u00f3 uma entrega total \u00e9 capaz de fazer.<\/span><\/strong><\/span><\/p><\/blockquote>\n<p style=\"text-align: justify\" align=\"justify\"><span style=\"font-family: Arial, sans-serif;color: #000000\">Em outros momentos, sentimos o desejo de ajudar o outro principalmente os mais exclu\u00eddos, ou ainda um anseio por uma vida mais reclusa dos atrativos desse mundo.<\/span><\/p>\n<p style=\"text-align: justify\" align=\"justify\"><span style=\"font-family: Arial, sans-serif;color: #000000\">Atrav\u00e9s da A\u00e7\u00e3o do Espirito Santo vamos sendo atraidos por Ele para realiza\u00e7\u00e3o dos sonhos que de antem\u00e3o sonhou para n\u00f3s. Para isso, \u00e9 necess\u00e1rio abrirmos nosso cora\u00e7\u00e3o na ora\u00e7\u00e3o e na escuta para ouvirmos seus apelos. \u201c<b>E agora, assim diz do Senhor, aquele que te criou, Jac\u00f3, aquele que te modelou, Israel. N\u00e3o tenhas medo que fui eu quem te resgatou, chamei-te pelo pr\u00f3prio nome, tu \u00e9s meu! (Isaias 43,1).<\/b><\/span><\/p>\n<p style=\"text-align: justify\" align=\"justify\"><span style=\"color: #000000\"><span style=\"font-family: Arial, sans-serif\">Esteja atento aos seus apelos, perceba fatos de sua vida em que Deus selou sua escolha. N\u00e3o tenha medo! <\/span><strong><span style=\"font-family: Arial, sans-serif\">Deus j\u00e1 deu o primeiro passo, o pr\u00f3ximo \u00e9 o seu<\/span><\/strong><span style=\"font-family: Arial, sans-serif\">. Deus te aben\u00e7oe!<\/span><\/span><\/p>\n<p style=\"text-align: justify\" align=\"left\"><span style=\"font-family: Arial, sans-serif;color: #000000\">Jocelma Cruz<br \/>\nMembro da Comunidade Can\u00e7\u00e3o Nova em Curitiba\/PR<br \/>\nRespons\u00e1vel pela Equipe Vocacional<\/span><\/p>\n<p style=\"text-align: justify\" align=\"justify\"><span style=\"color: #000000\"><strong><span style=\"font-family: Arial, sans-serif\">Voc\u00ea se sente chamado a viver uma consagra\u00e7\u00e3o a Deus atrav\u00e9s da Comunidade Can\u00e7\u00e3o Nova?<\/span><\/strong><\/span><\/p>\n<p style=\"text-align: justify\" align=\"center\"><span style=\"font-family: Arial, sans-serif;color: #000000\">Entre em contato conosco!<\/span><\/p>\n<p style=\"text-align: justify\" align=\"center\"><span style=\"color: #000000\"><strong><span style=\"font-family: Arial, sans-serif\">Avenida Marechal Floriano Peixoto, 4809<br \/>\nVila Hauer &#8211; Curitiba\/PR<br \/>\nTelefone: 41 &#8211; 3091 1370<br \/>\nE-mail: vocacionalcuritiba@cancaonova.com<\/span><\/strong><\/span><\/p>\n<p style=\"text-align: justify\" align=\"justify\">&nbsp;<\/p>\n","protected":false},"excerpt":{"rendered":"<p>A iniciativa \u00e9 de Deus! O primeiro passo para a realiza\u00e7\u00e3o de nossa voca\u00e7\u00e3o vem de Deus. \u00c8 ele quem nos chama, nos separa, nos escolhe. Essa escolha j\u00e1 vem antes do nosso nascimento. Deus nos pensou para aquela ou&#8230;<\/p>\n","protected":false},"author":3161,"featured_media":0,"parent":0,"menu_order":5,"comment_status":"open","ping_status":"open","template":"","meta":{"_mi_skip_tracking":false,"_monsterinsights_sitenote_active":false,"_monsterinsights_sitenote_note":"","_monsterinsights_sitenote_category":0,"footnotes":""},"_links":{"self":[{"href":"https:\/\/blog.cancaonova.com\/curitiba\/wp-json\/wp\/v2\/pages\/3281"}],"collection":[{"href":"https:\/\/blog.cancaonova.com\/curitiba\/wp-json\/wp\/v2\/pages"}],"about":[{"href":"https:\/\/blog.cancaonova.com\/curitiba\/wp-json\/wp\/v2\/types\/page"}],"author":[{"embeddable":true,"href":"https:\/\/blog.cancaonova.com\/curitiba\/wp-json\/wp\/v2\/users\/3161"}],"replies":[{"embeddable":true,"href":"https:\/\/blog.cancaonova.com\/curitiba\/wp-json\/wp\/v2\/comments?post=3281"}],"version-history":[{"count":29,"href":"https:\/\/blog.cancaonova.com\/curitiba\/wp-json\/wp\/v2\/pages\/3281\/revisions"}],"predecessor-version":[{"id":17233,"href":"https:\/\/blog.cancaonova.com\/curitiba\/wp-json\/wp\/v2\/pages\/3281\/revisions\/17233"}],"wp:attachment":[{"href":"https:\/\/blog.cancaonova.com\/curitiba\/wp-json\/wp\/v2\/media?parent=3281"}],"curies":[{"name":"wp","href":"https:\/\/api.w.org\/{rel}","templated":true}]}}