{"id":46,"date":"2012-02-13T12:35:43","date_gmt":"2012-02-13T15:35:43","guid":{"rendered":"http:\/\/blog.cancaonova.com\/diarioespiritual\/"},"modified":"2015-04-10T09:29:56","modified_gmt":"2015-04-10T12:29:56","slug":"apresentacao","status":"publish","type":"page","link":"https:\/\/blog.cancaonova.com\/diarioespiritual\/apresentacao\/","title":{"rendered":"Apresenta\u00e7\u00e3o"},"content":{"rendered":"<p style=\"text-align: justify\"><strong>Seja bem vindo ao Blog Di\u00e1rio Espiritual! <\/strong><\/p>\n<p style=\"text-align: justify\"><strong><a href=\"http:\/\/blog.cancaonova.com\/diarioespiritual\/files\/2012\/02\/Di\u00e1rio-Espiritual-3.jpg\"><img loading=\"lazy\" decoding=\"async\" class=\"alignleft size-medium wp-image-21\" src=\"http:\/\/blog.cancaonova.com\/diarioespiritual\/files\/2012\/02\/Di\u00e1rio-Espiritual-3-300x86.jpg\" alt=\"\" width=\"300\" height=\"86\" \/><\/a><br \/>\n<\/strong><\/p>\n<p style=\"text-align: justify\">Ele foi criado para voc\u00ea que deseja ler a B\u00edblia, para voc\u00ea que deseja fazer um estudo da palavra de Deus, para voc\u00ea que deseja mais intimidade com Deus atrav\u00e9s da palavra, para voc\u00ea que quer muito conhecer o que Deus tem a dizer \u2013 e j\u00e1 disse &#8211; atrav\u00e9s da B\u00edblia.<\/p>\n<p style=\"text-align: justify\">Trago um m\u00e9todo de leitura e estudo da palavra de Deus, que nos ensina a realizar todos os dias um Di\u00e1rio espiritual, as anota\u00e7\u00f5es di\u00e1rias do seu relacionamento com Deus atrav\u00e9s da Sua palavra. Apresento a voc\u00ea o m\u00e9todo de estudo b\u00edblico do qual nasceu a comunidade Can\u00e7\u00e3o Nova. Voc\u00ea vai conhecer o m\u00e9todo que revolucionou e tem revolucionado a vida de milhares de pessoas atrav\u00e9s da Palavra de Deus: \u201cA B\u00edblia no meu dia a dia\u201d.<\/p>\n<p style=\"text-align: justify\"><a name=\"_GoBack\"><\/a>Qual quer pessoa pode fazer o di\u00e1rio espiritual. Este blog vai trazer o estudo b\u00edblico diariamente em \u00e1udio o que torna poss\u00edvel at\u00e9 mesmo a intera\u00e7\u00e3o de deficientes visuais, com um pouco de ajuda.<\/p>\n<p style=\"text-align: justify\">Convido voc\u00ea a descobrir as abundantes gra\u00e7as que Deus tem para voc\u00ea a sua fam\u00edlia atrav\u00e9s desta palavra.<\/p>\n<p style=\"text-align: justify\">Vamos ler toda a B\u00edblia, e a cada livro um gosto novo e uma vit\u00f3ria alcan\u00e7ada vamos experimentar. <strong>Vamos fazer juntos?<\/strong><\/p>\n<p style=\"text-align: justify\"><iframe loading=\"lazy\" width=\"100%\" height=\"166\" scrolling=\"no\" frameborder=\"no\" src=\"https:\/\/w.soundcloud.com\/player\/?url=https%3A\/\/api.soundcloud.com\/tracks\/143747682&color=ff5500\"><\/iframe><\/p>\n<p style=\"text-align: justify\">H\u00e1 uma promessa ordem e de Deus muito forte na minha vida que quero deixar no seu cora\u00e7\u00e3o:<strong> \u201cBuscai em primeiro lugar o reino de Deus e a sua justi\u00e7a e todas essas coisas vos ser\u00e3o dadas por acr\u00e9scimo\u201d. Mt 6,33<\/strong><\/p>\n","protected":false},"excerpt":{"rendered":"<p>Seja bem vindo ao Blog Di\u00e1rio Espiritual! Ele foi criado para voc\u00ea que deseja ler a B\u00edblia, para voc\u00ea que deseja fazer um estudo da palavra de Deus, para voc\u00ea que deseja mais intimidade com Deus atrav\u00e9s da palavra, para&#8230;<\/p>\n","protected":false},"author":4577,"featured_media":0,"parent":0,"menu_order":1,"comment_status":"open","ping_status":"open","template":"","meta":{"_mi_skip_tracking":false,"_monsterinsights_sitenote_active":false,"_monsterinsights_sitenote_note":"","_monsterinsights_sitenote_category":0,"footnotes":""},"_links":{"self":[{"href":"https:\/\/blog.cancaonova.com\/diarioespiritual\/wp-json\/wp\/v2\/pages\/46"}],"collection":[{"href":"https:\/\/blog.cancaonova.com\/diarioespiritual\/wp-json\/wp\/v2\/pages"}],"about":[{"href":"https:\/\/blog.cancaonova.com\/diarioespiritual\/wp-json\/wp\/v2\/types\/page"}],"author":[{"embeddable":true,"href":"https:\/\/blog.cancaonova.com\/diarioespiritual\/wp-json\/wp\/v2\/users\/4577"}],"replies":[{"embeddable":true,"href":"https:\/\/blog.cancaonova.com\/diarioespiritual\/wp-json\/wp\/v2\/comments?post=46"}],"version-history":[{"count":6,"href":"https:\/\/blog.cancaonova.com\/diarioespiritual\/wp-json\/wp\/v2\/pages\/46\/revisions"}],"predecessor-version":[{"id":2153,"href":"https:\/\/blog.cancaonova.com\/diarioespiritual\/wp-json\/wp\/v2\/pages\/46\/revisions\/2153"}],"wp:attachment":[{"href":"https:\/\/blog.cancaonova.com\/diarioespiritual\/wp-json\/wp\/v2\/media?parent=46"}],"curies":[{"name":"wp","href":"https:\/\/api.w.org\/{rel}","templated":true}]}}