{"id":152,"date":"2012-07-10T15:00:08","date_gmt":"2012-07-10T18:00:08","guid":{"rendered":"http:\/\/blog.cancaonova.com\/evangelizadorperegrino\/?page_id=152"},"modified":"2016-11-22T09:37:34","modified_gmt":"2016-11-22T12:37:34","slug":"passo-a-passo-da-peregrinacao","status":"publish","type":"page","link":"https:\/\/blog.cancaonova.com\/evangelizadorperegrino\/passo-a-passo-da-peregrinacao\/","title":{"rendered":"Passo a passo peregrina\u00e7\u00e3o"},"content":{"rendered":"<p><a href=\"http:\/\/blog.cancaonova.com\/evangelizadorperegrino\/files\/2012\/07\/agenda11.jpg\"><img loading=\"lazy\" decoding=\"async\" class=\"aligncenter size-full wp-image-506\" src=\"http:\/\/blog.cancaonova.com\/evangelizadorperegrino\/files\/2012\/07\/agenda11.jpg\" alt=\"Viagem Religiosa\" width=\"650\" height=\"220\" srcset=\"https:\/\/blog.cancaonova.com\/evangelizadorperegrino\/files\/2012\/07\/agenda11.jpg 650w, https:\/\/blog.cancaonova.com\/evangelizadorperegrino\/files\/2012\/07\/agenda11-300x101.jpg 300w\" sizes=\"(max-width: 650px) 100vw, 650px\" \/><\/a><\/p>\n<p><strong><span style=\"color: #000080\">Obrigada por entrar em contato conosco!<\/span><\/strong><\/p>\n<p><span style=\"color: #000080\">Voc\u00ea que deseja fazer uma experi\u00eancia de ora\u00e7\u00e3o peregrinando aos lugares santos, poder\u00e1 obter algumas informa\u00e7\u00f5es.<\/span><\/p>\n<p><span style=\"color: #000080\">O primeiro passo concreto \u00e9 entrar em contato com a Pol\u00edcia Federal, mais pr\u00f3xima para informar-se sobre a <a title=\"Clique aqui\" href=\"http:\/\/blog.cancaonova.com\/evangelizadorperegrino\/cadastre-se\/\" target=\"_blank\">emiss\u00e3o do passaporte<\/a>. O passaporte \u00e9 um documento importante para realizar uma viagem internacional.<\/span><\/p>\n<p><span style=\"color: #000080\">No aeroporto haver\u00e1 um guia da Obra de Maria aguardando todos os peregrinos para orientar como ser\u00e1 feito o check-in e em qual port\u00e3o ser\u00e1 o embarque para a peregrina\u00e7\u00e3o internacional. <\/span><span style=\"color: #000080\">Esta pessoa conduzir\u00e1 todo o grupo desde o embarque, acomoda\u00e7\u00e3o, visita\u00e7\u00e3o at\u00e9 o retorno e desembarque ao Brasil. <\/span><\/p>\n<p><span style=\"color: #000080\">O diretor espiritual estar\u00e1 acompanhando o grupo dinamizando a ora\u00e7\u00e3o durante toda a peregrina\u00e7\u00e3o. Os guias s\u00e3o os respons\u00e1veis pela espiritualidade e da log\u00edstica, conduzindo tamb\u00e9m aos hot\u00e9is, restaurantes e etc.<\/span><\/p>\n<p><span style=\"color: #000080\"> Chegando ao local da peregrina\u00e7\u00e3o, o guia tur\u00edstico estar\u00e1 nos aguardando para acompanhar o grupo dando as explica\u00e7\u00f5es hist\u00f3ricas. Ele \u00e9 respons\u00e1vel pelo roteiro, nos levando aos lugares que foram programados.<\/span><\/p>\n<p><span style=\"color: #000080\">Ao adquirir o pacote, est\u00e1 incluso as principais refei\u00e7\u00f5es (caf\u00e9 da manh\u00e3, almo\u00e7o e jantar), e durante os dias \u00e9 necess\u00e1rio hidratar-se tomando \u00e1gua, pois dependendo da esta\u00e7\u00e3o, o clima pode ser des\u00e9rtico.<\/span><\/p>\n<p><span style=\"color: #000080\">Existe uma dist\u00e2ncia a ser percorrida para as visitas, e pensando no bem estar do peregrino, todo o translado \u00e9 feito de \u00f4nibus com ar condicionado ou aquecedor.<\/span><\/p>\n<p><span style=\"color: #000080\">Para aqueles que querem presentear com objetos dos lugares santo, reservamos alguns momentos para a compra de lembran\u00e7as<\/span><span style=\"color: #000080\">.<\/span><\/p>\n<p><span style=\"color: #000080\">Aconselhamos que as pessoas que forem peregrinar entrem no clima e espiritualidade do local para rezar e ouvir o que a guia local ensinar\u00e1 sobre o lugar santo visitado. <\/span><\/p>\n<p><span style=\"color: #000080\">Estaremos realizando uma peregrina\u00e7\u00e3o que \u00e9 diferente de uma viagem tur\u00edstica, e isso diz respeito ao nosso objetivo \u201cMais que viagens, encontros com Deus\u201d.<\/span><\/p>\n<p><span style=\"color: #000080\">\u00c9 importante levar a m\u00e1quina fotogr\u00e1fica para registrar imagens dos lugares visitados e para guardar de recorda\u00e7\u00e3o tudo o que foi vivenciado durante os dias de peregrina\u00e7\u00e3o.<\/span><\/p>\n<p><span style=\"color: #000080\">O valor das peregrina\u00e7\u00f5es que est\u00e3o anexados nos roteiros \u00e9 referente ao valor do d\u00f3lar atual e pode haver altera\u00e7\u00e3o de acordo com a cota\u00e7\u00e3o do mesmo.<\/span><\/p>\n<p><span style=\"color: #000080\">Para maiores informa\u00e7\u00f5es sobre pagamento e parcelamento, entre em contato\u00a0pelo telefone (12) 3186-2055.<\/span><\/p>\n<p><span style=\"color: #000080\">Acesse e confira nossos <a title=\"Clique aqui\" href=\"blog.cancaonova.com\/evangelizadorperegrino\/evangelizador-peregrino\/\" target=\"_blank\">roteiros<\/a> e informa\u00e7\u00f5es.<\/span><\/p>\n<p><span style=\"color: #000080\">Qualquer duvida estaremos a disposi\u00e7\u00e3o.<\/span><\/p>\n<p><span style=\"color: #000080\">Deus aben\u00e7oe!<\/span><\/p>\n<p><span style=\"color: #000080\">Dep. Parceria CN<\/span><\/p>\n<p style=\"text-align: left\">\n","protected":false},"excerpt":{"rendered":"<p>Obrigada por entrar em contato conosco! Voc\u00ea que deseja fazer uma experi\u00eancia de ora\u00e7\u00e3o peregrinando aos lugares santos, poder\u00e1 obter algumas informa\u00e7\u00f5es. O primeiro passo concreto \u00e9 entrar em contato com a Pol\u00edcia Federal, mais pr\u00f3xima para informar-se sobre a&#8230;<\/p>\n","protected":false},"author":4398,"featured_media":506,"parent":0,"menu_order":2,"comment_status":"closed","ping_status":"closed","template":"","meta":{"_mi_skip_tracking":false,"_monsterinsights_sitenote_active":false,"_monsterinsights_sitenote_note":"","_monsterinsights_sitenote_category":0,"footnotes":""},"_links":{"self":[{"href":"https:\/\/blog.cancaonova.com\/evangelizadorperegrino\/wp-json\/wp\/v2\/pages\/152"}],"collection":[{"href":"https:\/\/blog.cancaonova.com\/evangelizadorperegrino\/wp-json\/wp\/v2\/pages"}],"about":[{"href":"https:\/\/blog.cancaonova.com\/evangelizadorperegrino\/wp-json\/wp\/v2\/types\/page"}],"author":[{"embeddable":true,"href":"https:\/\/blog.cancaonova.com\/evangelizadorperegrino\/wp-json\/wp\/v2\/users\/4398"}],"replies":[{"embeddable":true,"href":"https:\/\/blog.cancaonova.com\/evangelizadorperegrino\/wp-json\/wp\/v2\/comments?post=152"}],"version-history":[{"count":49,"href":"https:\/\/blog.cancaonova.com\/evangelizadorperegrino\/wp-json\/wp\/v2\/pages\/152\/revisions"}],"predecessor-version":[{"id":3055,"href":"https:\/\/blog.cancaonova.com\/evangelizadorperegrino\/wp-json\/wp\/v2\/pages\/152\/revisions\/3055"}],"wp:featuredmedia":[{"embeddable":true,"href":"https:\/\/blog.cancaonova.com\/evangelizadorperegrino\/wp-json\/wp\/v2\/media\/506"}],"wp:attachment":[{"href":"https:\/\/blog.cancaonova.com\/evangelizadorperegrino\/wp-json\/wp\/v2\/media?parent=152"}],"curies":[{"name":"wp","href":"https:\/\/api.w.org\/{rel}","templated":true}]}}