{"id":26,"date":"2009-10-27T17:12:06","date_gmt":"2009-10-27T19:12:06","guid":{"rendered":"http:\/\/blog.cancaonova.com\/evangelizadorperegrino\/?page_id=26"},"modified":"2022-08-31T15:54:21","modified_gmt":"2022-08-31T18:54:21","slug":"passaporte","status":"publish","type":"page","link":"https:\/\/blog.cancaonova.com\/evangelizadorperegrino\/passaporte\/","title":{"rendered":"Passaporte: como tirar o meu?"},"content":{"rendered":"<p><!-- --><\/p>\n<h2>O que o passaporte tem haver com minha peregrina\u00e7\u00e3o?<\/h2>\n<p>Sua peregrina\u00e7\u00e3o come\u00e7a com sua atitude de f\u00e9, onde voc\u00ea se organiza espiritualmente e tamb\u00e9m financeiramente, entretanto, existe um documento federal, necess\u00e1rio para que sua peregrina\u00e7\u00e3o se torne uma realidade: <strong>o passaporte!<\/strong><\/p>\n<p>O passaporte \u00e9 um documento individual e obrigat\u00f3rio de viagem que identifica o viajante em outros pa\u00edses. Nele estar\u00e1 os dados pessoais, espa\u00e7o para o registro de entrada e sa\u00edda dos pa\u00edses visitados, bem como espa\u00e7o para o visto dos pa\u00edses nos quais ele \u00e9 exigido.<\/p>\n<p>Ou seja, sem passaporte, sem peregrina\u00e7\u00e3o.<\/p>\n<h3>Como e onde posso tirar meu passaporte?<\/h3>\n<p>O procedimento para que voc\u00ea fa\u00e7a o seu passaporte \u00e9 relativamente simples e r\u00e1pido. Mas nada de deixar tudo para ultima hora, pois, imprevistos s\u00e3o sempre poss\u00edveis de acontecer e com certeza voc\u00ea n\u00e3o quer correr esse risco.<\/p>\n<p>Vamos l\u00e1, deixaremos aqui um passo a passo para lhe auxiliar.<\/p>\n<p>A Policia Federal \u00e9 o \u00f3rg\u00e3o de governo competente para requerimento do seu passaporte. Portanto voc\u00ea ir\u00e1 necessitar preencher o formul\u00e1rio, pagar uma taxa, agendar o atendimento e depois retirar o seu documento devidamente legalizado.<\/p>\n<p><a href=\"https:\/\/blog.cancaonova.com\/evangelizadorperegrino\/files\/2009\/10\/passaporte1b.jpg\"><img loading=\"lazy\" decoding=\"async\" class=\"aligncenter wp-image-3298 size-large\" src=\"https:\/\/blog.cancaonova.com\/evangelizadorperegrino\/files\/2009\/10\/passaporte1b-583x300.jpg\" alt=\"\" width=\"583\" height=\"300\" \/><\/a><\/p>\n<p>&nbsp;<\/p>\n<p><strong>Entre\u00a0no site da <\/strong><strong><a href=\"http:\/\/www.dpf.gov.br\/\" target=\"_blank\" rel=\"noopener\">Pol\u00edcia Federal<\/a><\/strong><\/p>\n<p>1. Preencher o formul\u00e1rio<\/p>\n<div>\n<p>Antes de preencher o formul\u00e1rio, \u00e9 importante conferir se possuir toda a documenta\u00e7\u00e3o necess\u00e1ria em via\u00a0<strong>original<\/strong>. A documenta\u00e7\u00e3o ser\u00e1 usada no preenchimento do formul\u00e1rio e dever\u00e1 ser\u00a0<strong>apresentada<\/strong>\u00a0no dia do atendimento presencial, sendo devolvida ap\u00f3s a confer\u00eancia. N\u00e3o s\u00e3o aceitas c\u00f3pias comuns nem autenticadas, em respeito ao\u00a0<a class=\"text-decoration-none\" href=\"http:\/\/www.gov.br\/pf\/pt-br\/assuntos\/passaporte\/links\/decreto-5-978-de-2006\" target=\"_blank\" rel=\"noopener\">Decreto 5.978 de 2006<\/a>.<\/p>\n<p>Tenha os documentos em m\u00e3os:<\/p>\n<\/div>\n<p>&#8211; Identidade<\/p>\n<p>&#8211; T\u00edtulo de Eleitor<\/p>\n<p>&#8211; Carteira de Reservista<\/p>\n<p>&#8211; Passaporte anterior (se tiver)<\/p>\n<p>&#8211; CPF<\/p>\n<p>2. Pagar taxa<\/p>\n<p>O boleto \u00e9 gerado na etapa anterior, mas \u00e9 poss\u00edvel\u00a0<a class=\"text-decoration-none\" href=\"http:\/\/www.gov.br\/pf\/pt-br\/assuntos\/passaporte\/ajuda\/duvidas\/taxa\/taxa-gerar-novo-boleto#formfield-form-widgets-resposta\" target=\"_blank\" rel=\"noopener\">gerar novo boleto<\/a>\u00a0se necess\u00e1rio. Ao pagar,\u00a0<strong>cuidado<\/strong>: evite agendar o pagamento para data futura pois somente ap\u00f3s a compensa\u00e7\u00e3o ser\u00e1 poss\u00edvel seguir para a pr\u00f3xima etapa.<\/p>\n<p>3. Agendar atendimento<\/p>\n<div>\n<p>A unidade de atendimento deve ser escolhida levando-se em conta que o solicitante dever\u00e1 voltar a essa\u00a0<span class=\"text-semi-bold d-inline\">mesma unidade<\/span>\u00a0para buscar o passaporte pronto, dentro de um prazo m\u00e1ximo de 90 (noventa) dias, quando o passaporte \u00e9 cancelado, com total preju\u00edzo da taxa paga.<\/p>\n<p>4. Comparecer \u00e0 unidade escolhida<\/p>\n<div>\n<p>O atendimento \u00e9\u00a0<strong>presencial<\/strong>, inclusive no caso do menor. A documenta\u00e7\u00e3o necess\u00e1ria deve ser apresentada em via original na unidade escolhida, no dia hor\u00e1rio\u00a0<strong>agendados<\/strong>. Durante o atendimento s\u00e3o coletadas impress\u00f5es digitais e uma fotografia facial. Ap\u00f3s o atendimento, o prazo de entrega ser\u00e1 informado pelo posto. Em geral, o prazo \u00e9 de 6 dias \u00fateis.<\/p>\n<p>5. Consultar andamento<\/p>\n<div>\n<p>Ap\u00f3s o atendimento, \u00e9 poss\u00edvel consultar o andamento da solicita\u00e7\u00e3o. A entrega ser\u00e1 poss\u00edvel somente quando o resultado da consulta for:\u00a0<em class=\"color-secondary-05\">Documento de viagem\u00a0<strong class=\"color-secondary-05\">dispon\u00edvel para entrega<\/strong>. Confira os dias e hor\u00e1rios de funcionamento do servi\u00e7o&#8230;<\/em><\/p>\n<p>6. Receber passaporte pronto<\/p>\n<div>\n<p>O passaporte \u00e9 entregue\u00a0<strong>somente ao titular<\/strong>, na mesma unidade em que foi solicitado. Menor de 16 anos deve estar acompanhado por respons\u00e1vel legal. Menor de 12 anos n\u00e3o precisa comparecer: o passaporte pode ser entregue ao respons\u00e1vel legal e nele ser\u00e1 aposto um carimbo no local da assinatura com os dizeres\u00a0<em>&#8220;Menor de 12 anos de idade&#8221;<\/em>.<\/p>\n<p><a href=\"https:\/\/blog.cancaonova.com\/evangelizadorperegrino\/files\/2009\/10\/passaporte-scaled.jpg\"><img loading=\"lazy\" decoding=\"async\" class=\"aligncenter wp-image-3300 size-large\" src=\"https:\/\/blog.cancaonova.com\/evangelizadorperegrino\/files\/2009\/10\/passaporte-scaled-600x300.jpg\" alt=\"\" width=\"600\" height=\"300\" srcset=\"https:\/\/blog.cancaonova.com\/evangelizadorperegrino\/files\/2009\/10\/passaporte-scaled-600x300.jpg 600w, https:\/\/blog.cancaonova.com\/evangelizadorperegrino\/files\/2009\/10\/passaporte-scaled-300x150.jpg 300w, https:\/\/blog.cancaonova.com\/evangelizadorperegrino\/files\/2009\/10\/passaporte-scaled-150x75.jpg 150w\" sizes=\"(max-width: 600px) 100vw, 600px\" \/><\/a><\/p>\n<\/div>\n<\/div>\n<\/div>\n<\/div>\n<p>Pronto! Passaporte na m\u00e3o, certeza de viagem praticamente garantida.<\/p>\n<p>Caso ainda tenha ficado com d\u00favidas, entre no site ou ligue para o escrit\u00f3rio da Policia Federal mais perto de voc\u00ea, com certeza voc\u00ea ser\u00e1 prontamente atendido, sendo devidamente esclarecido em suas eventuais incertezas.<\/p>\n<h5>fonte:\u00a0https:\/\/www.gov.br\/pt-br\/servicos\/obter-passaporte-comum-para-brasileiro<\/h5>\n<p>&nbsp;<\/p>\n<p>&nbsp;<\/p>\n<p>&nbsp;<\/p>\n<p>&nbsp;<\/p>\n<p>&nbsp;<\/p>\n<p>&nbsp;<\/p>\n<p>&nbsp;<\/p>\n<p>&nbsp;<\/p>\n<p>&nbsp;<\/p>\n<p>&nbsp;<\/p>\n<p>&nbsp;<\/p>\n<p>&nbsp;<\/p>\n","protected":false},"excerpt":{"rendered":"<p>O que o passaporte tem haver com minha peregrina\u00e7\u00e3o? Sua peregrina\u00e7\u00e3o come\u00e7a com sua atitude de f\u00e9, onde voc\u00ea se organiza espiritualmente e tamb\u00e9m financeiramente, entretanto, existe um documento federal, necess\u00e1rio para que sua peregrina\u00e7\u00e3o se torne uma realidade: o&#8230;<\/p>\n","protected":false},"author":4398,"featured_media":0,"parent":0,"menu_order":4,"comment_status":"closed","ping_status":"closed","template":"","meta":{"_mi_skip_tracking":false,"_monsterinsights_sitenote_active":false,"_monsterinsights_sitenote_note":"","_monsterinsights_sitenote_category":0,"footnotes":""},"_links":{"self":[{"href":"https:\/\/blog.cancaonova.com\/evangelizadorperegrino\/wp-json\/wp\/v2\/pages\/26"}],"collection":[{"href":"https:\/\/blog.cancaonova.com\/evangelizadorperegrino\/wp-json\/wp\/v2\/pages"}],"about":[{"href":"https:\/\/blog.cancaonova.com\/evangelizadorperegrino\/wp-json\/wp\/v2\/types\/page"}],"author":[{"embeddable":true,"href":"https:\/\/blog.cancaonova.com\/evangelizadorperegrino\/wp-json\/wp\/v2\/users\/4398"}],"replies":[{"embeddable":true,"href":"https:\/\/blog.cancaonova.com\/evangelizadorperegrino\/wp-json\/wp\/v2\/comments?post=26"}],"version-history":[{"count":45,"href":"https:\/\/blog.cancaonova.com\/evangelizadorperegrino\/wp-json\/wp\/v2\/pages\/26\/revisions"}],"predecessor-version":[{"id":3304,"href":"https:\/\/blog.cancaonova.com\/evangelizadorperegrino\/wp-json\/wp\/v2\/pages\/26\/revisions\/3304"}],"wp:attachment":[{"href":"https:\/\/blog.cancaonova.com\/evangelizadorperegrino\/wp-json\/wp\/v2\/media?parent=26"}],"curies":[{"name":"wp","href":"https:\/\/api.w.org\/{rel}","templated":true}]}}