{"id":4,"date":"2023-10-12T00:37:07","date_gmt":"2023-10-12T03:37:07","guid":{"rendered":"http:\/\/blog.cancaonova.com\/evora\/tamanhos-de-imagem\/"},"modified":"2023-10-12T02:14:50","modified_gmt":"2023-10-12T05:14:50","slug":"tv-cn-portugal","status":"publish","type":"page","link":"https:\/\/blog.cancaonova.com\/evoraportugal\/tv-cn-portugal\/","title":{"rendered":"TV CN - Portugal"},"content":{"rendered":"<p>&nbsp;<\/p>\n<hr \/>\n<p style=\"text-align: center;\"><strong>TV Can\u00e7\u00e3o Nova, Portugal<\/strong><a href=\"https:\/\/tv.cancaonova.pt\/\" target=\"_blank\" rel=\"https:\/\/tv.cancaonova.pt\/ noopener\"><img loading=\"lazy\" decoding=\"async\" class=\"aligncenter wp-image-19 size-large\" src=\"http:\/\/blog.cancaonova.com\/evora\/files\/2023\/10\/Tv-Portugal-indirecto-600x300.png\" alt=\"\" width=\"600\" height=\"300\" srcset=\"https:\/\/blog.cancaonova.com\/evoraportugal\/files\/2023\/10\/Tv-Portugal-indirecto-600x300.png 600w, https:\/\/blog.cancaonova.com\/evoraportugal\/files\/2023\/10\/Tv-Portugal-indirecto-300x150.png 300w, https:\/\/blog.cancaonova.com\/evoraportugal\/files\/2023\/10\/Tv-Portugal-indirecto-150x75.png 150w\" sizes=\"(max-width: 600px) 100vw, 600px\" \/><\/a><\/p>\n<hr \/>\n<p>A TV Can\u00e7\u00e3o Nova, Emissora Cat\u00f3lica da Funda\u00e7\u00e3o Jo\u00e3o Paulo II, come\u00e7ou suas actividades em 8 de Dezembro de 1989, \u00e0s 10:00hs transmitindo a celebra\u00e7\u00e3o de uma Santa Missa inaugural, com uma Retransmissora da TVE do Rio de Janeiro.<br \/>\nEram duas horas e quarenta minutos di\u00e1rios de programa\u00e7\u00e3o para Cachoeira Paulista e cidades vizinhas.<\/p>\n<p>Anos depois, essa programa\u00e7\u00e3o foi tamb\u00e9m sendo divulgada por outros canais, at\u00e9 come\u00e7ar a ser exibida via sat\u00e9lite atrav\u00e9s da TV Executiva Embratel. Mas era uma programa\u00e7\u00e3o inconstante, com diferentes hor\u00e1rios em diferentes dias e at\u00e9 em diferentes canais. V\u00e1rias vezes os nossos programas tinham de ser cortados porque o tempo dispon\u00edvel se esgotava.<\/p>\n<p>&nbsp;<\/p>\n<p><img loading=\"lazy\" decoding=\"async\" class=\"wp-image-212 aligncenter\" src=\"http:\/\/tv.cancaonova.pt\/wp-content\/uploads\/2016\/01\/pj.jpg\" alt=\"pj\" width=\"268\" height=\"211\" \/><\/p>\n<p>&nbsp;<\/p>\n<p>Os primeiros programas eram: \u201cPrepare o seu cora\u00e7\u00e3o\u201d, \u201cVale vida\u201d, \u201cSom e Can\u00e7\u00e3o\u201d e \u201cEstou no meio de v\u00f3s\u201d, que era apresentado pelo Monsenhor Jonas Abib. Todas as noites havia programa ao vivo.<br \/>\nAlguns mission\u00e1rios assumiram esse desafio, entre eles: Luzia Santiago, Elzinha Yoshie, Nice de Godoy, Carla Astuti. Alguns funcion\u00e1rios tamb\u00e9m faziam parte da equipe, entre eles: Newton Lorena, Marcos Bala, Danilo D\u2019Angelo, Carlos Mariotto, Andr\u00e9 Gulla.<\/p>\n<p>Em 1997 formou-se a Rede Can\u00e7\u00e3o Nova de Televis\u00e3o com a compra da TV Jornal em Aracaju \u2013 SE, gerando a programa\u00e7\u00e3o para toda a Regi\u00e3o Nordeste. Foi quando nasceu o Projecto Dai-me Almas.<\/p>\n<p>Em Maio de 2001, Deus os desafiou a fazer a primeira transmiss\u00e3o da Can\u00e7\u00e3o Nova nas festividades da peregrina\u00e7\u00e3o do 12 e 13 de maio. Ap\u00f3s a transmiss\u00e3o, Eto e mMnsenhor Jonas levou aos membros que Nossa Senhora de F\u00e1tima queria a Can\u00e7\u00e3o Nova no Altar do Mundo, n\u00e3o s\u00f3 a Comunidade, mas a TVCN. Foi assim que criou-se a produtora de TV em Portugal.<\/p>\n<p>Em 2007, com apenas dez anos de forma\u00e7\u00e3o de rede, a TV Can\u00e7\u00e3o Nova estabeleceu-se como a maior emissora de televis\u00e3o cat\u00f3lica do Brasil.<\/p>\n<p>A Funda\u00e7\u00e3o disp\u00f5e ainda de sat\u00e9lites de distribui\u00e7\u00e3o e contribui\u00e7\u00e3o, como o Brasilsat B1 e B3 e o NSS-806, que transmite o material produzido no Brasil e distribui para toda\u00a0<strong>Am\u00e9rica do Norte, do Sul e parte da Europa<\/strong>.<br \/>\nPodendo ser vista desde Setembro de 2005 por\u00a0<strong>todas as regi\u00f5es da Europa<\/strong>, atrav\u00e9s do HOT BIRD, um dos maiores distribuidores do mundo, que abrange 45 milh\u00f5es de receptores e oferece a programa\u00e7\u00e3o cat\u00f3lica em canal livre.<\/p>\n<p>A TV Can\u00e7\u00e3o Nova possui em sua sede, em Cachoeira Paulista \u2013 SP,\u00a0<strong>5 est\u00fadios e 2 espa\u00e7os para eventos<\/strong>, um deles com capacidade para aproximadamente 100 mil pessoas, sendo o maior v\u00e3o livre coberto da Am\u00e9rica Latina, que servem de cen\u00e1rio para a programa\u00e7\u00e3o, sendo a sua \u00e1rea sonorizada e equipada com tecnologia de v\u00eddeo Wall e tel\u00f5es.<br \/>\nAl\u00e9m de contar com tr\u00eas unidades m\u00f3veis de gera\u00e7\u00e3o e produ\u00e7\u00e3o via sat\u00e9lite.<\/p>\n<p>A TV Can\u00e7\u00e3o Nova em Portugal tem seu est\u00fadio em F\u00e1tima ,\u00a0com alguns programas portugueses\u00a0na Grade internacional, e a transmiss\u00e3o di\u00e1ria da Santa Missa \u00e0s 11h00\u00a0e da\u00a0recita\u00e7\u00e3o do Santo Ter\u00e7o \u00e0s 18h00 a partir do Santu\u00e1rio de F\u00e1tima.\u00a0\u00a0O seu sinal chega a todo continente Europeu, ao norte da Africa, Angola,\u00a0M\u00e9dio Oriente\u00a0.<\/p>\n<p>&nbsp;<\/p>\n<p><strong>PROGRAMA\u00c7\u00c3O<\/strong><\/p>\n<p>Diante desse crescimento foi se formando uma programa\u00e7\u00e3o, baseada nos valores e princ\u00edpios crist\u00e3os, bem diferente no cen\u00e1rio televisivo, come\u00e7ando pelo fato de ser uma emissora que se mant\u00e9m sem propagandas comerciais.<br \/>\nProgramas de todos os formatos, estilos e temas: espiritualidade, jornalismo, programas infantis, eventos, entrevistas, debates, m\u00fasica, entretenimento, cultura e programas promocionais.<\/p>\n<p>A TV Can\u00e7\u00e3o Nova, que completa 22 anos no dia 8 de dezembro, \u00e9 a primeira emissora de televis\u00e3o Cat\u00f3lica no Brasil e conta com duas geradoras [Aracaju (SE), Cachoeira Paulista (SP)] al\u00e9m de quatro geradoras afiliadas ao Sistema [Curitiba (PR), Belo Horizonte (MG), Florian\u00f3polis (SC) e Bras\u00edlia (DF)] e 350 retransmissoras. Seu sinal atinge todo o territ\u00f3rio nacional por parab\u00f3lica, al\u00e9m de TV por assinatura e operadoras de TV a cabo. Al\u00e9m disso, a programa\u00e7\u00e3o pode ser acompanhada em tempo real pelo portal tv.cancaonova.com<\/p>\n<p><strong>E tudo isso gra\u00e7as \u00e0 voc\u00ea,\u00a0benfeitor fiel da Can\u00e7\u00e3o Nova, que nos ajuda a levar a Boa Nova de Jesus Cristo ao mundo inteiro!<\/strong><\/p>\n","protected":false},"excerpt":{"rendered":"<p>&nbsp; TV Can\u00e7\u00e3o Nova, Portugal A TV Can\u00e7\u00e3o Nova, Emissora Cat\u00f3lica da Funda\u00e7\u00e3o Jo\u00e3o Paulo II, come\u00e7ou suas actividades em 8 de Dezembro de 1989, \u00e0s 10:00hs transmitindo a celebra\u00e7\u00e3o de uma Santa Missa inaugural, com uma Retransmissora da TVE&#8230;<\/p>\n","protected":false},"author":4539,"featured_media":0,"parent":0,"menu_order":0,"comment_status":"closed","ping_status":"closed","template":"","meta":{"footnotes":""},"_links":{"self":[{"href":"https:\/\/blog.cancaonova.com\/evoraportugal\/wp-json\/wp\/v2\/pages\/4"}],"collection":[{"href":"https:\/\/blog.cancaonova.com\/evoraportugal\/wp-json\/wp\/v2\/pages"}],"about":[{"href":"https:\/\/blog.cancaonova.com\/evoraportugal\/wp-json\/wp\/v2\/types\/page"}],"author":[{"embeddable":true,"href":"https:\/\/blog.cancaonova.com\/evoraportugal\/wp-json\/wp\/v2\/users\/4539"}],"replies":[{"embeddable":true,"href":"https:\/\/blog.cancaonova.com\/evoraportugal\/wp-json\/wp\/v2\/comments?post=4"}],"version-history":[{"count":3,"href":"https:\/\/blog.cancaonova.com\/evoraportugal\/wp-json\/wp\/v2\/pages\/4\/revisions"}],"predecessor-version":[{"id":25,"href":"https:\/\/blog.cancaonova.com\/evoraportugal\/wp-json\/wp\/v2\/pages\/4\/revisions\/25"}],"wp:attachment":[{"href":"https:\/\/blog.cancaonova.com\/evoraportugal\/wp-json\/wp\/v2\/media?parent=4"}],"curies":[{"name":"wp","href":"https:\/\/api.w.org\/{rel}","templated":true}]}}