{"id":53,"date":"2009-10-18T22:44:35","date_gmt":"2009-10-19T01:44:35","guid":{"rendered":"http:\/\/blog.cancaonova.com\/folhaseca\/?page_id=53"},"modified":"2017-05-12T18:37:01","modified_gmt":"2017-05-12T21:37:01","slug":"oracoes-e-suplicas","status":"publish","type":"page","link":"https:\/\/blog.cancaonova.com\/folhaseca\/oracoes-e-suplicas\/","title":{"rendered":"Ora\u00e7\u00f5es e S\u00faplicas"},"content":{"rendered":"<p>Senhor, tu sabes tudo!<br \/>\nTu sabes que eu te amo!<br \/>\nConheces minhas verdades, conheces minhas realidades.<br \/>\nNas noites escuras vem me iluminar.<br \/>\nNos trope\u00e7os da estrada, vem me levantar.<br \/>\nPois s\u00f3 tu \u00e9s o caminho, a verdade e a vida!<br \/>\nNas dores da ang\u00fastia, ensina-me a amar.<br \/>\nAs minhas feridas, vem cicatrizar.<br \/>\nColoco aqui minhas necessidades e as necessidades de quem me pede ora\u00e7\u00f5es.<br \/>\nFica comigo Senhor. Seja sempre meu ombro amigo.<\/p>\n<p>Oremos e supliquemos ao Pai.<\/p>\n<p><strong>Wallace Andrade<br \/>\nComunidade Can\u00e7\u00e3o Nova<br \/>\n&#x77;&#x61;&#x6c;&#x6c;&#x61;&#x63;&#x65;&#x2e;&#x61;&#x6e;&#x64;&#x72;&#x61;&#x64;&#x65;&#x40;&#x63;&#x61;&#x6e;&#x63;&#x61;&#x6f;&#x6e;&#x6f;&#x76;&#x61;&#x2e;&#x63;&#x6f;&#x6d;<\/strong><\/p>\n","protected":false},"excerpt":{"rendered":"<p>Senhor, tu sabes tudo! Tu sabes que eu te amo! Conheces minhas verdades, conheces minhas realidades. Nas noites escuras vem me iluminar. Nos trope\u00e7os da estrada, vem me levantar. Pois s\u00f3 tu \u00e9s o caminho, a verdade e a vida!&#8230;<\/p>\n","protected":false},"author":4397,"featured_media":0,"parent":0,"menu_order":0,"comment_status":"open","ping_status":"open","template":"","meta":{"_mi_skip_tracking":false,"_monsterinsights_sitenote_active":false,"_monsterinsights_sitenote_note":"","_monsterinsights_sitenote_category":0,"footnotes":""},"_links":{"self":[{"href":"https:\/\/blog.cancaonova.com\/folhaseca\/wp-json\/wp\/v2\/pages\/53"}],"collection":[{"href":"https:\/\/blog.cancaonova.com\/folhaseca\/wp-json\/wp\/v2\/pages"}],"about":[{"href":"https:\/\/blog.cancaonova.com\/folhaseca\/wp-json\/wp\/v2\/types\/page"}],"author":[{"embeddable":true,"href":"https:\/\/blog.cancaonova.com\/folhaseca\/wp-json\/wp\/v2\/users\/4397"}],"replies":[{"embeddable":true,"href":"https:\/\/blog.cancaonova.com\/folhaseca\/wp-json\/wp\/v2\/comments?post=53"}],"version-history":[{"count":3,"href":"https:\/\/blog.cancaonova.com\/folhaseca\/wp-json\/wp\/v2\/pages\/53\/revisions"}],"predecessor-version":[{"id":1939,"href":"https:\/\/blog.cancaonova.com\/folhaseca\/wp-json\/wp\/v2\/pages\/53\/revisions\/1939"}],"wp:attachment":[{"href":"https:\/\/blog.cancaonova.com\/folhaseca\/wp-json\/wp\/v2\/media?parent=53"}],"curies":[{"name":"wp","href":"https:\/\/api.w.org\/{rel}","templated":true}]}}