{"id":10878,"date":"2012-04-25T09:57:56","date_gmt":"2012-04-25T11:57:56","guid":{"rendered":"http:\/\/blog.cancaonova.com\/gravata\/files\/2012\/04\/CARTAZ-ANIVERS\u00c1RIO-RADIO-CN-GRAVAT\u00c1-17-ANOS-2012.jpg"},"modified":"2012-04-25T09:57:56","modified_gmt":"2012-04-25T11:57:56","slug":"cartaz-aniversario-radio-cn-gravata-17-anos-2012","status":"inherit","type":"attachment","link":"https:\/\/blog.cancaonova.com\/gravata\/cartaz-aniversario-radio-cn-gravata-17-anos-2012\/","title":{"rendered":"CARTAZ ANIVERS\u00c1RIO RADIO CN GRAVAT\u00c1 17 ANOS 2012"},"author":3411,"featured_media":0,"comment_status":"open","ping_status":"open","template":"","meta":{"_mi_skip_tracking":false,"_monsterinsights_sitenote_active":false,"_monsterinsights_sitenote_note":"","_monsterinsights_sitenote_category":0},"description":{"rendered":"<p class=\"attachment\"><a href='https:\/\/blog.cancaonova.com\/gravata\/files\/2012\/04\/CARTAZ-ANIVERS\u00c1RIO-RADIO-CN-GRAVAT\u00c1-17-ANOS-2012.jpg'><img loading=\"lazy\" decoding=\"async\" width=\"120\" height=\"75\" src=\"https:\/\/blog.cancaonova.com\/gravata\/files\/2012\/04\/CARTAZ-ANIVERS\u00c1RIO-RADIO-CN-GRAVAT\u00c1-17-ANOS-2012-500x312.jpg\" class=\"attachment-medium size-medium\" alt=\"\" srcset=\"https:\/\/blog.cancaonova.com\/gravata\/files\/2012\/04\/CARTAZ-ANIVERS\u00c1RIO-RADIO-CN-GRAVAT\u00c1-17-ANOS-2012-500x312.jpg 500w, https:\/\/blog.cancaonova.com\/gravata\/files\/2012\/04\/CARTAZ-ANIVERS\u00c1RIO-RADIO-CN-GRAVAT\u00c1-17-ANOS-2012.jpg 666w\" sizes=\"(max-width: 120px) 100vw, 120px\" \/><\/a><\/p>\n"},"caption":{"rendered":""},"alt_text":"","media_type":"image","mime_type":"image\/jpeg","media_details":{"width":"666","height":"416","hwstring_small":"height='79' width='128'","file":"2012\/04\/CARTAZ-ANIVERS\u00c1RIO-RADIO-CN-GRAVAT\u00c1-17-ANOS-2012.jpg","sizes":{"thumbnail":{"file":"CARTAZ-ANIVERS\u00c1RIO-RADIO-CN-GRAVAT\u00c1-17-ANOS-2012-150x150.jpg","width":"150","height":"150","source_url":"https:\/\/blog.cancaonova.com\/gravata\/files\/2012\/04\/CARTAZ-ANIVERS\u00c1RIO-RADIO-CN-GRAVAT\u00c1-17-ANOS-2012-150x150.jpg"},"medium":{"file":"CARTAZ-ANIVERS\u00c1RIO-RADIO-CN-GRAVAT\u00c1-17-ANOS-2012-500x312.jpg","width":"500","height":"312","source_url":"https:\/\/blog.cancaonova.com\/gravata\/files\/2012\/04\/CARTAZ-ANIVERS\u00c1RIO-RADIO-CN-GRAVAT\u00c1-17-ANOS-2012-500x312.jpg"},"full":{"file":"CARTAZ-ANIVERS\u00c1RIO-RADIO-CN-GRAVAT\u00c1-17-ANOS-2012.jpg","width":666,"height":416,"mime_type":"image\/jpeg","source_url":"https:\/\/blog.cancaonova.com\/gravata\/files\/2012\/04\/CARTAZ-ANIVERS\u00c1RIO-RADIO-CN-GRAVAT\u00c1-17-ANOS-2012.jpg"}},"image_meta":{"aperture":"0","credit":"","camera":"","caption":"","created_timestamp":"0","copyright":"","focal_length":"0","iso":"0","shutter_speed":"0","title":""}},"post":null,"source_url":"https:\/\/blog.cancaonova.com\/gravata\/files\/2012\/04\/CARTAZ-ANIVERS\u00c1RIO-RADIO-CN-GRAVAT\u00c1-17-ANOS-2012.jpg","_links":{"self":[{"href":"https:\/\/blog.cancaonova.com\/gravata\/wp-json\/wp\/v2\/media\/10878"}],"collection":[{"href":"https:\/\/blog.cancaonova.com\/gravata\/wp-json\/wp\/v2\/media"}],"about":[{"href":"https:\/\/blog.cancaonova.com\/gravata\/wp-json\/wp\/v2\/types\/attachment"}],"author":[{"embeddable":true,"href":"https:\/\/blog.cancaonova.com\/gravata\/wp-json\/wp\/v2\/users\/3411"}]}}

http://blog.cancaonova.com/gravata/files/2012/04/CARTAZ-ANIVERSÁRIO-RADIO-CN-GRAVATÁ-17-ANOS-2012.jpg

CARTAZ ANIVERSÁRIO RADIO CN GRAVATÁ 17 ANOS 2012

<p class="attachment"><a href='https://blog.cancaonova.com/gravata/files/2012/04/CARTAZ-ANIVERSÁRIO-RADIO-CN-GRAVATÁ-17-ANOS-2012.jpg'><img loading="lazy" decoding="async" width="120" height="75" src="https://blog.cancaonova.com/gravata/files/2012/04/CARTAZ-ANIVERSÁRIO-RADIO-CN-GRAVATÁ-17-ANOS-2012-500x312.jpg" class="attachment-medium size-medium" alt="" srcset="https://blog.cancaonova.com/gravata/files/2012/04/CARTAZ-ANIVERSÁRIO-RADIO-CN-GRAVATÁ-17-ANOS-2012-500x312.jpg 500w, https://blog.cancaonova.com/gravata/files/2012/04/CARTAZ-ANIVERSÁRIO-RADIO-CN-GRAVATÁ-17-ANOS-2012.jpg 666w" sizes="(max-width: 120px) 100vw, 120px" /></a></p>

2012/04/CARTAZ-ANIVERSÁRIO-RADIO-CN-GRAVATÁ-17-ANOS-2012.jpg

CARTAZ-ANIVERSÁRIO-RADIO-CN-GRAVATÁ-17-ANOS-2012-150x150.jpg

https://blog.cancaonova.com/gravata/files/2012/04/CARTAZ-ANIVERSÁRIO-RADIO-CN-GRAVATÁ-17-ANOS-2012-150x150.jpg

CARTAZ-ANIVERSÁRIO-RADIO-CN-GRAVATÁ-17-ANOS-2012-500x312.jpg

https://blog.cancaonova.com/gravata/files/2012/04/CARTAZ-ANIVERSÁRIO-RADIO-CN-GRAVATÁ-17-ANOS-2012-500x312.jpg

CARTAZ-ANIVERSÁRIO-RADIO-CN-GRAVATÁ-17-ANOS-2012.jpg

https://blog.cancaonova.com/gravata/files/2012/04/CARTAZ-ANIVERSÁRIO-RADIO-CN-GRAVATÁ-17-ANOS-2012.jpg
