{"id":12654,"date":"2016-10-18T13:44:24","date_gmt":"2016-10-18T15:44:24","guid":{"rendered":"http:\/\/blog.cancaonova.com\/gravata\/?page_id=12654"},"modified":"2024-02-03T23:10:59","modified_gmt":"2024-02-04T02:10:59","slug":"agendasemanal2024","status":"publish","type":"page","link":"https:\/\/blog.cancaonova.com\/gravata\/eventos\/agendasemanal2024\/","title":{"rendered":"ATIVIDADES DA MISS\u00c3O"},"content":{"rendered":"<h1 style=\"text-align: left\"><strong style=\"font-size: 16px\"><img loading=\"lazy\" decoding=\"async\" class=\" wp-image-13739 aligncenter\" src=\"http:\/\/blog.cancaonova.com\/gravata\/files\/2016\/10\/BLOG-ATIVIDADES-SEMANAIS-CARTAZ-120x67.png\" alt=\"\" width=\"345\" height=\"193\" srcset=\"https:\/\/blog.cancaonova.com\/gravata\/files\/2016\/10\/BLOG-ATIVIDADES-SEMANAIS-CARTAZ-120x67.png 120w, https:\/\/blog.cancaonova.com\/gravata\/files\/2016\/10\/BLOG-ATIVIDADES-SEMANAIS-CARTAZ-768x432.png 768w, https:\/\/blog.cancaonova.com\/gravata\/files\/2016\/10\/BLOG-ATIVIDADES-SEMANAIS-CARTAZ-384x216.png 384w, https:\/\/blog.cancaonova.com\/gravata\/files\/2016\/10\/BLOG-ATIVIDADES-SEMANAIS-CARTAZ-512x288.png 512w, https:\/\/blog.cancaonova.com\/gravata\/files\/2016\/10\/BLOG-ATIVIDADES-SEMANAIS-CARTAZ-1024x576.png 1024w, https:\/\/blog.cancaonova.com\/gravata\/files\/2016\/10\/BLOG-ATIVIDADES-SEMANAIS-CARTAZ.png 1366w\" sizes=\"(max-width: 345px) 100vw, 345px\" \/><\/strong><\/h1>\n<h1><\/h1>\n<h1 style=\"text-align: left\"><strong>ATIVIDADES DA MISS\u00c3O\u00a0&#8211; 2024<\/strong><\/h1>\n<div style=\"text-align: left\">\n<h2 style=\"text-align: left\"><strong><span style=\"vertical-align: inherit\"><span style=\"vertical-align: inherit\">\u00a0SANTA MISSA:\u00a0<\/span><\/span><\/strong><\/h2>\n<\/div>\n<div style=\"text-align: left\">Segunda, Ter\u00e7a, Quarta, Sexta e S\u00e1bado &#8211; <strong>17h.<\/strong><\/div>\n<div style=\"text-align: left\">Quinta-feira, Santa Missa pelas Fam\u00edlias &#8211; <strong>19h.<\/strong><\/div>\n<div style=\"text-align: left\">(Com adora\u00e7\u00e3o ao Santissimo Sacramento)<\/div>\n<div style=\"text-align: left\"><\/div>\n<h2 style=\"text-align: left\">\u00a0<strong>CONFISS\u00d5ES:\u00a0<\/strong><\/h2>\n<div style=\"text-align: left\">De Segunda a Sextas:\u00a0<strong>Das 14h \u00e0s 16h.<\/strong><\/div>\n<div style=\"text-align: left\">(Por ordem de chegada)<\/div>\n<div style=\"text-align: left\"><\/div>\n<h2 style=\"text-align: left\">\u00a0<strong>BAZAR CAN\u00c7\u00c3O NOVA:<\/strong><\/h2>\n<div style=\"text-align: left\">De Segunda a Sexta &#8211; <strong>Das 8h30 \u00e0s 12h.<\/strong><\/div>\n<div style=\"text-align: left\"><\/div>\n<h2 style=\"text-align: left\">\u00a0<strong>HOR\u00c1RIO DE FUNCIONAMENTO DA MISS\u00c3O:<\/strong><\/h2>\n<div style=\"text-align: left\">De Segunda a S\u00e1bado &#8211; <strong>Hor\u00e1rio comercial.<\/strong><\/div>\n<div style=\"text-align: left\"><\/div>\n<div><\/div>\n<div><\/div>\n<h5 style=\"text-align: left\">A Comunidade\u00a0Can\u00e7\u00e3o Nova, em Gravat\u00e1-PE, empenha-se em acolher, com carinho, todos os peregrinos com uma ampla infraestrutura e um ambiente agrad\u00e1vel e cheio de paz, prop\u00edcio para a ora\u00e7\u00e3o e o encontro com Deus.<\/h5>\n<p style=\"text-align: left\">Local: <span style=\"font-weight: 400\">Av. C\u00edcero Batista de Oliveira, s\/n &#8211; Bairro: Alpes Su\u00ed\u00e7os &#8211; Gravat\u00e1 &#8211; PE.<\/span><\/p>\n<h3 style=\"text-align: left\"><strong>Para mais informa\u00e7\u00f5es, entre em contato:<\/strong> (81) 3533-4764<\/h3>\n<p style=\"text-align: left\">Esperamos por voc\u00ea!<\/p>\n<p>&nbsp;<\/p>\n<p style=\"text-align: left\"><strong>Siga-nos nas Redes Sociais:<\/strong><br \/>\nSiga o nosso Instagram: @cancaonovagravata @radiocngravata<br \/>\nFacebook: Can\u00e7\u00e3o Nova Gravat\u00e1<br \/>\nGravat\u00e1 \u2013 R\u00e1dio Can\u00e7\u00e3o Nova (cancaonova.com)<\/p>\n","protected":false},"excerpt":{"rendered":"<p>ATIVIDADES DA MISS\u00c3O\u00a0&#8211; 2024 \u00a0SANTA MISSA:\u00a0 Segunda, Ter\u00e7a, Quarta, Sexta e S\u00e1bado &#8211; 17h. Quinta-feira, Santa Missa pelas Fam\u00edlias &#8211; 19h. (Com adora\u00e7\u00e3o ao Santissimo Sacramento) \u00a0CONFISS\u00d5ES:\u00a0 De Segunda a Sextas:\u00a0Das 14h \u00e0s 16h. (Por ordem de chegada) \u00a0BAZAR CAN\u00c7\u00c3O&#8230;<\/p>\n","protected":false},"author":4539,"featured_media":13514,"parent":13072,"menu_order":0,"comment_status":"closed","ping_status":"closed","template":"","meta":{"_mi_skip_tracking":false,"_monsterinsights_sitenote_active":false,"_monsterinsights_sitenote_note":"","_monsterinsights_sitenote_category":0,"footnotes":""},"_links":{"self":[{"href":"https:\/\/blog.cancaonova.com\/gravata\/wp-json\/wp\/v2\/pages\/12654"}],"collection":[{"href":"https:\/\/blog.cancaonova.com\/gravata\/wp-json\/wp\/v2\/pages"}],"about":[{"href":"https:\/\/blog.cancaonova.com\/gravata\/wp-json\/wp\/v2\/types\/page"}],"author":[{"embeddable":true,"href":"https:\/\/blog.cancaonova.com\/gravata\/wp-json\/wp\/v2\/users\/4539"}],"replies":[{"embeddable":true,"href":"https:\/\/blog.cancaonova.com\/gravata\/wp-json\/wp\/v2\/comments?post=12654"}],"version-history":[{"count":32,"href":"https:\/\/blog.cancaonova.com\/gravata\/wp-json\/wp\/v2\/pages\/12654\/revisions"}],"predecessor-version":[{"id":13756,"href":"https:\/\/blog.cancaonova.com\/gravata\/wp-json\/wp\/v2\/pages\/12654\/revisions\/13756"}],"up":[{"embeddable":true,"href":"https:\/\/blog.cancaonova.com\/gravata\/wp-json\/wp\/v2\/pages\/13072"}],"wp:featuredmedia":[{"embeddable":true,"href":"https:\/\/blog.cancaonova.com\/gravata\/wp-json\/wp\/v2\/media\/13514"}],"wp:attachment":[{"href":"https:\/\/blog.cancaonova.com\/gravata\/wp-json\/wp\/v2\/media?parent=12654"}],"curies":[{"name":"wp","href":"https:\/\/api.w.org\/{rel}","templated":true}]}}