{"id":12656,"date":"2016-10-18T13:53:07","date_gmt":"2016-10-18T15:53:07","guid":{"rendered":"http:\/\/blog.cancaonova.com\/gravata\/?page_id=12656"},"modified":"2024-02-07T15:20:21","modified_gmt":"2024-02-07T18:20:21","slug":"como-chegar","status":"publish","type":"page","link":"https:\/\/blog.cancaonova.com\/gravata\/como-chegar\/","title":{"rendered":"COMO CHEGAR NA CAN\u00c7\u00c3O NOVA EM GRAVAT\u00c1-PE"},"content":{"rendered":"<h1><strong>SAIBA COMO CHEGAR NA CAN\u00c7\u00c3O NOVA DE GRAVAT\u00c1-PE.<\/strong><\/h1>\n<iframe loading=\"lazy\" src=\"https:\/\/www.google.com\/maps\/embed?pb=!1m19!1m8!1m3!1d3949.0612758044736!2d-35.5849831!3d-8.1965824!3m2!1i1024!2i768!4f13.1!4m8!3e6!4m0!4m5!1s0x7aa37cf28c48b4f%3A0x3497680cac802d5b!2sAv.+C%C3%ADcero+Batista+de+Oliveira%2C+13480+-+Novo+Gravat%C3%A1%2C+Gravat%C3%A1+-+PE%2C+Brasil!3m2!1d-8.1973742!2d-35.5823039!5e0!3m2!1spt-BR!2sus!4v1476806401557\" width=\"600\" height=\"450\" frameborder=\"0\" style=\"border:0\" allowfullscreen><\/iframe>\n<h3><\/h3>\n<h3><\/h3>\n<h4 style=\"text-align: left\">(Local:\u00a0Av. C\u00edcero Batista de Oliveira, s\/n \u2013 Bairro: Alpes Su\u00ed\u00e7os \u2013 Gravat\u00e1 \u2013 PE.)<\/h4>\n<h3 style=\"text-align: left\">A Comunidade\u00a0Can\u00e7\u00e3o Nova, em Gravat\u00e1-PE, empenha-se em acolher, com carinho, todos os peregrinos com uma ampla infraestrutura e um ambiente agrad\u00e1vel e cheio de paz, prop\u00edcio para a ora\u00e7\u00e3o e o encontro com Deus.<\/h3>\n<h3 style=\"text-align: left\"><strong>Para mais informa\u00e7\u00f5es, entre em contato:<\/strong>\u00a0(81) 3533-4764<\/h3>\n<p style=\"text-align: left\">Esperamos por voc\u00ea!<\/p>\n<p style=\"text-align: left\"><strong>Siga-nos nas Redes Sociais:<\/strong><br \/>\nSiga o nosso Instagram: @cancaonovagravata @radiocngravata<br \/>\nFacebook: Can\u00e7\u00e3o Nova Gravat\u00e1<br \/>\nGravat\u00e1 \u2013 R\u00e1dio Can\u00e7\u00e3o Nova (cancaonova.com)<\/p>\n","protected":false},"excerpt":{"rendered":"<p>SAIBA COMO CHEGAR NA CAN\u00c7\u00c3O NOVA DE GRAVAT\u00c1-PE. (Local:\u00a0Av. C\u00edcero Batista de Oliveira, s\/n \u2013 Bairro: Alpes Su\u00ed\u00e7os \u2013 Gravat\u00e1 \u2013 PE.) A Comunidade\u00a0Can\u00e7\u00e3o Nova, em Gravat\u00e1-PE, empenha-se em acolher, com carinho, todos os peregrinos com uma ampla infraestrutura e&#8230;<\/p>\n","protected":false},"author":4539,"featured_media":0,"parent":0,"menu_order":0,"comment_status":"closed","ping_status":"closed","template":"","meta":{"_mi_skip_tracking":false,"_monsterinsights_sitenote_active":false,"_monsterinsights_sitenote_note":"","_monsterinsights_sitenote_category":0,"footnotes":""},"_links":{"self":[{"href":"https:\/\/blog.cancaonova.com\/gravata\/wp-json\/wp\/v2\/pages\/12656"}],"collection":[{"href":"https:\/\/blog.cancaonova.com\/gravata\/wp-json\/wp\/v2\/pages"}],"about":[{"href":"https:\/\/blog.cancaonova.com\/gravata\/wp-json\/wp\/v2\/types\/page"}],"author":[{"embeddable":true,"href":"https:\/\/blog.cancaonova.com\/gravata\/wp-json\/wp\/v2\/users\/4539"}],"replies":[{"embeddable":true,"href":"https:\/\/blog.cancaonova.com\/gravata\/wp-json\/wp\/v2\/comments?post=12656"}],"version-history":[{"count":12,"href":"https:\/\/blog.cancaonova.com\/gravata\/wp-json\/wp\/v2\/pages\/12656\/revisions"}],"predecessor-version":[{"id":13766,"href":"https:\/\/blog.cancaonova.com\/gravata\/wp-json\/wp\/v2\/pages\/12656\/revisions\/13766"}],"wp:attachment":[{"href":"https:\/\/blog.cancaonova.com\/gravata\/wp-json\/wp\/v2\/media?parent=12656"}],"curies":[{"name":"wp","href":"https:\/\/api.w.org\/{rel}","templated":true}]}}