{"id":12754,"date":"2016-10-26T17:08:48","date_gmt":"2016-10-26T19:08:48","guid":{"rendered":"http:\/\/blog.cancaonova.com\/gravata\/?page_id=12754"},"modified":"2024-02-21T15:20:06","modified_gmt":"2024-02-21T18:20:06","slug":"hospedagem","status":"publish","type":"page","link":"https:\/\/blog.cancaonova.com\/gravata\/hospedagem\/","title":{"rendered":"HOSPEDAGEM"},"content":{"rendered":"<p><img loading=\"lazy\" decoding=\"async\" class=\" wp-image-13776 aligncenter\" src=\"http:\/\/blog.cancaonova.com\/gravata\/files\/2021\/09\/1-120x68.png\" alt=\"\" width=\"449\" height=\"254\" srcset=\"https:\/\/blog.cancaonova.com\/gravata\/files\/2021\/09\/1-120x68.png 120w, https:\/\/blog.cancaonova.com\/gravata\/files\/2021\/09\/1-768x432.png 768w, https:\/\/blog.cancaonova.com\/gravata\/files\/2021\/09\/1-384x216.png 384w, https:\/\/blog.cancaonova.com\/gravata\/files\/2021\/09\/1-512x288.png 512w, https:\/\/blog.cancaonova.com\/gravata\/files\/2021\/09\/1-1024x576.png 1024w, https:\/\/blog.cancaonova.com\/gravata\/files\/2021\/09\/1-1536x864.png 1536w, https:\/\/blog.cancaonova.com\/gravata\/files\/2021\/09\/1.png 1640w\" sizes=\"(max-width: 449px) 100vw, 449px\" \/><\/p>\n<h3><\/h3>\n<h3 style=\"text-align: center\"><strong>HOSPEDAGEM<\/strong><\/h3>\n<h3 style=\"text-align: left\"><strong>Alojamentos:<\/strong><\/h3>\n<h4 style=\"text-align: left\">Temos aqui em nossa Ch\u00e1cara alojamentos, sendo masculino e feminino. Nossos alojamentos funcionam somente nos Acampamentos ou Kair\u00f3s.<\/h4>\n<h4 style=\"text-align: left\">\u00c9 necess\u00e1rio trazer colchonete, roupas de cama, banho e pertences pessoas. \u00a0Para cada pessoa \u00e9 cobrada uma taxa de R$ 20,00, correspondente a todo final de semana do Acampamento. Este valor vai nos ajudar no custeio das despesas internas.<\/h4>\n<h4 style=\"text-align: left\">O cadastro \u00e9 feito por meio deste link:\u00a0<a href=\"https:\/\/docs.google.com\/forms\/d\/1gtJZNlYSNmvfAwTKOhJI5xQaycpWewIiwA2U7vr87o8\/viewform?edit_requested=true\">https:\/\/docs.google.com\/forms\/d\/1gtJZNlYSNmvfAwTKOhJI5xQaycpWewIiwA2U7vr87o8\/viewform?edit_requested=true<\/a><\/h4>\n<h3 style=\"text-align: left\">Observa\u00e7\u00f5es:<\/h3>\n<h4 style=\"text-align: left\">* N\u00e3o nos responsabilizamos pelos pertences pessoais deixados nos alojamentos.<\/h4>\n<h4 style=\"text-align: left\">* N\u00e3o \u00e9 permitida a entrada de homens nos alojamentos femininos, como tamb\u00e9m \u00e9 proibida a entrada de mulheres nos alojamentos masculinos.<\/h4>\n<h4 style=\"text-align: left\">* Menores de idade dever\u00e3o estar acompanhados dos pais ou do respons\u00e1vel, que dever\u00e1 apresentar a autoriza\u00e7\u00e3o escrita dos pais, com reconhecimento de firma, juntamente com a c\u00f3pia da certid\u00e3o de nascimento do menor e c\u00f3pia do RG e CPF dos pais.<\/h4>\n<h4 style=\"text-align: left\">* Os port\u00f5es s\u00e3o fechados \u00e0s 22h, de modo que, quem estiver do lado de fora da Ch\u00e1cara ap\u00f3s este hor\u00e1rio n\u00e3o poder\u00e3o entrar nos alojamentos nem na Ch\u00e1cara.<\/h4>\n<h3 style=\"text-align: left\"><\/h3>\n<h3 style=\"text-align: left\">Nossos encontros s\u00e3o gratuitos, s\u00f3 pedimos a doa\u00e7\u00e3o de 1k de alimento para participar.<\/h3>\n<h2 style=\"text-align: left\">Temos parcerias com pousadas:<\/h2>\n<h4 style=\"text-align: left\"><a href=\"https:\/\/www.instagram.com\/casulo.pousada\/\" target=\"_blank\" rel=\"noopener\">Pousada Casulo<\/a><br \/>\n(81) 3533-2343 | (81) 99982-6003<\/h4>\n<h4 style=\"text-align: left\"><a href=\"https:\/\/www.instagram.com\/pousadavaledogravata\/\" target=\"_blank\" rel=\"noopener\">Pousada Vale do Gravat\u00e1<\/a><br \/>\n(81) 35330074<\/h4>\n<h2 style=\"text-align: left\"><strong>Mais informa\u00e7\u00f5es:<\/strong><\/h2>\n<h4 style=\"text-align: left\">WhatsApp\u00a0 (81) 3533-4764 \/\/ eventosgravata@cancaonova.com<\/h4>\n<h4 style=\"text-align: left\">Endere\u00e7o: Can\u00e7\u00e3o Nova Gravat\u00e1, Ch\u00e1cara de S\u00e3o Jos\u00e9, Rodovia 232, km 81, s\/n, Gravat\u00e1- PE<\/h4>\n<h4 style=\"text-align: left\">Organize sua caravana, convide seus amigos e familiares e venha participar!<\/h4>\n<h4 style=\"text-align: left\"><strong>Siga-nos nas Redes Sociais:<\/strong><br \/>\nSiga o nosso Instagram: @cancaonovagravata @radiocngravata<br \/>\nFacebook: Can\u00e7\u00e3o Nova Gravat\u00e1<br \/>\nR\u00e1dio Can\u00e7\u00e3o Nova Gravat\u00e1 (cancaonova.com)<\/h4>\n","protected":false},"excerpt":{"rendered":"<p>HOSPEDAGEM Alojamentos: Temos aqui em nossa Ch\u00e1cara alojamentos, sendo masculino e feminino. Nossos alojamentos funcionam somente nos Acampamentos ou Kair\u00f3s. \u00c9 necess\u00e1rio trazer colchonete, roupas de cama, banho e pertences pessoas. \u00a0Para cada pessoa \u00e9 cobrada uma taxa de R$&#8230;<\/p>\n","protected":false},"author":4539,"featured_media":0,"parent":0,"menu_order":0,"comment_status":"closed","ping_status":"closed","template":"","meta":{"_mi_skip_tracking":false,"_monsterinsights_sitenote_active":false,"_monsterinsights_sitenote_note":"","_monsterinsights_sitenote_category":0,"footnotes":""},"_links":{"self":[{"href":"https:\/\/blog.cancaonova.com\/gravata\/wp-json\/wp\/v2\/pages\/12754"}],"collection":[{"href":"https:\/\/blog.cancaonova.com\/gravata\/wp-json\/wp\/v2\/pages"}],"about":[{"href":"https:\/\/blog.cancaonova.com\/gravata\/wp-json\/wp\/v2\/types\/page"}],"author":[{"embeddable":true,"href":"https:\/\/blog.cancaonova.com\/gravata\/wp-json\/wp\/v2\/users\/4539"}],"replies":[{"embeddable":true,"href":"https:\/\/blog.cancaonova.com\/gravata\/wp-json\/wp\/v2\/comments?post=12754"}],"version-history":[{"count":12,"href":"https:\/\/blog.cancaonova.com\/gravata\/wp-json\/wp\/v2\/pages\/12754\/revisions"}],"predecessor-version":[{"id":13802,"href":"https:\/\/blog.cancaonova.com\/gravata\/wp-json\/wp\/v2\/pages\/12754\/revisions\/13802"}],"wp:attachment":[{"href":"https:\/\/blog.cancaonova.com\/gravata\/wp-json\/wp\/v2\/media?parent=12754"}],"curies":[{"name":"wp","href":"https:\/\/api.w.org\/{rel}","templated":true}]}}