{"id":8360,"date":"2010-03-12T16:08:59","date_gmt":"2010-03-12T18:08:59","guid":{"rendered":"http:\/\/blog.cancaonova.com\/gravata\/?page_id=8360"},"modified":"2019-02-15T16:04:55","modified_gmt":"2019-02-15T18:04:55","slug":"regulamento-do-camping","status":"publish","type":"page","link":"https:\/\/blog.cancaonova.com\/gravata\/regulamento-do-camping\/","title":{"rendered":"Regulamento do camping"},"content":{"rendered":"<p><a href=\"http:\/\/blog.cancaonova.com\/gravata\/files\/2010\/04\/gedc0367.jpg\"><img loading=\"lazy\" decoding=\"async\" class=\"size-medium wp-image-8557 alignleft\" src=\"http:\/\/blog.cancaonova.com\/gravata\/files\/2010\/04\/gedc0367-300x225.jpg\" alt=\"\" width=\"300\" height=\"225\"\/><\/a><\/p>\n<p style=\"text-align: justify\"><span style=\"font-size: 12pt\">O camping Can\u00e7\u00e3o Nova \u00e9 uma divertida&nbsp;op\u00e7\u00e3o para acolhermos voc\u00ea, seus amigos e familiares. <\/span><span style=\"font-size: 12pt\">A \u00e1rea de camping \u00e9 dividida em tr\u00eas:<\/span><\/p>\n<p>&nbsp;&#8211;&nbsp; Camping Feminino<\/p>\n<p class=\"MsoNormal\" style=\"line-height: normal\">&nbsp;&#8211;&nbsp; Camping Masculino<\/p>\n<p class=\"MsoNormal\" style=\"line-height: normal\">&nbsp;&#8211;&nbsp; Camping Familiar<\/p>\n<p class=\"MsoNormal\" style=\"margin-bottom: 0.0001pt;text-align: left;line-height: normal\">&nbsp;<\/p>\n<p class=\"MsoNormal\" style=\"margin-bottom: 0.0001pt;text-align: left;line-height: normal\"><span style=\"font-size: 12pt\">Leia o&nbsp;regulamento de utiliza\u00e7\u00e3o e tire todas as suas d\u00favidas.<br \/>\n<\/span><\/p>\n<p>&nbsp;<\/p>\n<p class=\"MsoNormal\" style=\"margin-bottom: 0.0001pt;text-align: left;line-height: normal\"><strong><span style=\"text-decoration: underline\"><span style=\"font-size: 12pt\">REGULAMENTO:<\/span><\/span><\/strong><\/p>\n<p class=\"MsoNormal\" style=\"margin-bottom: 12pt;line-height: normal\"><span style=\"color: #000080\"><strong>ARTIGO 1\u00ba<\/strong><\/span><\/p>\n<p style=\"text-align: justify\">O camping da Can\u00e7\u00e3o Nova \u00e9 aberto ao p\u00fablico somente nos dias em que ocorrem os eventos denominados de acampamentos de ora\u00e7\u00e3o, domingos de louvor (Kair\u00f3s), al\u00e9m de eventos extraordin\u00e1rios previamente designados. Para os dias comuns, sem eventos, a \u00e1rea de camping \u00e9 fechada.<\/p>\n<p><span style=\"color: #000080\"><strong>ARTIGO 2\u00ba<\/strong><\/span><\/p>\n<p style=\"text-align: justify\">S\u00e3o permitidas acampar nas \u00e1reas do camping da Can\u00e7\u00e3o Nova pessoas procedentes de todas as Cidades e Estados.<\/p>\n<p><span style=\"color: #000080\"><strong>ARTIGO 3\u00ba<\/strong><\/span><\/p>\n<p style=\"text-align: justify\">Todo campista, ao chegar \u00e0 Can\u00e7\u00e3o Nova, dever\u00e1 passar pela recep\u00e7\u00e3o (entrada principal ) para realizar seu cadastro, sendo obrigat\u00f3rio a apresenta\u00e7\u00e3o do RG (carteira de identidade Nacional) e do CPF, para os casados \u00e9 necess\u00e1rio apresentar a Certid\u00e3o de Casamento. Sem os respectivos documentos&nbsp; n\u00e3o ser\u00e1 permitido acampar.<\/p>\n<p style=\"text-align: justify\">\u00c9 proibido menor de idade acampar sem a presen\u00e7a de um respons\u00e1vel, al\u00e9m de ser necess\u00e1ria a apresenta\u00e7\u00e3o de Certid\u00e3o de nascimento, bem como autoriza\u00e7\u00e3o escrita, a qual constar\u00e1 o documento do respons\u00e1vel legal e assinatura.<br \/>\n<strong><br \/>\n<span style=\"color: #000080\">ARTIGO 4\u00ba<\/span><\/strong><\/p>\n<p style=\"text-align: justify\">Para circula\u00e7\u00e3o e perman\u00eancia na \u00e1rea de camping \u00e9 obrigat\u00f3rio ao campista portar o Crach\u00e1 de identifica\u00e7\u00e3o, que dever\u00e1 ser adquirida mediante a um pagamento de R$30,00 por pessoa no ato do cadastro.<br \/>\n<strong><br \/>\n<span style=\"color: #000080\">ARTIGO 5\u00ba<\/span><\/strong><\/p>\n<p style=\"text-align: justify\">\u00c9 proibido adentrar na ch\u00e1cara Can\u00e7\u00e3o Nova pessoas portando bebidas alco\u00f3licas, drogas, armas de qualquer esp\u00e9cie, objetos perfuro-cortantes ou pontiagudos.<\/p>\n<p><span style=\"color: #000080\"><strong>ARTIGO 6\u00ba<\/strong><\/span><\/p>\n<p style=\"text-align: justify\">Na \u00e1rea familiar poder\u00e3o acampar apenas pessoas casadas ou casais de segunda uni\u00e3o, idosos(as) ou portadores de defici\u00eancia.<\/p>\n<p><span style=\"color: #000080\"><strong>ARTIGO 7\u00ba<\/strong><\/span><\/p>\n<p style=\"text-align: justify\">Poder\u00e3o acampar na \u00e1rea familiar os filhos acompanhados dos pais (mediante a comprova\u00e7\u00e3o da paternidade atrav\u00e9s de documento pessoal); os demais jovens, desacompanhados dos seus pais, ser\u00e3o direcionados para as \u00e1reas pertinentes (feminina ou masculina).<br \/>\n<strong><br \/>\n<span style=\"color: #000080\">ARTIGO 8\u00ba<\/span><\/strong><\/p>\n<p style=\"text-align: justify\">\u00c9 proibida a presen\u00e7a masculina na \u00e1rea de camping feminino e vice-versa.<br \/>\n<strong><br \/>\n<span style=\"color: #000080\">ARTIGO 9\u00ba<\/span><\/strong><\/p>\n<p style=\"text-align: justify\">O hor\u00e1rio permitido para a circula\u00e7\u00e3o dos campistas nas \u00e1reas de camping \u00e9 at\u00e9 as 22h00 (vinte e duas horas) ou at\u00e9 o t\u00e9rmino da programa\u00e7\u00e3o di\u00e1ria do evento.<strong><br \/>\n<\/strong><\/p>\n<p style=\"text-align: justify\"><span style=\"color: #000080\"><strong>ARTIGO 10\u00ba<\/strong><\/span><\/p>\n<p style=\"text-align: justify\">Ap\u00f3s \u00e0s 22h00 \u00e9 exigido que se fa\u00e7a sil\u00eancio, portanto, \u00e9 proibido m\u00fasicas, brincadeiras ou quaisquer outras a\u00e7\u00f5es que quebrem o sil\u00eancio estabelecido.<\/p>\n<p><span style=\"color: #000080\"><strong>ARTIGO 11\u00ba<\/strong><\/span><\/p>\n<p style=\"text-align: justify\">N\u00e3o seja motivo de queda para seu irm\u00e3o. Evite circular com trajes impr\u00f3prios neste territ\u00f3rio eucar\u00edstico (toalhas de banho, pijamas, shorts curtos, mini saias e mini blusas, top ou bustier, blusas ou cal\u00e7as transparentes).<br \/>\n<strong><br \/>\n<span style=\"color: #000080\">ARTIGO 12\u00ba<\/span><\/strong><\/p>\n<p style=\"text-align: justify\">Para a seguran\u00e7a e conforto do campista, \u00e9 adequado que cada barraca esteja em perfeito estado de uso,resistente \u00e0s varia\u00e7\u00f5es do tempo: frio, calor, chuva, vento e sol (na instala\u00e7\u00e3o, utilize todos os equipamentos que acompanham a barraca e que a tornam mais resistente).<\/p>\n<p class=\"MsoNormal\" style=\"margin-bottom: 12pt;line-height: normal\"><span style=\"color: #000080\"><strong>ARTIGO 13\u00ba<\/strong><\/span><\/p>\n<p style=\"text-align: justify\">As instala\u00e7\u00f5es das barracas na \u00e1rea do camping, assim como a retirada das mesmas \u00e9 de responsabilidade exclusiva do campista. A Can\u00e7\u00e3o Nova n\u00e3o se responsabiliza por danos causados \u00e0s mesmas, ou por objetos e pertences que possam desaparecer da barraca, portanto, \u00e9 necess\u00e1rio que se evite deixar objetos de valor dentro da barraca; sugerimos que todas as barracas sejam fechadas com cadeado.<\/p>\n<p><span style=\"color: #000080\"><strong>ARTIGO 14\u00ba<\/strong><\/span><\/p>\n<p style=\"text-align: justify\">\u00c9 expressamente proibido o uso de botij\u00e3o de g\u00e1s (Lei\/ Decreto Estadual n\u00ba 46076\/01; Instru\u00e7\u00e3o T\u00e9cnica (IT) n\u00ba 28\/2004) ou qualquer outro artigo inflam\u00e1vel dentro da \u00e1rea de camping, conseq\u00fcentemente, n\u00e3o \u00e9 permitida a prepara\u00e7\u00e3o (cozimento) de alimentos nas \u00e1reas e redondezas do camping.<\/p>\n<p><span style=\"color: #000080\"><strong>ARTIGO 15\u00ba<\/strong><\/span><\/p>\n<p style=\"text-align: justify\">\u00c9 expressamente proibido fumar dentro das barracas de camping.<\/p>\n<p class=\"MsoNormal\" style=\"margin-bottom: 0.0001pt;line-height: normal\"><span style=\"font-size: 12pt\"><br \/>\n<strong><span style=\"text-decoration: underline\">Observa\u00e7\u00f5es e preven\u00e7\u00f5es gerais:<\/span><\/strong><\/span><\/p>\n<p style=\"text-align: justify\">O campista dever\u00e1 ter a maior participa\u00e7\u00e3o no evento, n\u00e3o podendo permanecer na \u00e1rea de camping durante o mesmo. Em necessidade de ir at\u00e9 a barraca, a seguran\u00e7a do camping dever\u00e1 ser comunicada.<\/p>\n<p style=\"text-align: justify\">\u00c9 aconselh\u00e1vel que todo campista traga em sua bagagem uma lona ou capa para estender sobre a barraca, al\u00e9m do uso de colchonetes de vinil, com o fim de prote\u00e7\u00e3o de eventual chuva. Apesar da exist\u00eancia de equipe de seguran\u00e7a pr\u00f3xima a cada \u00e1rea do camping, sugerimos que os frequentadores tenham cuidado com seus pertences, principalmente bolsas, celulares e outros objetos de valor.<\/p>\n<p style=\"text-align: justify\">As pessoas que n\u00e3o seguirem este regulamento ser\u00e3o encaminhadas pela seguran\u00e7a at\u00e9 a recep\u00e7\u00e3o, para os devidos esclarecimentos de d\u00favidas e orienta\u00e7\u00f5es.<\/p>\n<p><strong>OBS: <\/strong><em>A Can\u00e7\u00e3o Nova n\u00e3o disp\u00f5e de barracas ou acess\u00f3rios de camping para fornecer aos campistas.<\/em><\/p>\n<p>&nbsp; &nbsp; &nbsp; &nbsp; &nbsp; <em>&nbsp;As vagas s\u00e3o limitadas e de acordo com a ordem de chegada.<\/em><\/p>\n<p style=\"text-align: center\">Deus aben\u00e7oe!!!<\/p>\n<p style=\"text-align: center\">Eventos Can\u00e7\u00e3o Nova Gravat\u00e1<\/p>\n<p style=\"text-align: center\">Informa\u00e7\u00f5es: (81) 3533-4764<\/p>\n<p style=\"text-align: center\">eventosgravata@cancaonova.com<\/p>\n<p><a href=\"http:\/\/blog.cancaonova.com\/gravata\/files\/2010\/04\/gedc0366.jpg\"><img loading=\"lazy\" decoding=\"async\" class=\"size-medium wp-image-8558 alignright\" src=\"http:\/\/blog.cancaonova.com\/gravata\/files\/2010\/04\/gedc0366-300x225.jpg\" alt=\"\" width=\"300\" height=\"225\"\/><\/a><\/p>\n<p>&nbsp;<\/p>\n<p>&nbsp;<\/p>\n<p style=\"text-align: center\"><a href=\"https:\/\/www.facebook.com\/cancaonovagravata\/\">https:\/\/www.facebook.com\/cancaonovagravata\/<\/a><\/p>\n<p style=\"text-align: center\"><a href=\"https:\/\/www.instagram.com\/cancaonovagravata\/?hl=pt-br\">https:\/\/www.instagram.com\/cancaonovagravata\/?hl=pt-br<\/a><\/p>\n<p class=\"MsoNormal\">&nbsp;<\/p>\n","protected":false},"excerpt":{"rendered":"<p>O camping Can\u00e7\u00e3o Nova \u00e9 uma divertida&nbsp;op\u00e7\u00e3o para acolhermos voc\u00ea, seus amigos e familiares. A \u00e1rea de camping \u00e9 dividida em tr\u00eas: &nbsp;&#8211;&nbsp; Camping Feminino &nbsp;&#8211;&nbsp; Camping Masculino &nbsp;&#8211;&nbsp; Camping Familiar &nbsp; Leia o&nbsp;regulamento de utiliza\u00e7\u00e3o e tire todas as&#8230;<\/p>\n","protected":false},"author":3411,"featured_media":0,"parent":0,"menu_order":0,"comment_status":"open","ping_status":"open","template":"","meta":{"_mi_skip_tracking":false,"_monsterinsights_sitenote_active":false,"_monsterinsights_sitenote_note":"","_monsterinsights_sitenote_category":0,"footnotes":""},"_links":{"self":[{"href":"https:\/\/blog.cancaonova.com\/gravata\/wp-json\/wp\/v2\/pages\/8360"}],"collection":[{"href":"https:\/\/blog.cancaonova.com\/gravata\/wp-json\/wp\/v2\/pages"}],"about":[{"href":"https:\/\/blog.cancaonova.com\/gravata\/wp-json\/wp\/v2\/types\/page"}],"author":[{"embeddable":true,"href":"https:\/\/blog.cancaonova.com\/gravata\/wp-json\/wp\/v2\/users\/3411"}],"replies":[{"embeddable":true,"href":"https:\/\/blog.cancaonova.com\/gravata\/wp-json\/wp\/v2\/comments?post=8360"}],"version-history":[{"count":12,"href":"https:\/\/blog.cancaonova.com\/gravata\/wp-json\/wp\/v2\/pages\/8360\/revisions"}],"predecessor-version":[{"id":13042,"href":"https:\/\/blog.cancaonova.com\/gravata\/wp-json\/wp\/v2\/pages\/8360\/revisions\/13042"}],"wp:attachment":[{"href":"https:\/\/blog.cancaonova.com\/gravata\/wp-json\/wp\/v2\/media?parent=8360"}],"curies":[{"name":"wp","href":"https:\/\/api.w.org\/{rel}","templated":true}]}}