{"id":4300,"date":"2022-05-04T16:07:14","date_gmt":"2022-05-04T19:07:14","guid":{"rendered":"http:\/\/blog.cancaonova.com\/lavrinhas\/?page_id=4300"},"modified":"2022-10-31T10:11:55","modified_gmt":"2022-10-31T13:11:55","slug":"web-radio-cancao-nova-lavrinhas","status":"publish","type":"page","link":"https:\/\/blog.cancaonova.com\/lavrinhas\/web-radio-cancao-nova-lavrinhas\/","title":{"rendered":"WEB R\u00c1DIO"},"content":{"rendered":"<h2 style=\"text-align: center\">WEB R\u00c1DIO Can\u00e7\u00e3o Nova Lavrinhas<\/h2>\n<p style=\"text-align: center\">NOVIDADE NO AR!<\/p>\n<p>&nbsp;<\/p>\n<p>A Miss\u00e3o Can\u00e7\u00e3o Nova de Lavrinhas agora mais perto de voc\u00ea com uma programa\u00e7\u00e3o especial a partir da Web R\u00e1dio Can\u00e7\u00e3o Nova Lavrinhas. Voc\u00ea ter\u00e1 acesso a uma programa\u00e7\u00e3o toda especial, cheia de espiritualidade e alegria.<\/p>\n<p>Teremos a oportunidade de fazer chegar voc\u00ea as b\u00ean\u00e7\u00e3os de Deus atrav\u00e9s da Santa Missa, Ter\u00e7o da Miseric\u00f3rdia, Ter\u00e7o Mariano e diversos momentos recreativos como no Orat\u00f3rio que acontece aos domingos a partir das 14:30 no Col\u00e9gio Salesiano S\u00e3o Manoel em Lavrinhas local da Miss\u00e3o Can\u00e7\u00e3o Nova.<\/p>\n<p>&nbsp;<\/p>\n<p><a href=\"http:\/\/radio.garden\/listen\/cancao-nova-web-radio-lavrinhas\/UoMKJdMW\"><img loading=\"lazy\" decoding=\"async\" class=\"aligncenter wp-image-4301 size-large\" src=\"http:\/\/blog.cancaonova.com\/lavrinhas\/files\/2022\/05\/webradio-600x300.png\" alt=\"WEB R\u00c1DIO Can\u00e7\u00e3o Nova Lavrinhas\" width=\"600\" height=\"300\" srcset=\"https:\/\/blog.cancaonova.com\/lavrinhas\/files\/2022\/05\/webradio-600x300.png 600w, https:\/\/blog.cancaonova.com\/lavrinhas\/files\/2022\/05\/webradio-300x150.png 300w, https:\/\/blog.cancaonova.com\/lavrinhas\/files\/2022\/05\/webradio-150x75.png 150w, https:\/\/blog.cancaonova.com\/lavrinhas\/files\/2022\/05\/webradio-1280x640.png 1280w\" sizes=\"(max-width: 600px) 100vw, 600px\" \/><\/a><\/p>\n<p style=\"text-align: center\"><a href=\"https:\/\/cloud1.cdnseguro.com:20039\/stream\" target=\"_blank\" rel=\"noopener\">OU\u00c7A AQUI<\/a><\/p>\n<p>&nbsp;<\/p>\n<h3>COMPARTILHE<\/h3>\n<p>&nbsp;<\/p>\n<p>&nbsp;<\/p>\n<h4><strong><span style=\"color: #000000\">Saiba mais:<\/span><\/strong><\/h4>\n<p class=\" entry-title \"><a href=\"https:\/\/blog.cancaonova.com\/lavrinhas\/2014\/11\/12\/evangelli-nuntiandi-beato-paulo-vi-e-a-missao-da-cancao-nova\/\" target=\"_blank\" rel=\"noopener\"><span style=\"color: #000000\">Evangelli Nuntiandi e a miss\u00e3o da Can\u00e7\u00e3o Nova<\/span><\/a><\/p>\n<p><a href=\"https:\/\/blog.cancaonova.com\/lavrinhas\/2014\/05\/15\/por-fim-meu-imaculado-coracao-triunfara\/\" target=\"_blank\" rel=\"noopener\"><span style=\"color: #000000\">Pr\u00e9-disc\u00edpula portuguesa \u00e9 fruto da Consagra\u00e7\u00e3o a Nossa Senhora de F\u00e1tima<\/span><\/a><\/p>\n<p>&nbsp;<\/p>\n","protected":false},"excerpt":{"rendered":"<p>WEB R\u00c1DIO Can\u00e7\u00e3o Nova Lavrinhas NOVIDADE NO AR! &nbsp; A Miss\u00e3o Can\u00e7\u00e3o Nova de Lavrinhas agora mais perto de voc\u00ea com uma programa\u00e7\u00e3o especial a partir da Web R\u00e1dio Can\u00e7\u00e3o Nova Lavrinhas. Voc\u00ea ter\u00e1 acesso a uma programa\u00e7\u00e3o toda especial,&#8230;<\/p>\n","protected":false},"author":3291,"featured_media":4301,"parent":0,"menu_order":0,"comment_status":"closed","ping_status":"closed","template":"","meta":{"_mi_skip_tracking":false,"_monsterinsights_sitenote_active":false,"_monsterinsights_sitenote_note":"","_monsterinsights_sitenote_category":0,"footnotes":""},"_links":{"self":[{"href":"https:\/\/blog.cancaonova.com\/lavrinhas\/wp-json\/wp\/v2\/pages\/4300"}],"collection":[{"href":"https:\/\/blog.cancaonova.com\/lavrinhas\/wp-json\/wp\/v2\/pages"}],"about":[{"href":"https:\/\/blog.cancaonova.com\/lavrinhas\/wp-json\/wp\/v2\/types\/page"}],"author":[{"embeddable":true,"href":"https:\/\/blog.cancaonova.com\/lavrinhas\/wp-json\/wp\/v2\/users\/3291"}],"replies":[{"embeddable":true,"href":"https:\/\/blog.cancaonova.com\/lavrinhas\/wp-json\/wp\/v2\/comments?post=4300"}],"version-history":[{"count":11,"href":"https:\/\/blog.cancaonova.com\/lavrinhas\/wp-json\/wp\/v2\/pages\/4300\/revisions"}],"predecessor-version":[{"id":4354,"href":"https:\/\/blog.cancaonova.com\/lavrinhas\/wp-json\/wp\/v2\/pages\/4300\/revisions\/4354"}],"wp:featuredmedia":[{"embeddable":true,"href":"https:\/\/blog.cancaonova.com\/lavrinhas\/wp-json\/wp\/v2\/media\/4301"}],"wp:attachment":[{"href":"https:\/\/blog.cancaonova.com\/lavrinhas\/wp-json\/wp\/v2\/media?parent=4300"}],"curies":[{"name":"wp","href":"https:\/\/api.w.org\/{rel}","templated":true}]}}

WEB RÁDIO

<h2 style="text-align: center">WEB RÁDIO Canção Nova Lavrinhas</h2>
<p style="text-align: center">NOVIDADE NO AR!</p>
<p>&nbsp;</p>
<p>A Missão Canção Nova de Lavrinhas agora mais perto de você com uma programação especial a partir da Web Rádio Canção Nova Lavrinhas. Você terá acesso a uma programação toda especial, cheia de espiritualidade e alegria.</p>
<p>Teremos a oportunidade de fazer chegar você as bênçãos de Deus através da Santa Missa, Terço da Misericórdia, Terço Mariano e diversos momentos recreativos como no Oratório que acontece aos domingos a partir das 14:30 no Colégio Salesiano São Manoel em Lavrinhas local da Missão Canção Nova.</p>
<p>&nbsp;</p>
<p><a href="http://radio.garden/listen/cancao-nova-web-radio-lavrinhas/UoMKJdMW"><img loading="lazy" decoding="async" class="aligncenter wp-image-4301 size-large" src="http://blog.cancaonova.com/lavrinhas/files/2022/05/webradio-600x300.png" alt="WEB RÁDIO Canção Nova Lavrinhas" width="600" height="300" srcset="https://blog.cancaonova.com/lavrinhas/files/2022/05/webradio-600x300.png 600w, https://blog.cancaonova.com/lavrinhas/files/2022/05/webradio-300x150.png 300w, https://blog.cancaonova.com/lavrinhas/files/2022/05/webradio-150x75.png 150w, https://blog.cancaonova.com/lavrinhas/files/2022/05/webradio-1280x640.png 1280w" sizes="(max-width: 600px) 100vw, 600px" /></a></p>
<p style="text-align: center"><a href="https://cloud1.cdnseguro.com:20039/stream" target="_blank" rel="noopener">OUÇA AQUI</a></p>
<p>&nbsp;</p>
<h3>COMPARTILHE</h3>
<p>&nbsp;</p>
<p>&nbsp;</p>
<h4><strong><span style="color: #000000">Saiba mais:</span></strong></h4>
<p class=" entry-title "><a href="https://blog.cancaonova.com/lavrinhas/2014/11/12/evangelli-nuntiandi-beato-paulo-vi-e-a-missao-da-cancao-nova/" target="_blank" rel="noopener"><span style="color: #000000">Evangelli Nuntiandi e a missão da Canção Nova</span></a></p>
<p><a href="https://blog.cancaonova.com/lavrinhas/2014/05/15/por-fim-meu-imaculado-coracao-triunfara/" target="_blank" rel="noopener"><span style="color: #000000">Pré-discípula portuguesa é fruto da Consagração a Nossa Senhora de Fátima</span></a></p>
<p>&nbsp;</p>

<p>WEB RÁDIO Canção Nova Lavrinhas NOVIDADE NO AR! &nbsp; A Missão Canção Nova de Lavrinhas agora mais perto de você com uma programação especial a partir da Web Rádio Canção Nova Lavrinhas. Você terá acesso a uma programação toda especial,&#8230;</p>
