{"id":605,"date":"2011-04-20T14:41:19","date_gmt":"2011-04-20T17:41:19","guid":{"rendered":"http:\/\/blog.cancaonova.com\/livresdetodomal\/"},"modified":"2013-01-12T17:28:03","modified_gmt":"2013-01-12T19:28:03","slug":"o-blog","status":"publish","type":"page","link":"https:\/\/blog.cancaonova.com\/livresdetodomal\/o-blog\/","title":{"rendered":"O Blog"},"content":{"rendered":"<p><strong>J\u00e1 fazia um tempo que estava sentido que precisava come\u00e7ar a escrever sobre este assunto: o Mal.<\/strong><\/p>\n<p><a href=\"http:\/\/blog.cancaonova.com\/livresdetodomal\/files\/2011\/04\/Trevas-Livres-de-todo-Mal.jpg\"><img loading=\"lazy\" decoding=\"async\" class=\"alignleft size-medium wp-image-5278\" src=\"http:\/\/blog.cancaonova.com\/livresdetodomal\/files\/2011\/04\/Trevas-Livres-de-todo-Mal-300x268.jpg\" alt=\"O BLOG\" width=\"300\" height=\"268\" srcset=\"https:\/\/blog.cancaonova.com\/livresdetodomal\/files\/2011\/04\/Trevas-Livres-de-todo-Mal-300x268.jpg 300w, https:\/\/blog.cancaonova.com\/livresdetodomal\/files\/2011\/04\/Trevas-Livres-de-todo-Mal.jpg 320w\" sizes=\"(max-width: 300px) 100vw, 300px\" \/><\/a>No come\u00e7o at\u00e9 relutei um pouco, fiquei meio que indeciso, mas ap\u00f3s estar novamente no m\u00eas de Setembro de 2010 com<strong> Padre Rufus Pereira<\/strong> aqui na Can\u00e7\u00e3o Nova, um padre exorcista vindo da \u00cdndia e um grande homem de Deus, penso que o Espirito foi convencendo o meu cora\u00e7\u00e3o desta realidade, e decidi\u00a0ent\u00e3o\u2026..escrever?! N\u00e3o! Decidi pensar um pouco mais e entender qual era o meu objetivo maior com isso.<\/p>\n<p>Por alguns dias pensei, e\u00a0ent\u00e3o\u00a0fui retomar alguns escritos de um dos maiores \u2013 se n\u00e3o o maior \u2013 \u00a0exorcista atual e em atividade, <strong>Padre Gabriele Amorth.<\/strong><\/p>\n<p><strong>Padre Gabriele Amorth,<\/strong> nasceu em 01 de Maio de 1925, \u00e9 um padre Catolico, Italiano; exorcista na Diocese de Roma desde 1986.<\/p>\n<p>Foi ai ent\u00e3o, depois de estudar um pouco mais alguns de seus escritos, me deparei com uma de suas sabias declara\u00e7\u00f5es sobre o Mal, sobre o inimigo de Deus, chamado por vezes de\u00a0Satan\u00e1s ou Dem\u00f4nio, e assim dizia o Pe. Gabriele Amorth:<\/p>\n<p><strong><em> <\/em><\/strong><\/p>\n<p><strong><em> <\/em><\/strong><strong>\u201cEnfim, numa palavra, usaram a t\u00e1tica de desaparecerem da comunica\u00e7\u00e3o social e dos notici\u00e1rios, desaparecerem do conhecimento p\u00fablico, dos arquivos e dos relat\u00f3rios, desapareceram dos olhos do p\u00fablico, transformaram-se em criaturas indetect\u00e1veis aos olhos daqueles que eram os seus advers\u00e1rios. S\u00f3 os peritos e os acostumados a estas lidas sabiam da sua exist\u00eancia e os podiam detectar e identificar.<\/strong><\/p>\n<p><strong>Todas estas manhas foram utilizadas pelo dem\u00f4nio durante toda a hist\u00f3ria da humanidade e muito em especial neste s\u00e9culo. Todas as artimanhas foram utilizadas, minando meticulosamente todo o campo a destruir.\u00a0Destruiu sem deixar rastro, e ainda por cima jogou as culpas sobre os outros, muito em especial sobre Deus, que segundo ele, seria um Deus distante que abandonara a cria\u00e7\u00e3o ao seu pr\u00f3prio destino, sem apelo e sem agravo.<\/strong><\/p>\n<p><strong>Onde o dem\u00f4nio jogou mais forte e com grande sucesso, foi em fazer crer aos homens de que n\u00e3o existia! De fato conseguiu fazer crer \u00e0 humanidade quase inteira, de que n\u00e3o existe. Assim p\u00f4de trabalhar \u00e0 vontade, sem ser detectado e destruir tudo o que era importante para derrotar as For\u00e7as do bem e levar \u00e0 condena\u00e7\u00e3o o maior n\u00famero de almas.\u201d<\/strong><\/p>\n<p><em>Ent\u00e3o percebi que era uma\u00a0obriga\u00e7\u00e3o\u00a0eu escrever e n\u00e3o mais deixar em sil\u00eancio o assunto sobre o Mal.<\/em><\/p>\n<p>E prosseguindo as minha leituras nos escritos do Pe. Gabriele encontrei uma entrevista na qual perguntaram \u00e0 ele:<\/p>\n<p><strong>&#8211;\u00a0O senhor combate o dem\u00f4nio quotidianamente. Qual \u00e9 o maior triunfo de Satan\u00e1s?<\/strong><\/p>\n<p>Ao que Padre respondeu:<\/p>\n<p>\u201c<strong>Conseguir fazer acreditar que ele n\u00e3o existe.<\/strong> <strong>E quase conseguiu.<em>\u201c<\/em><\/strong><\/p>\n<p>Por isso decidi ent\u00e3o responder \u00e0quela inquieta\u00e7\u00e3o do meu cora\u00e7\u00e3o e escrever.<\/p>\n<p>E assim nasce o Blog <strong><em>LIVRES DE TODO MAL<\/em><\/strong>.<\/p>\n<p>O nome deste BLOG diz da finalidade do mesmo: <em><strong>Fazer com que cada um viva a\u00a0experi\u00eancia de ser \u201cLivres de todo o Mal\u2026\u201d<\/strong><\/em><\/p>\n<p><strong>Deus aben\u00e7oe voc\u00ea!<\/strong><\/p>\n","protected":false},"excerpt":{"rendered":"<p>J\u00e1 fazia um tempo que estava sentido que precisava come\u00e7ar a escrever sobre este assunto: o Mal. No come\u00e7o at\u00e9 relutei um pouco, fiquei meio que indeciso, mas ap\u00f3s estar novamente no m\u00eas de Setembro de 2010 com Padre Rufus&#8230;<\/p>\n","protected":false},"author":4498,"featured_media":0,"parent":0,"menu_order":1,"comment_status":"open","ping_status":"closed","template":"","meta":{"_mi_skip_tracking":false,"_monsterinsights_sitenote_active":false,"_monsterinsights_sitenote_note":"","_monsterinsights_sitenote_category":0,"footnotes":""},"_links":{"self":[{"href":"https:\/\/blog.cancaonova.com\/livresdetodomal\/wp-json\/wp\/v2\/pages\/605"}],"collection":[{"href":"https:\/\/blog.cancaonova.com\/livresdetodomal\/wp-json\/wp\/v2\/pages"}],"about":[{"href":"https:\/\/blog.cancaonova.com\/livresdetodomal\/wp-json\/wp\/v2\/types\/page"}],"author":[{"embeddable":true,"href":"https:\/\/blog.cancaonova.com\/livresdetodomal\/wp-json\/wp\/v2\/users\/4498"}],"replies":[{"embeddable":true,"href":"https:\/\/blog.cancaonova.com\/livresdetodomal\/wp-json\/wp\/v2\/comments?post=605"}],"version-history":[{"count":6,"href":"https:\/\/blog.cancaonova.com\/livresdetodomal\/wp-json\/wp\/v2\/pages\/605\/revisions"}],"predecessor-version":[{"id":1134,"href":"https:\/\/blog.cancaonova.com\/livresdetodomal\/wp-json\/wp\/v2\/pages\/605\/revisions\/1134"}],"wp:attachment":[{"href":"https:\/\/blog.cancaonova.com\/livresdetodomal\/wp-json\/wp\/v2\/media?parent=605"}],"curies":[{"name":"wp","href":"https:\/\/api.w.org\/{rel}","templated":true}]}}