{"id":447,"date":"2011-04-13T13:52:47","date_gmt":"2011-04-13T16:52:47","guid":{"rendered":"http:\/\/blog.cancaonova.com\/lorena\/"},"modified":"2021-07-28T14:50:30","modified_gmt":"2021-07-28T17:50:30","slug":"atividades-fixas","status":"publish","type":"page","link":"https:\/\/blog.cancaonova.com\/lorena\/eventos\/atividades-fixas\/","title":{"rendered":"Atividades Semanais"},"content":{"rendered":"<h3><span style=\"color: #003366\"><a href=\"http:\/\/blog.cancaonova.com\/lorena\/files\/2011\/04\/stil-flRm0z3MEoA-unsplash.jpg\"><img loading=\"lazy\" decoding=\"async\" class=\"wp-image-1516 size-medium alignright\" src=\"http:\/\/blog.cancaonova.com\/lorena\/files\/2011\/04\/stil-flRm0z3MEoA-unsplash-e1627494411640-300x300.jpg\" alt=\"\" width=\"300\" height=\"300\" srcset=\"https:\/\/blog.cancaonova.com\/lorena\/files\/2011\/04\/stil-flRm0z3MEoA-unsplash-e1627494411640-300x300.jpg 300w, https:\/\/blog.cancaonova.com\/lorena\/files\/2011\/04\/stil-flRm0z3MEoA-unsplash-e1627494411640-150x150.jpg 150w, https:\/\/blog.cancaonova.com\/lorena\/files\/2011\/04\/stil-flRm0z3MEoA-unsplash-e1627494411640-768x768.jpg 768w, https:\/\/blog.cancaonova.com\/lorena\/files\/2011\/04\/stil-flRm0z3MEoA-unsplash-e1627494411640-144x144.jpg 144w, https:\/\/blog.cancaonova.com\/lorena\/files\/2011\/04\/stil-flRm0z3MEoA-unsplash-e1627494411640.jpg 1548w\" sizes=\"(max-width: 300px) 100vw, 300px\" \/><\/a>MISSAS<\/span><\/h3>\n<p>Segunda a sexta \u00e0s 16:30h<br \/>\nQuinta: Missa do Clube da Evangeliza\u00e7\u00e3o \u00e0s 19:30h<\/p>\n<h3><span style=\"color: #003366\">CONFISS\u00c3O<\/span><\/h3>\n<p>Manh\u00e3: segunda a quinta das 9:30h \u00e0s 11:30h<\/p>\n<p>Tarde: ter\u00e7a a sexta das 14:00h \u00e0s 15:45h<\/p>\n<p>*Necess\u00e1rio marcar hor\u00e1rio: (12)3157-1910<\/p>\n<h3><span style=\"color: #003366\">ADORA\u00c7\u00c3O AO SANT\u00cdSSIMO SACRAMENTO<\/span><\/h3>\n<p>Segunda a sexta das 8:00h \u00e0s 18:00h<\/p>\n<p>Quinta-feira de Adora\u00e7\u00e3o &#8211; exposi\u00e7\u00e3o do Sant\u00edssimo das 9:00h \u00e0s 15:00h<\/p>\n<h3><span style=\"color: #003366\">GRUPOS DE ORA\u00c7\u00c3O <\/span><\/h3>\n<p>Grupo Renascer \u2013 segunda das 19:30h \u00e0s 21:30h<\/p>\n<p>Grupo S\u00e3o Rafael de Jesus Misericordioso \u2013 quarta das 14:00h \u00e0s 16:00h<\/p>\n<p>Jovens Sarados &#8211; quarta das 19:30h \u00e0s 21:30h<\/p>\n<p>Grupo Jovem Ex\u00e9rcito de Maria \u2013 s\u00e1bado das 19:30h \u00e0s 21:30h<\/p>\n<h3><span style=\"color: #003366\">MIL AVE-MARIAS<\/span><\/h3>\n<p>3\u00aa quinta-feira do m\u00eas das 9:00h \u00e0s 15:00h<\/p>\n<h3><span style=\"color: #003366\">ATENDIMENTO DE ORA\u00c7\u00c3O<\/span><\/h3>\n<p>Quarta e sexta das 9:00h \u00e0s 11:00h<\/p>\n<p>*Necess\u00e1rio marcar hor\u00e1rio: (12)3157-1910<\/p>\n<h3><span style=\"color: #003366\">BAZAR DA PROVID\u00caNCIA<\/span><\/h3>\n<p>Segunda a sexta das 9:00h \u00e0s 12:00h e das 13:30h \u00e0s 16:00h<\/p>\n<p>&nbsp;<\/p>\n<!-- AddThis Advanced Settings generic via filter on the_content --><!-- AddThis Share Buttons generic via filter on the_content -->","protected":false},"excerpt":{"rendered":"<p>MISSAS Segunda a sexta \u00e0s 16:30h Quinta: Missa do Clube da Evangeliza\u00e7\u00e3o \u00e0s 19:30h CONFISS\u00c3O Manh\u00e3: segunda a quinta das 9:30h \u00e0s 11:30h Tarde: ter\u00e7a a sexta das 14:00h \u00e0s 15:45h *Necess\u00e1rio marcar hor\u00e1rio: (12)3157-1910 ADORA\u00c7\u00c3O AO SANT\u00cdSSIMO SACRAMENTO Segunda&#8230;<!-- AddThis Advanced Settings generic via filter on get_the_excerpt --><!-- AddThis Share Buttons generic via filter on get_the_excerpt --><\/p>\n","protected":false},"author":3997,"featured_media":0,"parent":1330,"menu_order":0,"comment_status":"open","ping_status":"open","template":"","meta":{"_mi_skip_tracking":false,"_monsterinsights_sitenote_active":false,"_monsterinsights_sitenote_note":"","_monsterinsights_sitenote_category":0,"footnotes":""},"_links":{"self":[{"href":"https:\/\/blog.cancaonova.com\/lorena\/wp-json\/wp\/v2\/pages\/447"}],"collection":[{"href":"https:\/\/blog.cancaonova.com\/lorena\/wp-json\/wp\/v2\/pages"}],"about":[{"href":"https:\/\/blog.cancaonova.com\/lorena\/wp-json\/wp\/v2\/types\/page"}],"author":[{"embeddable":true,"href":"https:\/\/blog.cancaonova.com\/lorena\/wp-json\/wp\/v2\/users\/3997"}],"replies":[{"embeddable":true,"href":"https:\/\/blog.cancaonova.com\/lorena\/wp-json\/wp\/v2\/comments?post=447"}],"version-history":[{"count":18,"href":"https:\/\/blog.cancaonova.com\/lorena\/wp-json\/wp\/v2\/pages\/447\/revisions"}],"predecessor-version":[{"id":1517,"href":"https:\/\/blog.cancaonova.com\/lorena\/wp-json\/wp\/v2\/pages\/447\/revisions\/1517"}],"up":[{"embeddable":true,"href":"https:\/\/blog.cancaonova.com\/lorena\/wp-json\/wp\/v2\/pages\/1330"}],"wp:attachment":[{"href":"https:\/\/blog.cancaonova.com\/lorena\/wp-json\/wp\/v2\/media?parent=447"}],"curies":[{"name":"wp","href":"https:\/\/api.w.org\/{rel}","templated":true}]}}

<h3><span style="color: #003366"><a href="http://blog.cancaonova.com/lorena/files/2011/04/stil-flRm0z3MEoA-unsplash.jpg"><img loading="lazy" decoding="async" class="wp-image-1516 size-medium alignright" src="http://blog.cancaonova.com/lorena/files/2011/04/stil-flRm0z3MEoA-unsplash-e1627494411640-300x300.jpg" alt="" width="300" height="300" srcset="https://blog.cancaonova.com/lorena/files/2011/04/stil-flRm0z3MEoA-unsplash-e1627494411640-300x300.jpg 300w, https://blog.cancaonova.com/lorena/files/2011/04/stil-flRm0z3MEoA-unsplash-e1627494411640-150x150.jpg 150w, https://blog.cancaonova.com/lorena/files/2011/04/stil-flRm0z3MEoA-unsplash-e1627494411640-768x768.jpg 768w, https://blog.cancaonova.com/lorena/files/2011/04/stil-flRm0z3MEoA-unsplash-e1627494411640-144x144.jpg 144w, https://blog.cancaonova.com/lorena/files/2011/04/stil-flRm0z3MEoA-unsplash-e1627494411640.jpg 1548w" sizes="(max-width: 300px) 100vw, 300px" /></a>MISSAS</span></h3>
<p>Segunda a sexta às 16:30h<br />
Quinta: Missa do Clube da Evangelização às 19:30h</p>
<h3><span style="color: #003366">CONFISSÃO</span></h3>
<p>Manhã: segunda a quinta das 9:30h às 11:30h</p>
<p>Tarde: terça a sexta das 14:00h às 15:45h</p>
<p>*Necessário marcar horário: (12)3157-1910</p>
<h3><span style="color: #003366">ADORAÇÃO AO SANTÍSSIMO SACRAMENTO</span></h3>
<p>Segunda a sexta das 8:00h às 18:00h</p>
<p>Quinta-feira de Adoração &#8211; exposição do Santíssimo das 9:00h às 15:00h</p>
<h3><span style="color: #003366">GRUPOS DE ORAÇÃO </span></h3>
<p>Grupo Renascer – segunda das 19:30h às 21:30h</p>
<p>Grupo São Rafael de Jesus Misericordioso – quarta das 14:00h às 16:00h</p>
<p>Jovens Sarados &#8211; quarta das 19:30h às 21:30h</p>
<p>Grupo Jovem Exército de Maria – sábado das 19:30h às 21:30h</p>
<h3><span style="color: #003366">MIL AVE-MARIAS</span></h3>
<p>3ª quinta-feira do mês das 9:00h às 15:00h</p>
<h3><span style="color: #003366">ATENDIMENTO DE ORAÇÃO</span></h3>
<p>Quarta e sexta das 9:00h às 11:00h</p>
<p>*Necessário marcar horário: (12)3157-1910</p>
<h3><span style="color: #003366">BAZAR DA PROVIDÊNCIA</span></h3>
<p>Segunda a sexta das 9:00h às 12:00h e das 13:30h às 16:00h</p>
<p>&nbsp;</p>
<!-- AddThis Advanced Settings generic via filter on the_content --><!-- AddThis Share Buttons generic via filter on the_content -->

<p>MISSAS Segunda a sexta às 16:30h Quinta: Missa do Clube da Evangelização às 19:30h CONFISSÃO Manhã: segunda a quinta das 9:30h às 11:30h Tarde: terça a sexta das 14:00h às 15:45h *Necessário marcar horário: (12)3157-1910 ADORAÇÃO AO SANTÍSSIMO SACRAMENTO Segunda&#8230;<!-- AddThis Advanced Settings generic via filter on get_the_excerpt --><!-- AddThis Share Buttons generic via filter on get_the_excerpt --></p>
