{"id":3,"date":"2010-06-26T15:55:01","date_gmt":"2010-06-26T18:55:01","guid":{"rendered":"http:\/\/blog.cancaonova.com\/maranatha\/?page_id=3"},"modified":"2020-03-25T23:53:49","modified_gmt":"2020-03-26T02:53:49","slug":"maranatha","status":"publish","type":"page","link":"https:\/\/blog.cancaonova.com\/maranatha\/maranatha\/","title":{"rendered":"Maranath\u00e1?"},"content":{"rendered":"<p class=\"MsoNormal\" style=\"text-align: justify\"><em>Maranath\u00e1<\/em> \u00e9 uma express\u00e3o aramaica que, resumidamente, significa: \u201c<em>Vem, Senhor<\/em>!\u201d<\/p>\n<p class=\"MsoNormal\" style=\"text-align: justify\">O Catecismo da Igreja Cat\u00f3lica, no par\u00e1grafo 451, diz: \u201cA ora\u00e7\u00e3o crist\u00e3 \u00e9 marcada pelo t\u00edtulo \u2018Senhor\u2019, [&#8230;] do grito cheio de confian\u00e7a e de esperan\u00e7a: \u2018<em>Maran atha<\/em>\u2019 (\u2018o Senhor vem!\u2019) ou \u2018<em>Marana tha<\/em>\u2019 (\u2018Vem, Senhor!\u2019) (1Cor 16,22): \u2018Am\u00e9m, vem, Senhor Jesus!\u2019 (Ap 2,20)\u201d.<\/p>\n<p class=\"MsoNormal\" style=\"text-align: center\"><a href=\"http:\/\/blog.cancaonova.com\/maranatha\/files\/2010\/06\/monsenhor-violao.jpg\"><img loading=\"lazy\" decoding=\"async\" src=\"http:\/\/blog.cancaonova.com\/maranatha\/files\/2010\/06\/monsenhor-violao-300x199.jpg\" class=\"aligncenter size-medium wp-image-20\" width=\"300\" height=\"199\" title=\"Monsenhor Jonas Abib\" alt=\"\"><\/a><\/p>\n<p class=\"MsoNormal\" style=\"text-align: justify\">Na <a href=\"http:\/\/comunidade.cancaonova.com\/\" target=\"_blank\" rel=\"noopener\">Comunidade Can\u00e7\u00e3o Nova<\/a>, <em>Maranath\u00e1<\/em> foi o nome dado aos encontros que o <a href=\"http:\/\/wiki.cancaonova.com\/index.php\/Monsenhor_Jonas_Abib\" target=\"_blank\" rel=\"noopener\">Mons. Jonas Abib<\/a> iniciou com os jovens, ainda nos primeiros anos de seu sacerd\u00f3cio. Em junho de 1976, quando come\u00e7aram as atividades da <a href=\"http:\/\/wiki.cancaonova.com\/index.php\/Miss%C3%A3o_de_Queluz\" target=\"_blank\" rel=\"noopener\">\u201cCasa de Maria\u201d em Queluz-SP<\/a>, o primeiro encontro realizado foi um <em>Maranath\u00e1 <\/em>para mo\u00e7as. Certa vez, assistindo o programa Sorrindo pra Vida na <a href=\"http:\/\/tv.cancaonova.com\/\" target=\"_blank\" rel=\"noopener\">TV Can\u00e7\u00e3o Nova<\/a>, ouvi nossa cofundadora, <a href=\"http:\/\/luziasantiago.com\/index.php\/biografia\/\" target=\"_blank\" rel=\"noopener\">Luzia Santiago<\/a>, falar a respeito da palavra <em>Maranath\u00e1<\/em>, e do anseio de preparar as pessoas para a vinda de Jesus, que havia j\u00e1 nos in\u00edcios da nossa comunidade. A partir desse dia, passei a escrever em meu caderno de estudo b\u00edblico, junto \u00e0 data, a palavra <em>Maranath\u00e1<\/em>, como forma de express\u00e3o daquilo que \u00e9 o anseio do meu cora\u00e7\u00e3o, preparar o caminho do Senhor, pois Ele vem e n\u00e3o tarda.<\/p>\n<p class=\"MsoNormal\" style=\"text-align: justify\">Eis o motivo pelo qual meu blog traz esse t\u00edtulo.<\/p>\n<p class=\"MsoNormal\" style=\"text-align: justify\">Esperando que meus posts contribuam para a forma\u00e7\u00e3o de homens novos para um mundo novo, pe\u00e7o a Deus a gra\u00e7a de que sejam uma oportunidade para renovarmos em nossos cora\u00e7\u00f5es a sede por c\u00e9us novos e uma terra nova. E que a cada dia possamos dizer: <em>\u201cMaranath\u00e1! Vem Senhor!\u201d<\/em><\/p>\n<h4><em>Como voc\u00ea pode perceber, este blog nasceu em 2010 quando eu ainda era seminarista. Agora, sacerdote, eu o retomo com a inten\u00e7\u00e3o de que ele comunique a voc\u00ea a Boa Nova de Jesus Cristo, na efic\u00e1cia do Esp\u00edrito Santo.<\/em><\/h4>\n<h1><strong>Seja bem-vindo!!<\/strong><\/h1>\n<p>&nbsp;<\/p>\n","protected":false},"excerpt":{"rendered":"<p>Maranath\u00e1 \u00e9 uma express\u00e3o aramaica que, resumidamente, significa: \u201cVem, Senhor!\u201d O Catecismo da Igreja Cat\u00f3lica, no par\u00e1grafo 451, diz: \u201cA ora\u00e7\u00e3o crist\u00e3 \u00e9 marcada pelo t\u00edtulo \u2018Senhor\u2019, [&#8230;] do grito cheio de confian\u00e7a e de esperan\u00e7a: \u2018Maran atha\u2019 (\u2018o Senhor&#8230;<\/p>\n","protected":false},"author":4457,"featured_media":0,"parent":0,"menu_order":0,"comment_status":"closed","ping_status":"open","template":"","meta":{"_mi_skip_tracking":false,"_monsterinsights_sitenote_active":false,"_monsterinsights_sitenote_note":"","_monsterinsights_sitenote_category":0,"footnotes":""},"_links":{"self":[{"href":"https:\/\/blog.cancaonova.com\/maranatha\/wp-json\/wp\/v2\/pages\/3"}],"collection":[{"href":"https:\/\/blog.cancaonova.com\/maranatha\/wp-json\/wp\/v2\/pages"}],"about":[{"href":"https:\/\/blog.cancaonova.com\/maranatha\/wp-json\/wp\/v2\/types\/page"}],"author":[{"embeddable":true,"href":"https:\/\/blog.cancaonova.com\/maranatha\/wp-json\/wp\/v2\/users\/4457"}],"replies":[{"embeddable":true,"href":"https:\/\/blog.cancaonova.com\/maranatha\/wp-json\/wp\/v2\/comments?post=3"}],"version-history":[{"count":12,"href":"https:\/\/blog.cancaonova.com\/maranatha\/wp-json\/wp\/v2\/pages\/3\/revisions"}],"predecessor-version":[{"id":902,"href":"https:\/\/blog.cancaonova.com\/maranatha\/wp-json\/wp\/v2\/pages\/3\/revisions\/902"}],"wp:attachment":[{"href":"https:\/\/blog.cancaonova.com\/maranatha\/wp-json\/wp\/v2\/media?parent=3"}],"curies":[{"name":"wp","href":"https:\/\/api.w.org\/{rel}","templated":true}]}}