{"id":793,"date":"2018-05-13T20:46:00","date_gmt":"2018-05-13T23:46:00","guid":{"rendered":"http:\/\/blog.cancaonova.com\/maranatha\/?page_id=793"},"modified":"2020-02-14T23:06:49","modified_gmt":"2020-02-15T02:06:49","slug":"sobre-o-autor","status":"publish","type":"page","link":"https:\/\/blog.cancaonova.com\/maranatha\/sobre-o-autor\/","title":{"rendered":"Sobre o autor"},"content":{"rendered":"<div id=\"attachment_795\" style=\"width: 310px\" class=\"wp-caption alignleft\"><a href=\"http:\/\/blog.cancaonova.com\/maranatha\/files\/2018\/05\/PeEdmilsonDias_Perfil.jpg\"><img loading=\"lazy\" decoding=\"async\" aria-describedby=\"caption-attachment-795\" class=\"size-medium wp-image-795\" src=\"http:\/\/blog.cancaonova.com\/maranatha\/files\/2018\/05\/PeEdmilsonDias_Perfil-300x300.jpg\" alt=\"\" width=\"300\" height=\"300\" srcset=\"https:\/\/blog.cancaonova.com\/maranatha\/files\/2018\/05\/PeEdmilsonDias_Perfil-300x300.jpg 300w, https:\/\/blog.cancaonova.com\/maranatha\/files\/2018\/05\/PeEdmilsonDias_Perfil-150x150.jpg 150w, https:\/\/blog.cancaonova.com\/maranatha\/files\/2018\/05\/PeEdmilsonDias_Perfil.jpg 410w\" sizes=\"(max-width: 300px) 100vw, 300px\" \/><\/a><p id=\"caption-attachment-795\" class=\"wp-caption-text\">Pe. Edmilson Dias &#8211; Com. Can\u00e7\u00e3o Nova<\/p><\/div>\n<p><strong>Padre Edmilson Dias<\/strong>, mission\u00e1rio membro da Comunidade Can\u00e7\u00e3o Nova e incardinado na diocese de Lorena\/SP.<\/p>\n<p>Nasceu na cidade de Adamantina, interior de S\u00e3o Paulo e viveu a\u00ed at\u00e9 a idade de 20 anos. Aos 13 anos teve o seu encontro pessoal com Cristo num grupo de jovens da Renova\u00e7\u00e3o Carism\u00e1tica Cat\u00f3lica. A partir da\u00ed, a sua vida j\u00e1 n\u00e3o era mais a mesma.&nbsp;Desde muito novo tinha grandes sonhos, era muito batalhador e empenhado em tudo o que se propunha a realizar. Ap\u00f3s a experi\u00eancia do batismo no Esp\u00edrito Santo, passou a submeter seus sonhos a Deus e buscar os Seus des\u00edgnios. Provocado pela vida de S\u00e3o Francisco que abriu m\u00e3o de tudo pelo TUDO, deixou-se guiar por uma intui\u00e7\u00e3o de entregar sua vida a Deus na Comunidade Can\u00e7\u00e3o Nova e lutar pela santidade. Assim, foi movido pelo Senhor a iniciar seu caminho de discernimento vocacional, bem como a abrir-se ao chamado \u00e0 vida sacerdotal.<\/p>\n<p>Ingressou na Can\u00e7\u00e3o Nova no dia 5 de janeiro de 2005 e ap\u00f3s as etapas iniciais de forma\u00e7\u00e3o no Carisma, cursou Filosofia, Teologia e foi ordenado sacerdote no dia 19 de outubro de 2014.&nbsp;<\/p>\n<p>Morou nas frentes de Miss\u00e3o da Can\u00e7\u00e3o Nova em Cachoeira Paulista\/SP, Lavrinhas\/SP, Queluz\/SP, Palmas\/TO, Cuiab\u00e1\/MT.<\/p>\n<p>Atualmente, desempenha a fun\u00e7\u00e3o de Formador Local na Can\u00e7\u00e3o Nova do Rio de Janeiro\/RJ.<\/p>\n<p>&nbsp;<\/p>\n","protected":false},"excerpt":{"rendered":"<p>Padre Edmilson Dias, mission\u00e1rio membro da Comunidade Can\u00e7\u00e3o Nova e incardinado na diocese de Lorena\/SP. Nasceu na cidade de Adamantina, interior de S\u00e3o Paulo e viveu a\u00ed at\u00e9 a idade de 20 anos. Aos 13 anos teve o seu encontro&#8230;<\/p>\n","protected":false},"author":4457,"featured_media":0,"parent":0,"menu_order":0,"comment_status":"closed","ping_status":"closed","template":"","meta":{"_mi_skip_tracking":false,"_monsterinsights_sitenote_active":false,"_monsterinsights_sitenote_note":"","_monsterinsights_sitenote_category":0,"footnotes":""},"_links":{"self":[{"href":"https:\/\/blog.cancaonova.com\/maranatha\/wp-json\/wp\/v2\/pages\/793"}],"collection":[{"href":"https:\/\/blog.cancaonova.com\/maranatha\/wp-json\/wp\/v2\/pages"}],"about":[{"href":"https:\/\/blog.cancaonova.com\/maranatha\/wp-json\/wp\/v2\/types\/page"}],"author":[{"embeddable":true,"href":"https:\/\/blog.cancaonova.com\/maranatha\/wp-json\/wp\/v2\/users\/4457"}],"replies":[{"embeddable":true,"href":"https:\/\/blog.cancaonova.com\/maranatha\/wp-json\/wp\/v2\/comments?post=793"}],"version-history":[{"count":5,"href":"https:\/\/blog.cancaonova.com\/maranatha\/wp-json\/wp\/v2\/pages\/793\/revisions"}],"predecessor-version":[{"id":901,"href":"https:\/\/blog.cancaonova.com\/maranatha\/wp-json\/wp\/v2\/pages\/793\/revisions\/901"}],"wp:attachment":[{"href":"https:\/\/blog.cancaonova.com\/maranatha\/wp-json\/wp\/v2\/media?parent=793"}],"curies":[{"name":"wp","href":"https:\/\/api.w.org\/{rel}","templated":true}]}}