{"id":2,"date":"2011-01-27T13:42:13","date_gmt":"2011-01-27T13:42:13","guid":{"rendered":"http:\/\/blog.cancaonova.com\/metanoia\/?page_id=2"},"modified":"2025-11-26T23:03:23","modified_gmt":"2025-11-27T02:03:23","slug":"o-que-e-metanoia","status":"publish","type":"page","link":"https:\/\/blog.cancaonova.com\/metanoia\/o-que-e-metanoia\/","title":{"rendered":"O QUE \u00c9 METANOIA?"},"content":{"rendered":"<p><strong>Por que o blog tem o nome metan\u00f3ia?<\/strong><\/p>\n<p><strong>Metan\u00f3ia :<\/strong> \u00e9 uma palavra de origem grega (\u03bc\u03b5\u03c4\u03ac\u03bd\u03bf\u03b9\u03b1 , <em>metanoia<\/em>) e significa arrependimento, convers\u00e3o (tanto espiritual, bem como intelectual), mudan\u00e7a de dire\u00e7\u00e3o e mudan\u00e7a de mente; mudan\u00e7a de atitudes, temperamentos; car\u00e1ter trabalhado e evolu\u00eddo.<\/p>\n<p><em><strong>Nossa caminhada de Crist\u00e3os neste mundo \u00e9 de constante convers\u00e3o at\u00e9 o dia de\u00a0 nossa morte. Necessitamos voltar cada dia, para n\u00f3s mesmos, e para a realidade em que estamos e reconhecer-nos necessitados do amor de Deus.<\/strong><\/em><\/p>\n<p>Fundamentado nas palavras do meu <a title=\"Quem \u00e9 Monsenhor Jonas\" href=\"http:\/\/wiki.cancaonova.com\/index.php\/Monsenhor_Jonas_Abib\" target=\"_blank\" rel=\"noopener\">Pai Fundador:<\/a><\/p>\n<p><a name=\"tx\"><\/a><em>\u201cN\u00f3s queremos usar todos os meios de comunica\u00e7\u00e3o. A Internet \u00e9 um deles, mas n\u00f3s temos usado, gra\u00e7as a Deus, da R\u00e1dio, da Televis\u00e3o, dos discos, dos CDs, dos v\u00eddeos, de grandes eventos, de livros, de revistas&#8230; N\u00f3s queremos entrar no mundo secular. <strong>N\u00f3s queremos estar onde o povo est\u00e1. <\/strong>N\u00f3s queremos estar nas bancas de jornais, nas prateleiras dos supermercados, nas salas de exibi\u00e7\u00e3o de cinema. N\u00f3s queremos ir onde o povo est\u00e1, do jeito de Jesus. Jesus, por exce\u00e7\u00e3o, ia pregar nos lugares sagrados. Ele ia \u00e0 sinagoga algumas vezes. Ele ia ao templo algumas vezes. Ele estava sempre com o povo: nas estradas, na beira do lago, no mercado daquele tempo, pois, onde o povo estava, l\u00e1 estava Jesus\u201d.\u00a0 <a href=\"http:\/\/www.cancaonova.com\/portal\/canais\/pejonas\/\" target=\"_blank\" rel=\"noopener\">Monsenhor Jonas Abib<\/a><\/em><span style=\"font-size: xx-small\"><br \/>\n<\/span><\/p>\n<p>Assim o\u00a0 objetivo do blog \u00e9 evangelizar, anunciar Jesus e seu evangelho atrav\u00e9s da minha experi\u00eancia pessoal e comunit\u00e1ria com a palavra.<strong> Tamb\u00e9m aqui partilharemos outros textos enviados por internautas e outros membros da Comunidade Can\u00e7\u00e3o Nova.<\/strong> Tudo o que partilharemos aqui, tais como: v\u00eddeos, textos, frases, m\u00fasica, dicas de tecnologia( web 2.0, social network) enfim, <em>&#8220;TUDO \u00e9 pelo Senhor e pelo seu Reino&#8221;<\/em> como diz <a href=\"http:\/\/luziasantiago.com\" target=\"_blank\" rel=\"noopener\">Luzia Santiago<\/a>\u00a0Co-fundadora da Comunidade Can\u00e7\u00e3o Nova.<\/p>\n<p>Vamos juntos construir essa nova p\u00e1gina, formando homens novos para um mundo novo!<\/p>\n<p>Adailton Batista<\/p>\n<p>Comunidade Can\u00e7\u00e3o Nova<\/p>\n","protected":false},"excerpt":{"rendered":"<p>Por que o blog tem o nome metan\u00f3ia? Metan\u00f3ia : \u00e9 uma palavra de origem grega (\u03bc\u03b5\u03c4\u03ac\u03bd\u03bf\u03b9\u03b1 , metanoia) e significa arrependimento, convers\u00e3o (tanto espiritual, bem como intelectual), mudan\u00e7a de dire\u00e7\u00e3o e mudan\u00e7a de mente; mudan\u00e7a de atitudes, temperamentos; car\u00e1ter&#8230;<\/p>\n","protected":false},"author":4774,"featured_media":7820,"parent":0,"menu_order":2,"comment_status":"closed","ping_status":"closed","template":"","meta":{"_mi_skip_tracking":false,"_monsterinsights_sitenote_active":false,"_monsterinsights_sitenote_note":"","_monsterinsights_sitenote_category":0,"footnotes":""},"_links":{"self":[{"href":"https:\/\/blog.cancaonova.com\/metanoia\/wp-json\/wp\/v2\/pages\/2"}],"collection":[{"href":"https:\/\/blog.cancaonova.com\/metanoia\/wp-json\/wp\/v2\/pages"}],"about":[{"href":"https:\/\/blog.cancaonova.com\/metanoia\/wp-json\/wp\/v2\/types\/page"}],"author":[{"embeddable":true,"href":"https:\/\/blog.cancaonova.com\/metanoia\/wp-json\/wp\/v2\/users\/4774"}],"replies":[{"embeddable":true,"href":"https:\/\/blog.cancaonova.com\/metanoia\/wp-json\/wp\/v2\/comments?post=2"}],"version-history":[{"count":16,"href":"https:\/\/blog.cancaonova.com\/metanoia\/wp-json\/wp\/v2\/pages\/2\/revisions"}],"predecessor-version":[{"id":7897,"href":"https:\/\/blog.cancaonova.com\/metanoia\/wp-json\/wp\/v2\/pages\/2\/revisions\/7897"}],"wp:featuredmedia":[{"embeddable":true,"href":"https:\/\/blog.cancaonova.com\/metanoia\/wp-json\/wp\/v2\/media\/7820"}],"wp:attachment":[{"href":"https:\/\/blog.cancaonova.com\/metanoia\/wp-json\/wp\/v2\/media?parent=2"}],"curies":[{"name":"wp","href":"https:\/\/api.w.org\/{rel}","templated":true}]}}