{"id":10066,"date":"2013-03-12T09:35:36","date_gmt":"2013-03-12T12:35:36","guid":{"rendered":"http:\/\/blog.cancaonova.com\/natal\/"},"modified":"2015-03-18T10:59:41","modified_gmt":"2015-03-18T13:59:41","slug":"oracao","status":"publish","type":"page","link":"https:\/\/blog.cancaonova.com\/natal\/jovenssarados\/oracao\/","title":{"rendered":"Grupo de ora\u00e7\u00e3o"},"content":{"rendered":"<p style=\"text-align: center\">\n<p style=\"text-align: center\"><strong><a href=\"http:\/\/blog.cancaonova.com\/natal\/files\/2013\/03\/10650012_691133260963725_5249424609323948554_n.jpg\"><img loading=\"lazy\" decoding=\"async\" class=\"aligncenter wp-image-11669\" src=\"http:\/\/blog.cancaonova.com\/natal\/files\/2013\/03\/10650012_691133260963725_5249424609323948554_n-280x103.jpg\" alt=\"10650012_691133260963725_5249424609323948554_n\" width=\"554\" height=\"205\" srcset=\"https:\/\/blog.cancaonova.com\/natal\/files\/2013\/03\/10650012_691133260963725_5249424609323948554_n-280x103.jpg 280w, https:\/\/blog.cancaonova.com\/natal\/files\/2013\/03\/10650012_691133260963725_5249424609323948554_n.jpg 720w\" sizes=\"(max-width: 554px) 100vw, 554px\" \/><\/a>Grupo de ora\u00e7\u00e3o Jovens Sarados.<\/strong><\/p>\n<p style=\"text-align: justify\">Com o intuito de evangelizar os jovens da grande Natal e regi\u00e3o surgiu o grupo de ora\u00e7\u00e3o Jovens\u00a0 Sarados\u00a0\u00a0 juntamente com a miss\u00e3o Can\u00e7\u00e3o Nova.<br \/>\nNos reunimos todos os s\u00e1bados \u00e1s 17h (exceto quando tivermos acampamento de ora\u00e7\u00e3o) na Casa de Evangeliza\u00e7\u00e3o no pr\u00e9dio da R\u00e1dio Rural, louvor, anima\u00e7\u00e3o, ora\u00e7\u00e3o, adora\u00e7\u00e3o\u00a0 e muito mais.<br \/>\nLevar o jovem a uma experi\u00eancia com o amor de Deus \u00e9 o nosso principal objetivo por isso podemos afirmar que o grupo de ora\u00e7\u00e3o Jovens Sarados \u00e9 mais que um grupo, \u00e9 uma proposta de vida.<\/p>\n","protected":false},"excerpt":{"rendered":"<p>Grupo de ora\u00e7\u00e3o Jovens Sarados. Com o intuito de evangelizar os jovens da grande Natal e regi\u00e3o surgiu o grupo de ora\u00e7\u00e3o Jovens\u00a0 Sarados\u00a0\u00a0 juntamente com a miss\u00e3o Can\u00e7\u00e3o Nova. Nos reunimos todos os s\u00e1bados \u00e1s 17h (exceto quando tivermos&#8230;<\/p>\n","protected":false},"author":3131,"featured_media":0,"parent":3960,"menu_order":5,"comment_status":"open","ping_status":"closed","template":"","meta":{"_mi_skip_tracking":false,"_monsterinsights_sitenote_active":false,"_monsterinsights_sitenote_note":"","_monsterinsights_sitenote_category":0,"footnotes":""},"_links":{"self":[{"href":"https:\/\/blog.cancaonova.com\/natal\/wp-json\/wp\/v2\/pages\/10066"}],"collection":[{"href":"https:\/\/blog.cancaonova.com\/natal\/wp-json\/wp\/v2\/pages"}],"about":[{"href":"https:\/\/blog.cancaonova.com\/natal\/wp-json\/wp\/v2\/types\/page"}],"author":[{"embeddable":true,"href":"https:\/\/blog.cancaonova.com\/natal\/wp-json\/wp\/v2\/users\/3131"}],"replies":[{"embeddable":true,"href":"https:\/\/blog.cancaonova.com\/natal\/wp-json\/wp\/v2\/comments?post=10066"}],"version-history":[{"count":9,"href":"https:\/\/blog.cancaonova.com\/natal\/wp-json\/wp\/v2\/pages\/10066\/revisions"}],"predecessor-version":[{"id":11670,"href":"https:\/\/blog.cancaonova.com\/natal\/wp-json\/wp\/v2\/pages\/10066\/revisions\/11670"}],"up":[{"embeddable":true,"href":"https:\/\/blog.cancaonova.com\/natal\/wp-json\/wp\/v2\/pages\/3960"}],"wp:attachment":[{"href":"https:\/\/blog.cancaonova.com\/natal\/wp-json\/wp\/v2\/media?parent=10066"}],"curies":[{"name":"wp","href":"https:\/\/api.w.org\/{rel}","templated":true}]}}