{"id":2116,"date":"2009-07-21T17:23:57","date_gmt":"2009-07-21T20:23:57","guid":{"rendered":"http:\/\/blog.cancaonova.com\/natal\/?page_id=2116"},"modified":"2014-11-03T18:22:22","modified_gmt":"2014-11-03T21:22:22","slug":"agendajs","status":"publish","type":"page","link":"https:\/\/blog.cancaonova.com\/natal\/jovenssarados\/agendajs\/","title":{"rendered":"Agenda JS"},"content":{"rendered":"<p>Vem a\u00ed dia 29 de novembro !<br \/>\n\u00faltima Vig\u00edlia dos Jovens Sarados<br \/>\nTema : Preparando uma gera\u00e7\u00e3o para a segunda vinda de<br \/>\nJesus!<br \/>\nLocal : Casa de Evangeliza\u00e7\u00e3o Santa M\u00e3e de Deus<br \/>\nA partir das 23:00 &#8230;venha e traga os seus amigos para essa noite de louvor e adora\u00e7\u00e3o ao nosso Deus ! <\/p>\n","protected":false},"excerpt":{"rendered":"<p>Vem a\u00ed dia 29 de novembro ! \u00faltima Vig\u00edlia dos Jovens Sarados Tema : Preparando uma gera\u00e7\u00e3o para a segunda vinda de Jesus! Local : Casa de Evangeliza\u00e7\u00e3o Santa M\u00e3e de Deus A partir das 23:00 &#8230;venha e traga os&#8230;<\/p>\n","protected":false},"author":3131,"featured_media":0,"parent":3960,"menu_order":0,"comment_status":"open","ping_status":"open","template":"","meta":{"_mi_skip_tracking":false,"_monsterinsights_sitenote_active":false,"_monsterinsights_sitenote_note":"","_monsterinsights_sitenote_category":0,"footnotes":""},"_links":{"self":[{"href":"https:\/\/blog.cancaonova.com\/natal\/wp-json\/wp\/v2\/pages\/2116"}],"collection":[{"href":"https:\/\/blog.cancaonova.com\/natal\/wp-json\/wp\/v2\/pages"}],"about":[{"href":"https:\/\/blog.cancaonova.com\/natal\/wp-json\/wp\/v2\/types\/page"}],"author":[{"embeddable":true,"href":"https:\/\/blog.cancaonova.com\/natal\/wp-json\/wp\/v2\/users\/3131"}],"replies":[{"embeddable":true,"href":"https:\/\/blog.cancaonova.com\/natal\/wp-json\/wp\/v2\/comments?post=2116"}],"version-history":[{"count":143,"href":"https:\/\/blog.cancaonova.com\/natal\/wp-json\/wp\/v2\/pages\/2116\/revisions"}],"predecessor-version":[{"id":11382,"href":"https:\/\/blog.cancaonova.com\/natal\/wp-json\/wp\/v2\/pages\/2116\/revisions\/11382"}],"up":[{"embeddable":true,"href":"https:\/\/blog.cancaonova.com\/natal\/wp-json\/wp\/v2\/pages\/3960"}],"wp:attachment":[{"href":"https:\/\/blog.cancaonova.com\/natal\/wp-json\/wp\/v2\/media?parent=2116"}],"curies":[{"name":"wp","href":"https:\/\/api.w.org\/{rel}","templated":true}]}}