{"id":15,"date":"2014-03-10T18:29:15","date_gmt":"2014-03-10T18:29:15","guid":{"rendered":"http:\/\/blog.cancaonova.com\/padreantoniolima\/?page_id=15"},"modified":"2020-05-21T20:41:41","modified_gmt":"2020-05-21T20:41:41","slug":"musica","status":"publish","type":"page","link":"https:\/\/blog.cancaonova.com\/padreantoniolima\/musica\/","title":{"rendered":"In manus Tuas"},"content":{"rendered":"<p><strong><img loading=\"lazy\" decoding=\"async\" class=\"alignleft size-full wp-image-1869\" src=\"http:\/\/blog.cancaonova.com\/padreantoniolima\/files\/2014\/03\/manus.png\" alt=\"\" width=\"381\" height=\"245\" srcset=\"https:\/\/blog.cancaonova.com\/padreantoniolima\/files\/2014\/03\/manus.png 381w, https:\/\/blog.cancaonova.com\/padreantoniolima\/files\/2014\/03\/manus-300x193.png 300w\" sizes=\"(max-width: 381px) 100vw, 381px\" \/>&#8220;In manus Tuas&#8221; EM TUAS M<\/strong><strong>\u00c3<\/strong><strong>OS SENHOR!<br \/>\n<\/strong><\/p>\n<p>In manus Tuas &#8211; Este \u00e9 o meu lema sacerdotal. O escolhi de cora\u00e7\u00e3o por saber que a minha vida, isto \u00e9, tudo o que &#8220;sou&#8221;, &#8220;tenho&#8221; e &#8220;quero&#8221;, est\u00e1 em suas m\u00e3os. A partir do dia em que me tornei padre, em meu pensar, a\u00ed&nbsp; est\u00e1 o meu programa de vida para viver meu sacerd\u00f3cio com simplicidade, alegria, pobreza e desapego de mim, das pessoas, de coisas e em obedi\u00eancia ao bispo.<\/p>\n<p>Acredito muito no poder do louvor, o louvor converte, liberta e cura, disto eu sou testemunha quando a tenta\u00e7\u00e3o da tristeza e do des\u00e2nimo querem me pegar eu come\u00e7o a louvar, pego meu viol\u00e3o canto louvando ao Senhor, compondo novas can\u00e7\u00f5es, e o Espirito Santo retoma o que \u00e9 seu. Estas n\u00e3o s\u00e3o palavras ou ret\u00f3rica, eu vivo isto quando situa\u00e7\u00f5es&#8230; querem me pegar. Pe\u00e7o a voce que l\u00ea neste momento esta p\u00e1gina, que reze por mim. Eu preciso de sua ora\u00e7\u00e3o!<\/p>\n<p>Conhe\u00e7o muitos que vivem e testemunham isto, leigos e padres. \u00c9 lindo ouvir certos testemunhos desses jovens por exemplo, que se converteram do nada para Deus pela musica cat\u00f3lica.<\/p>\n<p>E&#8217; por Cristo que disse: &#8220;Ide e anunciai&#8221;&#8230; Considero muito o que disse o Papa &nbsp;S. Jo\u00e3o Paulo II em sua carta aos artistas: &#8221; Ningu\u00e9m melhor que voces artistas, construtores geniais da beleza, para intuir algo do &#8220;pathos&#8221; com o qual Deus, \u00e0 aurora da cria\u00e7\u00e3o, olhou a obra de suas m\u00e3os&#8221;&#8230;<\/p>\n<p>\u201cIn manus Tuas!\u201d<\/p>\n<p>&nbsp;<\/p>\n<p>&#8211; Siga o link abaixo para ir a: &#8220;Mensagens e Reflex\u00f5es<\/p>\n<p><a href=\"https:\/\/blog.cancaonova.com\/padreantoniolima\/\">https:\/\/blog.cancaonova.com\/padreantoniolima\/<\/a><\/p>\n<!-- AddThis Advanced Settings generic via filter on the_content --><!-- AddThis Share Buttons generic via filter on the_content -->","protected":false},"excerpt":{"rendered":"<p>&#8220;In manus Tuas&#8221; EM TUAS M\u00c3OS SENHOR! In manus Tuas &#8211; Este \u00e9 o meu lema sacerdotal. O escolhi de cora\u00e7\u00e3o por saber que a minha vida, isto \u00e9, tudo o que &#8220;sou&#8221;, &#8220;tenho&#8221; e &#8220;quero&#8221;, est\u00e1 em suas m\u00e3os&#8230;.<!-- AddThis Advanced Settings generic via filter on get_the_excerpt --><!-- AddThis Share Buttons generic via filter on get_the_excerpt --><\/p>\n","protected":false},"author":4539,"featured_media":0,"parent":0,"menu_order":3,"comment_status":"open","ping_status":"closed","template":"","meta":{"_mi_skip_tracking":false,"_monsterinsights_sitenote_active":false,"_monsterinsights_sitenote_note":"","_monsterinsights_sitenote_category":0,"footnotes":""},"_links":{"self":[{"href":"https:\/\/blog.cancaonova.com\/padreantoniolima\/wp-json\/wp\/v2\/pages\/15"}],"collection":[{"href":"https:\/\/blog.cancaonova.com\/padreantoniolima\/wp-json\/wp\/v2\/pages"}],"about":[{"href":"https:\/\/blog.cancaonova.com\/padreantoniolima\/wp-json\/wp\/v2\/types\/page"}],"author":[{"embeddable":true,"href":"https:\/\/blog.cancaonova.com\/padreantoniolima\/wp-json\/wp\/v2\/users\/4539"}],"replies":[{"embeddable":true,"href":"https:\/\/blog.cancaonova.com\/padreantoniolima\/wp-json\/wp\/v2\/comments?post=15"}],"version-history":[{"count":12,"href":"https:\/\/blog.cancaonova.com\/padreantoniolima\/wp-json\/wp\/v2\/pages\/15\/revisions"}],"predecessor-version":[{"id":1870,"href":"https:\/\/blog.cancaonova.com\/padreantoniolima\/wp-json\/wp\/v2\/pages\/15\/revisions\/1870"}],"wp:attachment":[{"href":"https:\/\/blog.cancaonova.com\/padreantoniolima\/wp-json\/wp\/v2\/media?parent=15"}],"curies":[{"name":"wp","href":"https:\/\/api.w.org\/{rel}","templated":true}]}}

<p><strong><img loading="lazy" decoding="async" class="alignleft size-full wp-image-1869" src="http://blog.cancaonova.com/padreantoniolima/files/2014/03/manus.png" alt="" width="381" height="245" srcset="https://blog.cancaonova.com/padreantoniolima/files/2014/03/manus.png 381w, https://blog.cancaonova.com/padreantoniolima/files/2014/03/manus-300x193.png 300w" sizes="(max-width: 381px) 100vw, 381px" />&#8220;In manus Tuas&#8221; EM TUAS M</strong><strong>Ã</strong><strong>OS SENHOR!<br />
</strong></p>
<p>In manus Tuas &#8211; Este é o meu lema sacerdotal. O escolhi de coração por saber que a minha vida, isto é, tudo o que &#8220;sou&#8221;, &#8220;tenho&#8221; e &#8220;quero&#8221;, está em suas mãos. A partir do dia em que me tornei padre, em meu pensar, aí&nbsp; está o meu programa de vida para viver meu sacerdócio com simplicidade, alegria, pobreza e desapego de mim, das pessoas, de coisas e em obediência ao bispo.</p>
<p>Acredito muito no poder do louvor, o louvor converte, liberta e cura, disto eu sou testemunha quando a tentação da tristeza e do desânimo querem me pegar eu começo a louvar, pego meu violão canto louvando ao Senhor, compondo novas canções, e o Espirito Santo retoma o que é seu. Estas não são palavras ou retórica, eu vivo isto quando situações&#8230; querem me pegar. Peço a voce que lê neste momento esta página, que reze por mim. Eu preciso de sua oração!</p>
<p>Conheço muitos que vivem e testemunham isto, leigos e padres. É lindo ouvir certos testemunhos desses jovens por exemplo, que se converteram do nada para Deus pela musica católica.</p>
<p>E&#8217; por Cristo que disse: &#8220;Ide e anunciai&#8221;&#8230; Considero muito o que disse o Papa &nbsp;S. João Paulo II em sua carta aos artistas: &#8221; Ninguém melhor que voces artistas, construtores geniais da beleza, para intuir algo do &#8220;pathos&#8221; com o qual Deus, à aurora da criação, olhou a obra de suas mãos&#8221;&#8230;</p>
<p>“In manus Tuas!”</p>
<p>&nbsp;</p>
<p>&#8211; Siga o link abaixo para ir a: &#8220;Mensagens e Reflexões</p>
<p><a href="https://blog.cancaonova.com/padreantoniolima/">https://blog.cancaonova.com/padreantoniolima/</a></p>
<!-- AddThis Advanced Settings generic via filter on the_content --><!-- AddThis Share Buttons generic via filter on the_content -->

<p>&#8220;In manus Tuas&#8221; EM TUAS MÃOS SENHOR! In manus Tuas &#8211; Este é o meu lema sacerdotal. O escolhi de coração por saber que a minha vida, isto é, tudo o que &#8220;sou&#8221;, &#8220;tenho&#8221; e &#8220;quero&#8221;, está em suas mãos&#8230;.<!-- AddThis Advanced Settings generic via filter on get_the_excerpt --><!-- AddThis Share Buttons generic via filter on get_the_excerpt --></p>
