{"id":28,"date":"2014-03-10T23:12:25","date_gmt":"2014-03-10T23:12:25","guid":{"rendered":"http:\/\/blog.cancaonova.com\/padreantoniolima\/?page_id=28"},"modified":"2020-01-16T21:29:46","modified_gmt":"2020-01-16T21:29:46","slug":"release","status":"publish","type":"page","link":"https:\/\/blog.cancaonova.com\/padreantoniolima\/release\/","title":{"rendered":"curriculo\/biografia"},"content":{"rendered":"<p style=\"text-align: right\"><strong><img loading=\"lazy\" decoding=\"async\" class=\"alignleft size-full wp-image-1497\" src=\"http:\/\/blog.cancaonova.com\/padreantoniolima\/files\/2014\/03\/don_ok_xpresent.jpg\" alt=\"\" width=\"366\" height=\"420\" srcset=\"https:\/\/blog.cancaonova.com\/padreantoniolima\/files\/2014\/03\/don_ok_xpresent.jpg 366w, https:\/\/blog.cancaonova.com\/padreantoniolima\/files\/2014\/03\/don_ok_xpresent-261x300.jpg 261w\" sizes=\"(max-width: 366px) 100vw, 366px\" \/><\/strong><\/p>\n<p>Desde o inicio da vida sacerdotal, intuida como meta para que o Esp\u00edrito Santo venha acolhido e seja ele o principal artista da obra de Deus na vida dos que seguem o Senhor Jesus, foi o que o fez descobrir o bem que \u201cos carismaticos\u201d fazem a tantos nestes nossos ultimos tempos. Desde ent\u00e3o, &nbsp;Padre Antonio Lima se deixou envolver no carisma da Renova\u00e7\u00e3o carism\u00e1tica: \u201cA experi\u00eancia di\u00e1ria mais concreta e menos te\u00f3rica\u2026 &nbsp;nas pequenas coisas e decis\u00f5es da vida sacerdotal, de viver segundo a vontade de Deus, me fizeram re-aprender o que \u00e9 obedecer a voz do \u201cMestre interior\u201d, a Terceira Pessoa da Santissima Trindade. Intu\u00ed isto, depois de muitos retiros para padres da renova\u00e7\u00e3o, pregados por grandes sacerdotes carism\u00e1ticos como o Padre Raniero, Padre Rufus Pereiera, os belos finais de semana do \u201crinc\u00e3o do meu Senhor\u201d com Padre Jonas Abib na Can\u00e7ao Nova, me fez tocar com a alma, o que \u00e8 perguntar ao Esp\u00edrito Santo, a cada coisa a fazer e a decidir, quando e se era sua vontade isto ou aquilo, e \u201cobedecer\u201d, para santificar as pequenas e grandes a\u00e7\u00f5es de cada dia num \u201cobedecer silenciosamente e com humildade\u201d.<\/p>\n<p>Nestes 20 e poucos anos de sacerd\u00f3cio, foi diretor de disciplina e vice reitor no seminario da Diocese, depois, p\u00e1roco, e diretor espiritual diocesano da Renova\u00e7\u00e3o Carism\u00e1tica Cat\u00f3lica. O dom de Deus de usar a voz e o canto para evangelizar, &nbsp;Padre Antonio Lima o aperfei\u00e7oou com o estudo da musica e do canto, e certo dia tomou a decis\u00e3o de faze-lo de modo mais abrangente com a composi\u00e7\u00e3o e a grava\u00e7\u00e3o de suas can\u00e7\u00f5es de louvor e adora\u00e7\u00e3o. Saiu o primeiro trabalho de evangeliza\u00e7\u00e3o musical em 2005, com o CD \u201cVinde e Manifestemos\u201d, gravado tamb\u00e9m em Italiano pela gravadora cat\u00f3lica \u201cPongo Edizioni\u201d, na Italia. Contou com a participa\u00e7ao de Walmir Alencar (Quando Deus me fez) , Nelsinho Correa (A vontade do Pai) e Roberto Bignoli (abra\u00e7o materno). Depois veio o segundo, gravado somente em Italiano, \u201cPerfetta letizia\u201d, e continua neste caminho com um evangelizar aos \u201csinais dos tempos\u201d que o Espirito Soprou na Igreja. E para faze-lo do melhor modo possivel, convicto que para Deus se doa o melhor: \u201cPara Deus o melhor!\u201d, porque n\u00e3o basta s\u00f3 querer fazer algo mas precisa aprender como fazer, regra m\u00e1xima para tudo\u2026 &nbsp;formou-se em Comunica\u00e7\u00e3o na Pontificia Faculdade de Comunica\u00e7\u00e3o Social institucional de Roma.&nbsp;&nbsp;<\/p>\n<p>Estou certo de que a riqueza cultural, junto \u00e0 contamina\u00e7\u00e3o da sonoridade evangelizadora da musica, s\u00e3o um enorme meio de aprendizado, para quem, se colocou a servi\u00e7o do Reino de Nosso Senhor, de fato, falar de Deus, louvar e adorar o Senhor s\u00e3o a fonte e o fim da miss\u00e3o da Igreja. E mais ainda neste nosso tempo, a hist\u00f3ria da humanidade, mais que nunca, caminha com grande fadiga e inesoravelmente para o grande dia do Senhor. &nbsp;&nbsp;&nbsp;<\/p>\n<p style=\"text-align: right\">&#8220;In manus Tuas&#8230;&#8221;<\/p>\n<p>&#8211; Siga o link abaixo para ir a: &#8220;Mensagens e Reflex\u00f5es<\/p>\n<p><a href=\"https:\/\/blog.cancaonova.com\/padreantoniolima\/\">https:\/\/blog.cancaonova.com\/padreantoniolima\/<\/a><\/p>\n<p>&nbsp;<\/p>\n<p style=\"text-align: right\">&nbsp;<\/p>\n<p style=\"text-align: center\"><img loading=\"lazy\" decoding=\"async\" class=\"size-full wp-image-1113 aligncenter\" src=\"http:\/\/blog.cancaonova.com\/padreantoniolima\/files\/2013\/01\/banner_prodotti4.png\" alt=\"banner_prodotti4\" width=\"575\" height=\"317\" srcset=\"https:\/\/blog.cancaonova.com\/padreantoniolima\/files\/2013\/01\/banner_prodotti4.png 575w, https:\/\/blog.cancaonova.com\/padreantoniolima\/files\/2013\/01\/banner_prodotti4-300x165.png 300w\" sizes=\"(max-width: 575px) 100vw, 575px\" \/><\/p>\n<!-- AddThis Advanced Settings generic via filter on the_content --><!-- AddThis Share Buttons generic via filter on the_content -->","protected":false},"excerpt":{"rendered":"<p>Desde o inicio da vida sacerdotal, intuida como meta para que o Esp\u00edrito Santo venha acolhido e seja ele o principal artista da obra de Deus na vida dos que seguem o Senhor Jesus, foi o que o fez descobrir&#8230;<!-- AddThis Advanced Settings generic via filter on get_the_excerpt --><!-- AddThis Share Buttons generic via filter on get_the_excerpt --><\/p>\n","protected":false},"author":4539,"featured_media":0,"parent":0,"menu_order":5,"comment_status":"open","ping_status":"closed","template":"","meta":{"_mi_skip_tracking":false,"_monsterinsights_sitenote_active":false,"_monsterinsights_sitenote_note":"","_monsterinsights_sitenote_category":0,"footnotes":""},"_links":{"self":[{"href":"https:\/\/blog.cancaonova.com\/padreantoniolima\/wp-json\/wp\/v2\/pages\/28"}],"collection":[{"href":"https:\/\/blog.cancaonova.com\/padreantoniolima\/wp-json\/wp\/v2\/pages"}],"about":[{"href":"https:\/\/blog.cancaonova.com\/padreantoniolima\/wp-json\/wp\/v2\/types\/page"}],"author":[{"embeddable":true,"href":"https:\/\/blog.cancaonova.com\/padreantoniolima\/wp-json\/wp\/v2\/users\/4539"}],"replies":[{"embeddable":true,"href":"https:\/\/blog.cancaonova.com\/padreantoniolima\/wp-json\/wp\/v2\/comments?post=28"}],"version-history":[{"count":21,"href":"https:\/\/blog.cancaonova.com\/padreantoniolima\/wp-json\/wp\/v2\/pages\/28\/revisions"}],"predecessor-version":[{"id":1759,"href":"https:\/\/blog.cancaonova.com\/padreantoniolima\/wp-json\/wp\/v2\/pages\/28\/revisions\/1759"}],"wp:attachment":[{"href":"https:\/\/blog.cancaonova.com\/padreantoniolima\/wp-json\/wp\/v2\/media?parent=28"}],"curies":[{"name":"wp","href":"https:\/\/api.w.org\/{rel}","templated":true}]}}

<p style="text-align: right"><strong><img loading="lazy" decoding="async" class="alignleft size-full wp-image-1497" src="http://blog.cancaonova.com/padreantoniolima/files/2014/03/don_ok_xpresent.jpg" alt="" width="366" height="420" srcset="https://blog.cancaonova.com/padreantoniolima/files/2014/03/don_ok_xpresent.jpg 366w, https://blog.cancaonova.com/padreantoniolima/files/2014/03/don_ok_xpresent-261x300.jpg 261w" sizes="(max-width: 366px) 100vw, 366px" /></strong></p>
<p>Desde o inicio da vida sacerdotal, intuida como meta para que o Espírito Santo venha acolhido e seja ele o principal artista da obra de Deus na vida dos que seguem o Senhor Jesus, foi o que o fez descobrir o bem que “os carismaticos” fazem a tantos nestes nossos ultimos tempos. Desde então, &nbsp;Padre Antonio Lima se deixou envolver no carisma da Renovação carismática: “A experiência diária mais concreta e menos teórica… &nbsp;nas pequenas coisas e decisões da vida sacerdotal, de viver segundo a vontade de Deus, me fizeram re-aprender o que é obedecer a voz do “Mestre interior”, a Terceira Pessoa da Santissima Trindade. Intuí isto, depois de muitos retiros para padres da renovação, pregados por grandes sacerdotes carismáticos como o Padre Raniero, Padre Rufus Pereiera, os belos finais de semana do “rincão do meu Senhor” com Padre Jonas Abib na Cançao Nova, me fez tocar com a alma, o que è perguntar ao Espírito Santo, a cada coisa a fazer e a decidir, quando e se era sua vontade isto ou aquilo, e “obedecer”, para santificar as pequenas e grandes ações de cada dia num “obedecer silenciosamente e com humildade”.</p>
<p>Nestes 20 e poucos anos de sacerdócio, foi diretor de disciplina e vice reitor no seminario da Diocese, depois, pároco, e diretor espiritual diocesano da Renovação Carismática Católica. O dom de Deus de usar a voz e o canto para evangelizar, &nbsp;Padre Antonio Lima o aperfeiçoou com o estudo da musica e do canto, e certo dia tomou a decisão de faze-lo de modo mais abrangente com a composição e a gravação de suas canções de louvor e adoração. Saiu o primeiro trabalho de evangelização musical em 2005, com o CD “Vinde e Manifestemos”, gravado também em Italiano pela gravadora católica “Pongo Edizioni”, na Italia. Contou com a participaçao de Walmir Alencar (Quando Deus me fez) , Nelsinho Correa (A vontade do Pai) e Roberto Bignoli (abraço materno). Depois veio o segundo, gravado somente em Italiano, “Perfetta letizia”, e continua neste caminho com um evangelizar aos “sinais dos tempos” que o Espirito Soprou na Igreja. E para faze-lo do melhor modo possivel, convicto que para Deus se doa o melhor: “Para Deus o melhor!”, porque não basta só querer fazer algo mas precisa aprender como fazer, regra máxima para tudo… &nbsp;formou-se em Comunicação na Pontificia Faculdade de Comunicação Social institucional de Roma.&nbsp;&nbsp;</p>
<p>Estou certo de que a riqueza cultural, junto à contaminação da sonoridade evangelizadora da musica, são um enorme meio de aprendizado, para quem, se colocou a serviço do Reino de Nosso Senhor, de fato, falar de Deus, louvar e adorar o Senhor são a fonte e o fim da missão da Igreja. E mais ainda neste nosso tempo, a história da humanidade, mais que nunca, caminha com grande fadiga e inesoravelmente para o grande dia do Senhor. &nbsp;&nbsp;&nbsp;</p>
<p style="text-align: right">&#8220;In manus Tuas&#8230;&#8221;</p>
<p>&#8211; Siga o link abaixo para ir a: &#8220;Mensagens e Reflexões</p>
<p><a href="https://blog.cancaonova.com/padreantoniolima/">https://blog.cancaonova.com/padreantoniolima/</a></p>
<p>&nbsp;</p>
<p style="text-align: right">&nbsp;</p>
<p style="text-align: center"><img loading="lazy" decoding="async" class="size-full wp-image-1113 aligncenter" src="http://blog.cancaonova.com/padreantoniolima/files/2013/01/banner_prodotti4.png" alt="banner_prodotti4" width="575" height="317" srcset="https://blog.cancaonova.com/padreantoniolima/files/2013/01/banner_prodotti4.png 575w, https://blog.cancaonova.com/padreantoniolima/files/2013/01/banner_prodotti4-300x165.png 300w" sizes="(max-width: 575px) 100vw, 575px" /></p>
<!-- AddThis Advanced Settings generic via filter on the_content --><!-- AddThis Share Buttons generic via filter on the_content -->

<p>Desde o inicio da vida sacerdotal, intuida como meta para que o Espírito Santo venha acolhido e seja ele o principal artista da obra de Deus na vida dos que seguem o Senhor Jesus, foi o que o fez descobrir&#8230;<!-- AddThis Advanced Settings generic via filter on get_the_excerpt --><!-- AddThis Share Buttons generic via filter on get_the_excerpt --></p>
