{"id":33,"date":"2014-03-11T07:46:51","date_gmt":"2014-03-11T07:46:51","guid":{"rendered":"http:\/\/blog.cancaonova.com\/padreantoniolima\/?page_id=33"},"modified":"2023-05-23T21:01:23","modified_gmt":"2023-05-23T21:01:23","slug":"momentos","status":"publish","type":"page","link":"https:\/\/blog.cancaonova.com\/padreantoniolima\/momentos\/","title":{"rendered":"Inten\u00e7\u00f5es de Missa"},"content":{"rendered":"<p>Inten\u00e7\u00f5es para a Santa Missa e pedidos de ora\u00e7\u00e3o<\/p>\n<p>Neste espa\u00e7o voce pode deisxar sua inten\u00e7\u00e3o para a Santa Missa e seus pedidos de ora\u00e7\u00e3o, por quem ou por alguma causa que voce gostaria que eu lembrasse diante do Senhor. De Cora\u00e7\u00e3o apresentarei ao Pai, por intercess\u00e3o da nossa M\u00e3e.<\/p>\n<p>O Senhor te abencoe e te guarde.<\/p>\n<!-- AddThis Advanced Settings generic via filter on the_content --><!-- AddThis Share Buttons generic via filter on the_content -->","protected":false},"excerpt":{"rendered":"<p>Inten\u00e7\u00f5es para a Santa Missa e pedidos de ora\u00e7\u00e3o Neste espa\u00e7o voce pode deisxar sua inten\u00e7\u00e3o para a Santa Missa e seus pedidos de ora\u00e7\u00e3o, por quem ou por alguma causa que voce gostaria que eu lembrasse diante do Senhor&#8230;.<!-- AddThis Advanced Settings generic via filter on get_the_excerpt --><!-- AddThis Share Buttons generic via filter on get_the_excerpt --><\/p>\n","protected":false},"author":4539,"featured_media":0,"parent":0,"menu_order":2,"comment_status":"open","ping_status":"closed","template":"","meta":{"_mi_skip_tracking":false,"_monsterinsights_sitenote_active":false,"_monsterinsights_sitenote_note":"","_monsterinsights_sitenote_category":0,"footnotes":""},"_links":{"self":[{"href":"https:\/\/blog.cancaonova.com\/padreantoniolima\/wp-json\/wp\/v2\/pages\/33"}],"collection":[{"href":"https:\/\/blog.cancaonova.com\/padreantoniolima\/wp-json\/wp\/v2\/pages"}],"about":[{"href":"https:\/\/blog.cancaonova.com\/padreantoniolima\/wp-json\/wp\/v2\/types\/page"}],"author":[{"embeddable":true,"href":"https:\/\/blog.cancaonova.com\/padreantoniolima\/wp-json\/wp\/v2\/users\/4539"}],"replies":[{"embeddable":true,"href":"https:\/\/blog.cancaonova.com\/padreantoniolima\/wp-json\/wp\/v2\/comments?post=33"}],"version-history":[{"count":29,"href":"https:\/\/blog.cancaonova.com\/padreantoniolima\/wp-json\/wp\/v2\/pages\/33\/revisions"}],"predecessor-version":[{"id":1968,"href":"https:\/\/blog.cancaonova.com\/padreantoniolima\/wp-json\/wp\/v2\/pages\/33\/revisions\/1968"}],"wp:attachment":[{"href":"https:\/\/blog.cancaonova.com\/padreantoniolima\/wp-json\/wp\/v2\/media?parent=33"}],"curies":[{"name":"wp","href":"https:\/\/api.w.org\/{rel}","templated":true}]}}