{"id":3,"date":"2024-02-12T15:23:45","date_gmt":"2024-02-12T18:23:45","guid":{"rendered":"http:\/\/blog.cancaonova.com\/paraguay\/?page_id=3"},"modified":"2025-06-05T10:58:36","modified_gmt":"2025-06-05T14:58:36","slug":"comunidad-cancion-nueva-en-paraguay","status":"publish","type":"page","link":"https:\/\/blog.cancaonova.com\/paraguay\/comunidad-cancion-nueva-en-paraguay\/","title":{"rendered":"Quienes Somos"},"content":{"rendered":"<p style=\"text-align: left\"><strong>Comunidad Canci\u00f3n Nueva<\/strong>, fundada por Padre Jonas Abib, busca la evangelizaci\u00f3n a trav\u00e9s de los medios de comunicaci\u00f3n para formar hombres y mujeres nuevos para un mundo nuevo.<\/p>\n<p><a href=\"http:\/\/blog.cancaonova.com\/paraguay\/files\/2024\/02\/PHN-Cancion-Nueva-Paraguay.jpeg\"><img loading=\"lazy\" decoding=\"async\" class=\"size-medium wp-image-4340 alignleft\" src=\"http:\/\/blog.cancaonova.com\/paraguay\/files\/2024\/02\/PHN-Cancion-Nueva-Paraguay-300x300.jpeg\" alt=\"\" width=\"300\" height=\"300\" srcset=\"https:\/\/blog.cancaonova.com\/paraguay\/files\/2024\/02\/PHN-Cancion-Nueva-Paraguay-300x300.jpeg 300w, https:\/\/blog.cancaonova.com\/paraguay\/files\/2024\/02\/PHN-Cancion-Nueva-Paraguay-150x150.jpeg 150w, https:\/\/blog.cancaonova.com\/paraguay\/files\/2024\/02\/PHN-Cancion-Nueva-Paraguay-768x769.jpeg 768w, https:\/\/blog.cancaonova.com\/paraguay\/files\/2024\/02\/PHN-Cancion-Nueva-Paraguay-144x144.jpeg 144w, https:\/\/blog.cancaonova.com\/paraguay\/files\/2024\/02\/PHN-Cancion-Nueva-Paraguay.jpeg 1080w\" sizes=\"(max-width: 300px) 100vw, 300px\" \/><\/a>En Paraguay, la comunidad se inici\u00f3 en el a\u00f1o 2004 con un grupo de j\u00f3venes que viv\u00edan el PHN: \u201cPor Hoy No voy a Pecar\u201d, una propuesta de vida que forma parte de este carisma. En el a\u00f1o 2007, se consagraron los nuevos miembros de alianza y vida, y en el a\u00f1o 2010, se abri\u00f3 por primera vez la casa de misi\u00f3n en Paraguay, siendo tambi\u00e9n la primera de habla hispana.<\/p>\n<p>Aqu\u00ed en Paraguay, evangelizamos a trav\u00e9s de encuentros y retiros espirituales, cursos de formaci\u00f3n espiritual y mediante toda la tecnolog\u00eda a nuestro alcance: Blog, Facebook, X, Instagram, YouTube, etc. Adem\u00e1s, contamos con programas de radio y televisi\u00f3n.<\/p>\n<p style=\"text-align: center\"><strong>Te invitamos a que conozcas parte de la historia de la Comunidad Canci\u00f3n Nueva en Brasil.<\/strong><\/p>\n<p>La Comunidad Canci\u00f3n Nueva naci\u00f3 en Brasil en el a\u00f1o 1978, siendo su fundador el Padre Jonas Abib. En el a\u00f1o 2024, celebramos \u00a146 a\u00f1os de evangelizaci\u00f3n!<\/p>\n<p><a href=\"http:\/\/blog.cancaonova.com\/paraguay\/files\/2024\/02\/Monse\u00f1or-Jonas-Abib-Cancion-nueva-paraguay.jpg\"><img loading=\"lazy\" decoding=\"async\" class=\"size-medium wp-image-4341 alignright\" src=\"http:\/\/blog.cancaonova.com\/paraguay\/files\/2024\/02\/Monse\u00f1or-Jonas-Abib-Cancion-nueva-paraguay-201x300.jpg\" alt=\"\" width=\"201\" height=\"300\" srcset=\"https:\/\/blog.cancaonova.com\/paraguay\/files\/2024\/02\/Monse\u00f1or-Jonas-Abib-Cancion-nueva-paraguay-201x300.jpg 201w, https:\/\/blog.cancaonova.com\/paraguay\/files\/2024\/02\/Monse\u00f1or-Jonas-Abib-Cancion-nueva-paraguay.jpg 401w\" sizes=\"(max-width: 201px) 100vw, 201px\" \/><\/a>La comunidad surgi\u00f3 a partir del gran desaf\u00edo lanzado en el \u201cDocumento Evangelii Nuntiandi\u201d de 1975, que fue propuesto al Padre Jonas Abib. \u00c9l acept\u00f3 el desaf\u00edo, poniendo esta misi\u00f3n en manos de Dios y trabajando con j\u00f3venes como sacerdote de la congregaci\u00f3n Salesiana.<\/p>\n<p>Canci\u00f3n Nueva es una comunidad cat\u00f3lica que tiene como objetivo principal la evangelizaci\u00f3n a trav\u00e9s de los medios de comunicaci\u00f3n: televisi\u00f3n, radio, internet. Tambi\u00e9n a trav\u00e9s de productos de evangelizaci\u00f3n que la comunidad misma produce: libros, CDs, DVDs, videos, camisetas, entre otros materiales, todos destinados a la evangelizaci\u00f3n.<\/p>\n<p>La Comunidad Canci\u00f3n Nueva busca restaurar la dignidad de la familia, que es la c\u00e9lula madre de la sociedad, priorizando la formaci\u00f3n espiritual para propiciar \u201chombres y mujeres nuevos, para un mundo nuevo\u201d.<\/p>\n<p>El carisma de Canci\u00f3n Nueva se sustenta especialmente en la Palabra de Dios, naci\u00f3 de la Palabra y vive de la Palabra a trav\u00e9s del estudio b\u00edblico diario. Somos una comunidad de amor y adoraci\u00f3n, una comunidad de alianza y vida. Vivimos la vida fraterna: matrimonios, j\u00f3venes laicos, sacerdotes, consagradas\/os, todos viviendo en un mismo lugar.<\/p>\n<p>El trabajo santificado, la oraci\u00f3n personal y comunitaria, son ejes del carisma, as\u00ed como vivir reconciliados y confiados en la providencia de Dios.<\/p>\n<p>\u00a1Ser Canci\u00f3n Nueva es muy bueno, porque es ser de Dios!<\/p>\n<p><a href=\"http:\/\/blog.cancaonova.com\/paraguay\/files\/2024\/07\/PHN-BRASIL-2024-paraguay-9.jpeg\"><img loading=\"lazy\" decoding=\"async\" class=\"size-medium wp-image-4439 alignleft\" src=\"http:\/\/blog.cancaonova.com\/paraguay\/files\/2024\/07\/PHN-BRASIL-2024-paraguay-9-300x200.jpeg\" alt=\"\" width=\"300\" height=\"200\" srcset=\"https:\/\/blog.cancaonova.com\/paraguay\/files\/2024\/07\/PHN-BRASIL-2024-paraguay-9-300x200.jpeg 300w, https:\/\/blog.cancaonova.com\/paraguay\/files\/2024\/07\/PHN-BRASIL-2024-paraguay-9-768x512.jpeg 768w, https:\/\/blog.cancaonova.com\/paraguay\/files\/2024\/07\/PHN-BRASIL-2024-paraguay-9-272x182.jpeg 272w, https:\/\/blog.cancaonova.com\/paraguay\/files\/2024\/07\/PHN-BRASIL-2024-paraguay-9.jpeg 1080w\" sizes=\"(max-width: 300px) 100vw, 300px\" \/><\/a>Hoy en d\u00eda, la Comunidad Canci\u00f3n Nueva en Brasil tiene su sede en Cachoeira Paulista, en el interior de la ciudad de San Paulo, y ha crecido inmensamente. Se ha expandido por todo Brasil y ha dado muchos frutos gracias a la ayuda solidaria de todo el pueblo para sostener la radio, la televisi\u00f3n, internet y toda la misi\u00f3n de evangelizar. \u00a1Es por eso que confiamos en la providencia!<\/p>\n<p>Actualmente, existen casas de misi\u00f3n en varios pa\u00edses: Roma, Jerusal\u00e9n, Portugal, Estados Unidos, Francia, Mozambique y, por supuesto, Paraguay.<\/p>\n<p>En el a\u00f1o 2007, el Padre Jonas Abib recibi\u00f3 el t\u00edtulo de Monse\u00f1or, un regalo de Dios y un reconocimiento de toda la Iglesia por el gran trabajo de evangelizaci\u00f3n realizado en los \u00faltimos 30 a\u00f1os.<\/p>\n<p style=\"text-align: center\"><strong>PORQUE NUESTRA MISI\u00d3N ES EVANGELIZAR<\/strong><\/p>\n<p><a href=\"http:\/\/blog.cancaonova.com\/paraguay\/files\/2024\/08\/comunidad-catolica-cancion-nueva-paraguay.jpeg\"><img loading=\"lazy\" decoding=\"async\" class=\"wp-image-4562 size-large aligncenter\" src=\"http:\/\/blog.cancaonova.com\/paraguay\/files\/2024\/08\/comunidad-catolica-cancion-nueva-paraguay-600x300.jpeg\" alt=\"\" width=\"600\" height=\"300\" srcset=\"https:\/\/blog.cancaonova.com\/paraguay\/files\/2024\/08\/comunidad-catolica-cancion-nueva-paraguay-600x300.jpeg 600w, https:\/\/blog.cancaonova.com\/paraguay\/files\/2024\/08\/comunidad-catolica-cancion-nueva-paraguay-300x150.jpeg 300w, https:\/\/blog.cancaonova.com\/paraguay\/files\/2024\/08\/comunidad-catolica-cancion-nueva-paraguay-150x75.jpeg 150w\" sizes=\"(max-width: 600px) 100vw, 600px\" \/><\/a><\/p>\n<h1 style=\"text-align: center\"><strong>\u00bfC\u00f3mo lleg\u00f3 al Paraguay?<\/strong><\/h1>\n<p data-pm-slice=\"1 1 []\">Canci\u00f3n Nueva lleg\u00f3 a Paraguay en el a\u00f1o <strong>2004<\/strong>, comenzando con un grupo de j\u00f3venes en Zeballos Cue &#8211; Asunci\u00f3n.<\/p>\n<p data-pm-slice=\"1 1 []\">Estos j\u00f3venes, inspirados por la espiritualidad y carisma de la comunidad, encontraron una nueva forma de vivir su fe y marcar la diferencia en el mundo.<\/p>\n<p>Con el tiempo, la comunidad se expandi\u00f3 a ciudades como Asunci\u00f3n, Luque, San Lorenzo, Fernando de la Mora, Ypane, Ypacarai, Ciudad del Este y Villarrica.<\/p>\n<p>Actualmente, <strong>j\u00f3venes, matrimonios y familias<\/strong> de diferentes parroquias forman parte de esta gran familia espiritual.<\/p>\n<p data-pm-slice=\"1 1 []\">En 2009, Eto Jardim, cofundador de la Comunidad, visit\u00f3 Paraguay y tuvo la autorizaci\u00f3n del arzobispo de Asunci\u00f3n, Mons. Pastor Cuquejo, para abrir la casa de evangelizaci\u00f3n y establecer el N\u00facleo de la comunidad en la di\u00f3cesis.<\/p>\n<p>Finalmente, el <strong>20 de marzo de 2010<\/strong>, en presencia de <strong>Luzia Santiago<\/strong>, cofundadora de la Comunidad, el <strong>arzobispo Mons. Pastor Cuquejo<\/strong>, el <strong>Nuncio Apost\u00f3lico Mons. Eliseo Antonio Ariotti<\/strong>, se oficializ\u00f3 la apertura de la <strong>primera casa femenina del N\u00facleo y la Casa de evangelizaci\u00f3n<\/strong> en Paraguay.<\/p>\n<p>A pesar de que la historia inici\u00f3 mucho antes, esta fecha marc\u00f3 el reconocimiento oficial de Canci\u00f3n Nueva en Paraguay.<\/p>\n<p data-pm-slice=\"1 1 []\">En Paraguay, actualmente hay 42 consagrados a la Comunidad de Alianza, 7 a la Comunidad de Vida, y m\u00e1s de 30 j\u00f3venes y matrimonios en discernimiento vocacional.<\/p>\n<p style=\"text-align: center\"><a href=\"http:\/\/blog.cancaonova.com\/paraguay\/files\/2024\/07\/PHN-BRASIL-2024-paraguay-16.jpeg\"><img loading=\"lazy\" decoding=\"async\" class=\"alignnone wp-image-4448 size-large\" src=\"http:\/\/blog.cancaonova.com\/paraguay\/files\/2024\/07\/PHN-BRASIL-2024-paraguay-16-e1723053701216-600x300.jpeg\" alt=\"\" width=\"600\" height=\"300\" srcset=\"https:\/\/blog.cancaonova.com\/paraguay\/files\/2024\/07\/PHN-BRASIL-2024-paraguay-16-e1723053701216-600x300.jpeg 600w, https:\/\/blog.cancaonova.com\/paraguay\/files\/2024\/07\/PHN-BRASIL-2024-paraguay-16-e1723053701216-300x150.jpeg 300w, https:\/\/blog.cancaonova.com\/paraguay\/files\/2024\/07\/PHN-BRASIL-2024-paraguay-16-e1723053701216-150x75.jpeg 150w\" sizes=\"(max-width: 600px) 100vw, 600px\" \/><\/a><\/p>\n<p style=\"text-align: justify\">En este CARISMA hay cientos de Amigos Canci\u00f3n Nueva que est\u00e1n cerca, form\u00e1ndose, participando de los encuentros, adoraciones y retiros.<br \/>\nSer Amigo Canci\u00f3n Nueva tambi\u00e9n es una vocaci\u00f3n!<\/p>\n<p style=\"text-align: justify\">\u00a1Vos podes ser parte de esta Historia de evangelizaci\u00f3n!<\/p>\n<p style=\"text-align: center\"><a href=\"https:\/\/blog.cancaonova.com\/paraguay\/contacto\/\"> \u00a1Vos podes ser parte de esta Historia de evangelizaci\u00f3n!.<\/a><\/p>\n<h2 style=\"text-align: center\">Comunidad Canci\u00f3n Nueva &#8211; Paraguay<a href=\"http:\/\/blog.cancaonova.com\/paraguay\/files\/2010\/05\/logo.jpeg\"><img loading=\"lazy\" decoding=\"async\" class=\" wp-image-3922 aligncenter\" src=\"http:\/\/blog.cancaonova.com\/paraguay\/files\/2010\/05\/logo-300x300.jpeg\" alt=\"\" width=\"186\" height=\"186\" srcset=\"https:\/\/blog.cancaonova.com\/paraguay\/files\/2010\/05\/logo-300x300.jpeg 300w, https:\/\/blog.cancaonova.com\/paraguay\/files\/2010\/05\/logo-150x150.jpeg 150w, https:\/\/blog.cancaonova.com\/paraguay\/files\/2010\/05\/logo-768x768.jpeg 768w, https:\/\/blog.cancaonova.com\/paraguay\/files\/2010\/05\/logo-144x144.jpeg 144w, https:\/\/blog.cancaonova.com\/paraguay\/files\/2010\/05\/logo.jpeg 900w\" sizes=\"(max-width: 186px) 100vw, 186px\" \/><\/a><\/h2>\n<h4 style=\"text-align: center\">Contacto y\u00a0 whatsapp<\/h4>\n<p style=\"text-align: center\"><a href=\"https:\/\/abrir.link\/ContactoGeneralCNPY\" target=\"_blank\" rel=\"noopener\">\ud83d\udcf2\u00a0\u00a0 +595 986 273932\u00a0<\/a><\/p>\n<h5 style=\"text-align: center\">\ud83d\udce9 coordinacionpy@cancaonova.com<\/h5>\n<p style=\"text-align: center\">Ven\u00eds a participar de las actividades semanales en nuestra misi\u00f3n.<\/p>\n<p style=\"text-align: center\"><strong>\u00a1Te esperamos!<\/strong><\/p>\n","protected":false},"excerpt":{"rendered":"<p>Comunidad Canci\u00f3n Nueva, fundada por Padre Jonas Abib, busca la evangelizaci\u00f3n a trav\u00e9s de los medios de comunicaci\u00f3n para formar hombres y mujeres nuevos para un mundo nuevo. En Paraguay, la comunidad se inici\u00f3 en el a\u00f1o 2004 con un&#8230;<\/p>\n","protected":false},"author":4425,"featured_media":5257,"parent":0,"menu_order":0,"comment_status":"closed","ping_status":"closed","template":"","meta":{"footnotes":""},"_links":{"self":[{"href":"https:\/\/blog.cancaonova.com\/paraguay\/wp-json\/wp\/v2\/pages\/3"}],"collection":[{"href":"https:\/\/blog.cancaonova.com\/paraguay\/wp-json\/wp\/v2\/pages"}],"about":[{"href":"https:\/\/blog.cancaonova.com\/paraguay\/wp-json\/wp\/v2\/types\/page"}],"author":[{"embeddable":true,"href":"https:\/\/blog.cancaonova.com\/paraguay\/wp-json\/wp\/v2\/users\/4425"}],"replies":[{"embeddable":true,"href":"https:\/\/blog.cancaonova.com\/paraguay\/wp-json\/wp\/v2\/comments?post=3"}],"version-history":[{"count":42,"href":"https:\/\/blog.cancaonova.com\/paraguay\/wp-json\/wp\/v2\/pages\/3\/revisions"}],"predecessor-version":[{"id":5254,"href":"https:\/\/blog.cancaonova.com\/paraguay\/wp-json\/wp\/v2\/pages\/3\/revisions\/5254"}],"wp:featuredmedia":[{"embeddable":true,"href":"https:\/\/blog.cancaonova.com\/paraguay\/wp-json\/wp\/v2\/media\/5257"}],"wp:attachment":[{"href":"https:\/\/blog.cancaonova.com\/paraguay\/wp-json\/wp\/v2\/media?parent=3"}],"curies":[{"name":"wp","href":"https:\/\/api.w.org\/{rel}","templated":true}]}}