{"id":13058,"date":"2022-06-23T15:20:07","date_gmt":"2022-06-23T18:20:07","guid":{"rendered":"http:\/\/blog.cancaonova.com\/peregrinacoes\/"},"modified":"2023-11-24T10:24:06","modified_gmt":"2023-11-24T13:24:06","slug":"agenda-2024","status":"publish","type":"page","link":"https:\/\/blog.cancaonova.com\/peregrinacoes\/agenda-2024\/","title":{"rendered":"Agenda 2024"},"content":{"rendered":"<h1 style=\"text-align: center\"><span style=\"color: #000080\"><strong>Realize seu sonho de peregrinar pelos lugares santos!<\/strong><\/span><\/h1>\n<p>&nbsp;<\/p>\n<h1 style=\"text-align: center\"><strong><span style=\"text-decoration: underline;color: #0000ff\"><span style=\"color: #000080;text-decoration: underline\">AGENDA &#8211;<\/span><span style=\"color: #000080;text-decoration: underline\"> 2024<\/span><\/span><\/strong><\/h1>\n<p>&nbsp;<\/p>\n\n\t\t<style type=\"text\/css\">\n\t\t\t#gallery-1 {\n\t\t\t\tmargin: auto;\n\t\t\t}\n\t\t\t#gallery-1 .gallery-item {\n\t\t\t\tfloat: left;\n\t\t\t\tmargin-top: 10px;\n\t\t\t\ttext-align: center;\n\t\t\t\twidth: 100%;\n\t\t\t}\n\t\t\t#gallery-1 img {\n\t\t\t\tborder: 2px solid #cfcfcf;\n\t\t\t}\n\t\t\t#gallery-1 .gallery-caption {\n\t\t\t\tmargin-left: 0;\n\t\t\t}\n\t\t\t\/* see gallery_shortcode() in wp-includes\/media.php *\/\n\t\t<\/style>\n\t\t<div id='gallery-1' class='gallery galleryid-13058 gallery-columns-1 gallery-size-full'><dl class='gallery-item'>\n\t\t\t<dt class='gallery-icon landscape'>\n\t\t\t\t<a href='https:\/\/blog.cancaonova.com\/peregrinacoes\/files\/2022\/06\/Agenda-2024_compressed.jpg'><img loading=\"lazy\" decoding=\"async\" width=\"8000\" height=\"2917\" src=\"https:\/\/blog.cancaonova.com\/peregrinacoes\/files\/2022\/06\/Agenda-2024_compressed.jpg\" class=\"attachment-full size-full\" alt=\"\" srcset=\"https:\/\/blog.cancaonova.com\/peregrinacoes\/files\/2022\/06\/Agenda-2024_compressed.jpg 8000w, https:\/\/blog.cancaonova.com\/peregrinacoes\/files\/2022\/06\/Agenda-2024_compressed-300x109.jpg 300w, https:\/\/blog.cancaonova.com\/peregrinacoes\/files\/2022\/06\/Agenda-2024_compressed-768x280.jpg 768w, https:\/\/blog.cancaonova.com\/peregrinacoes\/files\/2022\/06\/Agenda-2024_compressed-1024x373.jpg 1024w\" sizes=\"(max-width: 8000px) 100vw, 8000px\" \/><\/a>\n\t\t\t<\/dt><\/dl><br style=\"clear: both\" \/>\n\t\t<\/div>\n\n<h2><strong><span style=\"color: #000080\">Fevereiro\u00a0 2024<\/span><\/strong><\/h2>\n<p>05\/02 \u2013 <strong>It\u00e1lia\u00a0\u2013 ESPECIAL<\/strong>\u00a0\u2013 Pe. Luizinho<\/p>\n<p>20\/02 &#8211; <strong>Santu\u00e1rios Franciscanos<\/strong> &#8211; Pe. Fabiano, M\u00e1rcio Mendes e Rosemary<\/p>\n<p>26\/02 \u2013\u00a0<strong>Fran\u00e7a, Espanha e Portugal\u00a0<\/strong>\u2013 Pe. Halan e Vald\u00eania<\/p>\n<p>&nbsp;<\/p>\n<h2><strong><span style=\"color: #000080\">Mar\u00e7o\u00a0 2024<\/span><\/strong><\/h2>\n<p>01\/03 &#8211; <b>\u00c1ustria e Hungria<\/b>\u00a0&#8211; Pe. F\u00e1bio de Melo<\/p>\n<p>06\/03 &#8211; <strong>Portugal, Espanha e It\u00e1lia<\/strong> &#8211; Pe. Ademir, Alexandre e Roseni<\/p>\n<p>09\/03 &#8211; <strong>It\u00e1lia Especial<\/strong> &#8211; Pe. Jos\u00e9 Augusto e Van\u00fasia<\/p>\n<p>10\/03 &#8211; <strong>It\u00e1lia e<\/strong> <strong>Medjugorje &#8211; PROMOCIONAL <\/strong>&#8211; Pe. Gevanildo Torres e S\u00f4nia Ven\u00e2ncio<\/p>\n<p>12\/03 &#8211; <strong>Santu\u00e1rios Marianos<\/strong> &#8211; Pe. Gleidson, Cleto e Carla Astuti<\/p>\n<p>&nbsp;<\/p>\n<h2><strong><span style=\"color: #000080\">Abril 2024<\/span><\/strong><\/h2>\n<p>10\/04\u00a0\u2013 <strong>Portugal e It\u00e1lia <\/strong><b>\u00a0\u2013 <\/b><strong>PROMOCIONAL<\/strong>\u00a0\u2013 Pe. Givanildo Xavier, Andr\u00e9 Flor\u00eancio e Cristiane Silva<\/p>\n<p>15\/04 \u2013 <strong>Medjugorje, Cro\u00e1cia e Eslovenia<\/strong> &#8211;\u00a0Pe. Jo\u00e3o Gualberto<\/p>\n<p>18\/04 &#8211;\u00a0<strong>Gr\u00e9cia, Turquia e Capad\u00f3cia<\/strong> &#8211; Pe. Wagner Ferreira, M\u00e1rcio Mendes e Rosemary<\/p>\n<p>18\/04 &#8211; <strong>Portugal e Espanha<\/strong> &#8211; Pe. Fabiano<\/p>\n<p>18\/04 &#8211; <strong>Pol\u00f4nia e It\u00e1lia<\/strong> &#8211; Pe. Alex e Gabriele Sanchotene<\/p>\n<p>20\/04 &#8211; <strong>Santu\u00e1rios Marianos<\/strong> &#8211; Pe. Ricardo Rodolfo<\/p>\n<p>24\/04 &#8211; <strong>Portugal e It\u00e1lia<\/strong>\u00a0&#8211; Pe. Wedson e Roger Ferrari<\/p>\n<p>&nbsp;<\/p>\n<h2><strong><span style=\"color: #000080\">Maio\u00a0 2024<\/span><\/strong><\/h2>\n<p>03\/05 &#8211; <strong>It\u00e1lia, Medjugorje e Portugal<\/strong> &#8211; Pe. Bruno Ant\u00f4nio<\/p>\n<p>10\/05 &#8211; <strong>Santu\u00e1rios Marianos com Inglaterra<\/strong> &#8211; Pe. Edison<\/p>\n<p>20\/05 &#8211; <strong>Portugal, Espanha e It\u00e1lia<\/strong> &#8211; Pe. Vagner Baia<\/p>\n<p><img loading=\"lazy\" decoding=\"async\" class=\" wp-image-15562 aligncenter\" src=\"http:\/\/blog.cancaonova.com\/peregrinacoes\/files\/2017\/11\/PentecostesI-300x143.jpg\" alt=\"\" width=\"296\" height=\"141\" srcset=\"https:\/\/blog.cancaonova.com\/peregrinacoes\/files\/2017\/11\/PentecostesI-300x143.jpg 300w, https:\/\/blog.cancaonova.com\/peregrinacoes\/files\/2017\/11\/PentecostesI.jpg 448w\" sizes=\"(max-width: 296px) 100vw, 296px\" \/><\/p>\n<p>11\/05 &#8211; <strong>It\u00e1lia e Medjugorje &#8211; Pentecostes <\/strong>\u00a0&#8211; Pe. Bruno Costa e Pe. Charles<\/p>\n<p>13\/05 &#8211; <strong>It\u00e1lia e Portugal &#8211; Pentecostes <\/strong>\u00a0&#8211; Pe. Sidney Dias e Walmir Alencar<\/p>\n<p>13\/05 &#8211; <strong>It\u00e1lia e Portugal &#8211; Pentecostes<\/strong>\u00a0&#8211; Pe. Ricardo Resende, Rogerinha e Wellington<\/p>\n<p>13\/05 &#8211; <strong>It\u00e1lia &#8211; Pentecostes<\/strong>\u00a0&#8211; Pe. Elenildo e Sapo<\/p>\n<p>13\/05 &#8211; <strong>It\u00e1lia &#8211; Pentecostes<\/strong>\u00a0&#8211; Pe. Sandro e Emanuel St\u00eanio<\/p>\n<p>14\/05 &#8211; <strong>It\u00e1lia &#8211; Pentecostes<\/strong>\u00a0 &#8211; Pe. Euz\u00e9bio, Di\u00e1cono Nelsinho e M\u00e1rcia Correa<\/p>\n<p>&nbsp;<\/p>\n<h2><strong><span style=\"color: #000080\">Junho\u00a0 2024<\/span><\/strong><\/h2>\n<p>01\/06 &#8211; <strong>Pol\u00f4nia e It\u00e1lia<\/strong> &#8211; Pe. Adriano Zandon\u00e1, Rubens e T\u00e2nia<\/p>\n<p>09\/06 &#8211; <strong>Portugal e Espanha<\/strong> &#8211; Pe. Willian<\/p>\n<p>16\/06 &#8211; <strong>M\u00e9xico Especial<\/strong> &#8211; Pe. Evandro e S\u00f4nia Ven\u00e2ncio<\/p>\n<p>&nbsp;<\/p>\n<h2><strong><span style=\"color: #000080\">Julho\u00a0 2024<\/span><\/strong><\/h2>\n<p>09\/07 &#8211; <strong>Terra Santa, It\u00e1lia e Portugal<\/strong> &#8211; Pe. Gevanildo Torres<\/p>\n<p>&nbsp;<\/p>\n<h2><strong><span style=\"color: #000080\">Agosto\u00a0 2024<\/span><\/strong><\/h2>\n<p>02\/08 &#8211; <strong>Terra Santa e Turquia<\/strong> &#8211; Pe. Reinaldo<\/p>\n<p>13\/08 &#8211; <strong>Terra Santa<\/strong> &#8211; Pe. Givanildo Xavier<\/p>\n<p>25\/08 &#8211; <strong>It\u00e1lia e Pol\u00f4nia<\/strong> &#8211; Pe. U\u00e9lisson e Rosinalva<\/p>\n<p>&nbsp;<\/p>\n<h2><strong><span style=\"color: #000080\">Setembro\u00a0 2024<\/span><\/strong><\/h2>\n<p>08\/09 &#8211; <strong>Turquia e Gr\u00e9cia<\/strong> &#8211; Pe. Edison<\/p>\n<p>09\/09 &#8211; <strong>Escandin\u00e1via<\/strong> &#8211; Frei Josu\u00e9, M\u00e1rcio Mendes e Rosemary<\/p>\n<p>10\/09 &#8211; <strong>Terra Santa &#8211; Promocional<\/strong> &#8211; Pe. Joaquim<\/p>\n<p>12\/09 &#8211; <strong>Terra Santa &#8211; Promocional<\/strong> &#8211; Pe. Marcos Roberto<\/p>\n<p>12\/09 &#8211; <strong>Escandin\u00e1via<\/strong> &#8211; Pe. Adriano Zandon\u00e1<\/p>\n<p>15\/09 &#8211; <strong>Santu\u00e1rios Franciscanos<\/strong> &#8211; Pe. Alex<\/p>\n<p>18\/09 &#8211; <strong>Fran\u00e7a e It\u00e1lia<\/strong> &#8211; Pe. Vagner Baia e Enilda Rocha<\/p>\n<p>23\/09 &#8211; <strong>Portugal, It\u00e1lia e Terra Santa<\/strong> &#8211; Pe. Elenildo<\/p>\n<p>23\/09 &#8211; <strong>Portugal e Espanha<\/strong> &#8211; Pe. Ricardo Rodolfo<\/p>\n<p>23\/09 &#8211; <strong>Terra Santa e Jord\u00e2nia<\/strong> &#8211; Pe. Fabiano<\/p>\n<p>25\/09 &#8211;\u00a0<strong>It\u00e1lia e Medjugorje<\/strong> &#8211; Pe. Halan, Paula e Filipe<\/p>\n<p>25\/09 &#8211; <strong>Santu\u00e1rios Marianos e Alemanha<\/strong> &#8211; Pe. Cl\u00f3vis<\/p>\n<p>26\/09 &#8211; <strong>Terra Santa<\/strong> &#8211; Pe. Bruno Ant\u00f4nio e Cleto<\/p>\n<p>&nbsp;<\/p>\n<h2><strong><span style=\"color: #000080\">Outubro\u00a0 2024<\/span><\/strong><\/h2>\n<p>05\/10 &#8211;\u00a0<strong>Fran\u00e7a, B\u00e9lgica, Alemanha, Rep. Tcheca, Holanda e \u00c1ustria<\/strong> &#8211; Pe. Ricardo Resende<\/p>\n<p>06\/10 &#8211;\u00a0<strong>It\u00e1lia, Gr\u00e9cia e Turquia com Capad\u00f3cia<\/strong> &#8211; Pe. Ademir Costa<\/p>\n<p>09\/10 &#8211;\u00a0<strong>Espanha, Fran\u00e7a e Portugal &#8211; Congressos Cura e Libera\u00e7\u00e3o e Mariano\u00a0<\/strong>&#8211; Pe. Roger Luis e S\u00f4nia Ven\u00e2ncio<\/p>\n<p>09\/10 &#8211;\u00a0<strong>Espanha, Fran\u00e7a e Portugal &#8211; Congressos Cura e Libera\u00e7\u00e3o e Mariano\u00a0<\/strong>&#8211; Pe. Bruno Costa e Priscila Paes<\/p>\n<p>09\/10 &#8211;\u00a0<strong>Espanha, Fran\u00e7a e Portugal &#8211; Congressos Cura e Libera\u00e7\u00e3o e Mariano\u00a0<\/strong>&#8211; Pe. Edimilson Lopes e Rogerinha<\/p>\n<p>10\/10 &#8211; <strong>Portugal, Espanha e Terra Santa<\/strong> &#8211; Pe. Euz\u00e9bio<\/p>\n<p>15\/10 &#8211; <strong>Fran\u00e7a e Terra Santa<\/strong> &#8211;\u00a0 Pe. Bruno Franco<\/p>\n<p>15\/10 &#8211; <strong>Egito, Jord\u00e2nia e Israel<\/strong> &#8211; Pe. Edilberto e Felipe Santos<\/p>\n<p>15\/10 &#8211;\u00a0<strong>It\u00e1lia, Medjugorje e Terra Santa<\/strong> &#8211; Pe. Luizinho<\/p>\n<p>18\/10 &#8211; <strong>Portugal, It\u00e1lia e Terra Santa &#8211; Promocional<\/strong> &#8211; Pe. Wedson<\/p>\n<p>19\/10 &#8211; <strong>Terra Santa &#8211; Promocional<\/strong> &#8211; Pe. Ademir<\/p>\n<p>20\/10 &#8211; <strong>Portugal e Terra Santa<\/strong> &#8211; Pe. Leonardo<\/p>\n<p>20\/10 &#8211; <strong>It\u00e1lia e Portugal<\/strong> &#8211; Pe. Sandro Magalh\u00e3es<\/p>\n<p>20\/10 &#8211; <strong>Portugal, It\u00e1lia e Terra Santa &#8211; Promocional<\/strong> &#8211; Pe. Ricardo Resende e Enilson<\/p>\n<p>21\/10 &#8211; <strong>Portugal, It\u00e1lia e Terra Santa &#8211; Promocional<\/strong> &#8211; Pe. Givanildo Xavier e In\u00e1cio<\/p>\n<p>&nbsp;<\/p>\n<h2><strong><span style=\"color: #000080\">Novembro\u00a0 2024<\/span><\/strong><\/h2>\n<p>03\/11 &#8211; <strong>Terra Santa &#8211; Promocional<\/strong> &#8211; Pe. Willian e Vald\u00eania<\/p>\n<p>03\/11 &#8211; <strong>It\u00e1lia e Alemanha<\/strong> &#8211; Pe. Felipe Pav\u00e3o, Di\u00e1cono Nelsinho e M\u00e1rcia Correa<\/p>\n<p>03\/11 &#8211;\u00a0<strong>It\u00e1lia, Sui\u00e7a, Alemanha e Fran\u00e7a<\/strong> &#8211; Fam\u00edlia Can\u00e7\u00e3o Nova<\/p>\n<p>04\/11 &#8211; <strong>Terra Santa &#8211; Promocional<\/strong> &#8211; Pe. Halan<\/p>\n<p>04\/11 &#8211; <strong>Terra Santa e Espanha<\/strong> &#8211; Pe. Jos\u00e9 Augusto e Van\u00fasia<\/p>\n<p>05\/11 &#8211; <strong>Fran\u00e7a, Espanha e Portugal<\/strong> &#8211; Pe. Bruno Costa, Alexandra e Thiago Tom\u00e9<\/p>\n<p>09\/11 &#8211; <strong>Portugal, It\u00e1lia e Terra Santa<\/strong> &#8211; Pe. Eder<\/p>\n<p>12\/11 &#8211; <strong>Santu\u00e1rios Marianos<\/strong> &#8211; Pe. Gilberto<\/p>\n<p>14\/11 &#8211; <strong>Santu\u00e1rios Marianos<\/strong> &#8211; Pe. Charles, Rogerinha e Wellington<\/p>\n<p>14\/11 &#8211; <strong>Portugal, It\u00e1lia e Terra Santa<\/strong> &#8211; Pe. Sidney Dias<\/p>\n<p>15\/11 &#8211; <strong>Terra Santa &#8211; Promocional<\/strong> &#8211; Pe. Jo\u00e3o Gualberto<\/p>\n<p>20\/11 &#8211; <strong>Terra Santa &#8211; Peregrina\u00e7\u00e3o Juvenil<\/strong> &#8211; Pe. Edmilson Lopes, Pe. Roger Luis e Frei Gilson<\/p>\n<p>22\/11 &#8211; <strong>Portugal, It\u00e1lia e Terra Santa<\/strong> &#8211; Fam\u00edlia Can\u00e7\u00e3o Nova<\/p>\n<p>26\/11 &#8211; <strong>Terra Santa &#8211; Promocional<\/strong> &#8211; Pe. Wedson<\/p>\n<p>&nbsp;<\/p>\n<h2><strong><span style=\"color: #000080\">Dezembro\u00a0 2024<\/span><\/strong><\/h2>\n<p>09\/12 &#8211; <strong>It\u00e1lia Especial<\/strong> &#8211; Pe. Cl\u00f3vis<\/p>\n<p>10\/12 &#8211; <strong>Portugal e Terra Santa<\/strong> &#8211; Pe. Evandro<\/p>\n<p>&nbsp;<\/p>\n<p>&nbsp;<\/p>\n<blockquote>\n<h3 style=\"text-align: center\">\u00a0<span style=\"color: #000000\">Acompanhe a agenda aqui no nosso blog e no site:<\/span><\/h3>\n<p style=\"text-align: center\"><a href=\"https:\/\/caminhandocommaria.com\/representacao\/cancao-nova-2022\">http:\/\/caminhandocommaria.com\/<\/a><\/p>\n<p>&nbsp;<\/p><\/blockquote>\n<h3 style=\"text-align: center\"><span style=\"color: #000080\"><strong><span style=\"text-decoration: underline\">Quem viaja conosco, peregrina com seguran\u00e7a e comodidade&#8230;<\/span><\/strong><\/span><\/h3>\n<h3 style=\"text-align: center\"><span style=\"color: #000080\"><strong><span style=\"text-decoration: underline\">Pacotes completos! Confira&#8230;\u00a0<\/span><\/strong><\/span><\/h3>\n<p>&nbsp;<\/p>\n<p><strong><img loading=\"lazy\" decoding=\"async\" class=\"size-medium wp-image-15907 aligncenter\" src=\"http:\/\/blog.cancaonova.com\/peregrinacoes\/files\/2018\/08\/Logo-Caminhando-com-Maria-01-300x108.png\" alt=\"\" width=\"300\" height=\"108\" srcset=\"https:\/\/blog.cancaonova.com\/peregrinacoes\/files\/2018\/08\/Logo-Caminhando-com-Maria-01-300x108.png 300w, https:\/\/blog.cancaonova.com\/peregrinacoes\/files\/2018\/08\/Logo-Caminhando-com-Maria-01-768x277.png 768w, https:\/\/blog.cancaonova.com\/peregrinacoes\/files\/2018\/08\/Logo-Caminhando-com-Maria-01-1024x369.png 1024w, https:\/\/blog.cancaonova.com\/peregrinacoes\/files\/2018\/08\/Logo-Caminhando-com-Maria-01.png 1131w\" sizes=\"(max-width: 300px) 100vw, 300px\" \/><\/strong><\/p>\n<p style=\"text-align: center\"><strong>Contatos:<\/strong><\/p>\n<p style=\"text-align: center\"><span style=\"color: #000000\">\u260e\u00a0(12) 3186-2055<\/span><br \/>\n<span style=\"color: #000000\"> \u2709\u00a0peregrinacoes@cancaonova.com<\/span><br \/>\n<span style=\"color: #000000\"> \ud83d\udcf1\u00a0Whatsapp \u2013 Atendimento Expresso: (12) 3186-2055<\/span><\/p>\n<p style=\"text-align: center\"><strong>MAIS QUE VIAGENS, ENCONTROS COM DEUS!<\/strong><\/p>\n","protected":false},"excerpt":{"rendered":"<p>Realize seu sonho de peregrinar pelos lugares santos! &nbsp; AGENDA &#8211; 2024 &nbsp; Fevereiro\u00a0 2024 05\/02 \u2013 It\u00e1lia\u00a0\u2013 ESPECIAL\u00a0\u2013 Pe. Luizinho 20\/02 &#8211; Santu\u00e1rios Franciscanos &#8211; Pe. Fabiano, M\u00e1rcio Mendes e Rosemary 26\/02 \u2013\u00a0Fran\u00e7a, Espanha e Portugal\u00a0\u2013 Pe. Halan e&#8230;<\/p>\n","protected":false},"author":4472,"featured_media":16823,"parent":0,"menu_order":0,"comment_status":"open","ping_status":"closed","template":"","meta":{"_mi_skip_tracking":false,"_monsterinsights_sitenote_active":false,"_monsterinsights_sitenote_note":"","_monsterinsights_sitenote_category":0,"footnotes":""},"_links":{"self":[{"href":"https:\/\/blog.cancaonova.com\/peregrinacoes\/wp-json\/wp\/v2\/pages\/13058"}],"collection":[{"href":"https:\/\/blog.cancaonova.com\/peregrinacoes\/wp-json\/wp\/v2\/pages"}],"about":[{"href":"https:\/\/blog.cancaonova.com\/peregrinacoes\/wp-json\/wp\/v2\/types\/page"}],"author":[{"embeddable":true,"href":"https:\/\/blog.cancaonova.com\/peregrinacoes\/wp-json\/wp\/v2\/users\/4472"}],"replies":[{"embeddable":true,"href":"https:\/\/blog.cancaonova.com\/peregrinacoes\/wp-json\/wp\/v2\/comments?post=13058"}],"version-history":[{"count":480,"href":"https:\/\/blog.cancaonova.com\/peregrinacoes\/wp-json\/wp\/v2\/pages\/13058\/revisions"}],"predecessor-version":[{"id":17053,"href":"https:\/\/blog.cancaonova.com\/peregrinacoes\/wp-json\/wp\/v2\/pages\/13058\/revisions\/17053"}],"wp:featuredmedia":[{"embeddable":true,"href":"https:\/\/blog.cancaonova.com\/peregrinacoes\/wp-json\/wp\/v2\/media\/16823"}],"wp:attachment":[{"href":"https:\/\/blog.cancaonova.com\/peregrinacoes\/wp-json\/wp\/v2\/media?parent=13058"}],"curies":[{"name":"wp","href":"https:\/\/api.w.org\/{rel}","templated":true}]}}