{"id":9630,"date":"2014-07-16T14:24:50","date_gmt":"2014-07-16T16:24:50","guid":{"rendered":"http:\/\/blog.cancaonova.com\/peregrinacoes\/?page_id=9630"},"modified":"2014-10-27T10:27:44","modified_gmt":"2014-10-27T12:27:44","slug":"cadastre-se","status":"publish","type":"page","link":"https:\/\/blog.cancaonova.com\/peregrinacoes\/cadastre-se\/","title":{"rendered":"Cadastre-se"},"content":{"rendered":"<h1 style=\"text-align: left\"><a href=\"http:\/\/blog.cancaonova.com\/peregrinacoes\/files\/2013\/09\/para-o-blog-cadastre-se.jpg\"><img loading=\"lazy\" decoding=\"async\" class=\"aligncenter size-full wp-image-13759\" src=\"http:\/\/blog.cancaonova.com\/peregrinacoes\/files\/2013\/09\/para-o-blog-cadastre-se.jpg\" alt=\"Obra de Maria Peregrina\u00e7\u00f5es - cadastre-se\" width=\"702\" height=\"133\" srcset=\"https:\/\/blog.cancaonova.com\/peregrinacoes\/files\/2013\/09\/para-o-blog-cadastre-se.jpg 702w, https:\/\/blog.cancaonova.com\/peregrinacoes\/files\/2013\/09\/para-o-blog-cadastre-se-300x57.jpg 300w\" sizes=\"(max-width: 702px) 100vw, 702px\" \/><\/a><\/h1>\n<h1 style=\"text-align: center\"><\/h1>\n<h1>\u00a0\u00a0<div role=\"form\" class=\"wpcf7\" id=\"wpcf7-f13746-o1\" dir=\"ltr\">\n<div class=\"screen-reader-response\"><\/div>\n<form action=\"\/peregrinacoes\/wp-json\/wp\/v2\/pages\/9630#wpcf7-f13746-o1\" method=\"post\" class=\"wpcf7-form\" novalidate=\"novalidate\">\n<div style=\"display: none;\">\n<input type=\"hidden\" name=\"_wpcf7\" value=\"13746\" \/>\n<input type=\"hidden\" name=\"_wpcf7_version\" value=\"4.7\" \/>\n<input type=\"hidden\" name=\"_wpcf7_locale\" value=\"\" \/>\n<input type=\"hidden\" name=\"_wpcf7_unit_tag\" value=\"wpcf7-f13746-o1\" \/>\n<input type=\"hidden\" name=\"_wpnonce\" value=\"0dce91ff24\" \/>\n<\/div>\n<p>Seu nome (obrigat\u00f3rio)<br \/>\n    <span class=\"wpcf7-form-control-wrap your-name\"><input type=\"text\" name=\"your-name\" value=\"\" size=\"40\" class=\"wpcf7-form-control wpcf7-text wpcf7-validates-as-required\" aria-required=\"true\" aria-invalid=\"false\" \/><\/span> <\/p>\n<p>Seu e-mail (obrigat\u00f3rio)<br \/>\n    <span class=\"wpcf7-form-control-wrap your-email\"><input type=\"email\" name=\"your-email\" value=\"\" size=\"40\" class=\"wpcf7-form-control wpcf7-text wpcf7-email wpcf7-validates-as-required wpcf7-validates-as-email\" aria-required=\"true\" aria-invalid=\"false\" \/><\/span> <\/p>\n<p>Assunto<br \/>\n    <span class=\"wpcf7-form-control-wrap your-subject\"><input type=\"text\" name=\"your-subject\" value=\"\" size=\"40\" class=\"wpcf7-form-control wpcf7-text\" aria-invalid=\"false\" \/><\/span> <\/p>\n<p>Sua mensagem<br \/>\n    <span class=\"wpcf7-form-control-wrap your-message\"><textarea name=\"your-message\" cols=\"40\" rows=\"10\" class=\"wpcf7-form-control wpcf7-textarea\" aria-invalid=\"false\"><\/textarea><\/span> <\/p>\n<p><input type=\"submit\" value=\"Enviar\" class=\"wpcf7-form-control wpcf7-submit\" \/><\/p>\n<div class=\"wpcf7-response-output wpcf7-display-none\"><\/div><\/form><\/div><\/h1>\n<p>&nbsp;<\/p>\n<h1 style=\"text-align: center\"><span style=\"color: #02001e\">Preencha o formul\u00e1rio acima e receba informa\u00e7\u00f5es.<\/span><\/h1>\n<h5><span style=\"color: #02001e\">Deixe aqui seu coment\u00e1rio falando seu desejo e dizendo: Quero receber noticias de peregrina\u00e7\u00f5es (seus dados n\u00e3o aparecer\u00e3o no corpo desta pagina) aparecer\u00e1 apenas o seu coment\u00e1rio sem o seu endere\u00e7o.<\/span><\/h5>\n<h5><span style=\"color: #02001e\">Este armazenaremos para envio de informa\u00e7\u00f5es a sua pessoa futuramente.<\/span> \u00a0 <span style=\"color: #02001e\">Voc\u00ea receber\u00e1 tamb\u00e9m not\u00edcias e novidades das peregrina\u00e7\u00f5es&#8230;<\/span><\/h5>\n<h2><a href=\"http:\/\/blog.cancaonova.com\/peregrinacoes\/files\/2014\/07\/oitlook.jpg\"><img loading=\"lazy\" decoding=\"async\" class=\"aligncenter size-full wp-image-14301\" src=\"http:\/\/blog.cancaonova.com\/peregrinacoes\/files\/2014\/07\/oitlook.jpg\" alt=\"oitlook\" width=\"280\" height=\"200\" \/><\/a><\/h2>\n<h2>Tamb\u00e9m prefencialmente se desejar ligue &#8211; \u00a0<span style=\"text-decoration: underline\">\u00a0<span style=\"color: #0000ff;text-decoration: underline\">(12) 3186 2055<\/span><\/span><\/h2>\n<p>&nbsp;<\/p>\n<h1 style=\"text-align: center\"><span style=\"text-decoration: underline\"><span style=\"color: #0000ff;text-decoration: underline\">Seja bem vindo!!!<\/span><\/span><\/h1>\n<p>&nbsp;<\/p>\n<p style=\"text-align: center\"><span style=\"color: #02001e\">Tudo isso para atendermos melhor a voc\u00ea!!!<\/span><\/p>\n<p>&nbsp;<\/p>\n<p style=\"text-align: center\"><a href=\"http:\/\/blog.cancaonova.com\/peregrinacoes\/files\/2007\/08\/Logo-Obra-de-Maria-Azul.png\"><span style=\"color: #000023\"><img loading=\"lazy\" decoding=\"async\" src=\"http:\/\/blog.cancaonova.com\/peregrinacoes\/files\/2007\/08\/Logo-Obra-de-Maria-Azul-300x122.png\" alt=\"\" width=\"300\" height=\"122\" \/><\/span><\/a><\/p>\n<p style=\"text-align: center\"><span style=\"color: #000023\"><strong>Mais que viagens\u2026 encontros com Deus!<\/strong><\/span><\/p>\n","protected":false},"excerpt":{"rendered":"<p>\u00a0\u00a0 &nbsp; Preencha o formul\u00e1rio acima e receba informa\u00e7\u00f5es. Deixe aqui seu coment\u00e1rio falando seu desejo e dizendo: Quero receber noticias de peregrina\u00e7\u00f5es (seus dados n\u00e3o aparecer\u00e3o no corpo desta pagina) aparecer\u00e1 apenas o seu coment\u00e1rio sem o seu endere\u00e7o&#8230;.<\/p>\n","protected":false},"author":4472,"featured_media":0,"parent":0,"menu_order":0,"comment_status":"open","ping_status":"closed","template":"","meta":{"_mi_skip_tracking":false,"_monsterinsights_sitenote_active":false,"_monsterinsights_sitenote_note":"","_monsterinsights_sitenote_category":0,"footnotes":""},"_links":{"self":[{"href":"https:\/\/blog.cancaonova.com\/peregrinacoes\/wp-json\/wp\/v2\/pages\/9630"}],"collection":[{"href":"https:\/\/blog.cancaonova.com\/peregrinacoes\/wp-json\/wp\/v2\/pages"}],"about":[{"href":"https:\/\/blog.cancaonova.com\/peregrinacoes\/wp-json\/wp\/v2\/types\/page"}],"author":[{"embeddable":true,"href":"https:\/\/blog.cancaonova.com\/peregrinacoes\/wp-json\/wp\/v2\/users\/4472"}],"replies":[{"embeddable":true,"href":"https:\/\/blog.cancaonova.com\/peregrinacoes\/wp-json\/wp\/v2\/comments?post=9630"}],"version-history":[{"count":24,"href":"https:\/\/blog.cancaonova.com\/peregrinacoes\/wp-json\/wp\/v2\/pages\/9630\/revisions"}],"predecessor-version":[{"id":14350,"href":"https:\/\/blog.cancaonova.com\/peregrinacoes\/wp-json\/wp\/v2\/pages\/9630\/revisions\/14350"}],"wp:attachment":[{"href":"https:\/\/blog.cancaonova.com\/peregrinacoes\/wp-json\/wp\/v2\/media?parent=9630"}],"curies":[{"name":"wp","href":"https:\/\/api.w.org\/{rel}","templated":true}]}}