{"id":21,"date":"2007-07-11T17:53:44","date_gmt":"2007-07-11T20:53:44","guid":{"rendered":"http:\/\/blog.cancaonova.com\/redacao\/quem-faz-o-que\/"},"modified":"2020-01-23T10:40:59","modified_gmt":"2020-01-23T13:40:59","slug":"quem-faz-o-que","status":"publish","type":"page","link":"https:\/\/blog.cancaonova.com\/redacao\/quem-faz-o-que\/","title":{"rendered":"Quem faz o que"},"content":{"rendered":"<p>A equipe de conte\u00fado do cancaonova.com conta diretamente com o trabalho de diversos profissionais, sendo eles mission\u00e1rios e colaboradores, com um \u00fanico objetivo: evangelizar.<\/p>\n<p>Conhe\u00e7a a equipe de produ\u00e7\u00e3o:<\/p>\n<p>Jorge Silva<br \/>\nGerente Geral<\/p>\n<p>Saulo Lima<br \/>\nGerente Operacional<\/p>\n<p>C\u00e9ci Portugal<br \/>\nCoordenadora de Edi\u00e7\u00e3o<\/p>\n<p>Equipe:<\/p>\n<p>Alexsander Welang<br \/>\nOperacional Streamer<\/p>\n<p>Eduardo Jos\u00e9<br \/>\nEditor<\/p>\n<p>Ismael Jord\u00e3o<br \/>\nCNPlay<\/p>\n<p>Jorge Ribeiro<br \/>\nOperacional \/Editor<\/p>\n<p>Jos\u00e9 Rafael<br \/>\nEditor \/ Cinegrafista<\/p>\n<p>Luciano Camargo<br \/>\nOperacional<\/p>\n<p>M\u00e1rcio Jos\u00e9<br \/>\nCNPlay<\/p>\n<p>Nilsa<br \/>\nConte\u00fado<\/p>\n<p>&nbsp;<\/p>\n<p>Adailton Batista<br \/>\nCoordenador Estrat\u00e9gias WEB<\/p>\n<p>Equipe:<\/p>\n<p>Elisa Pimentel<br \/>\nEstrat\u00e9gia m\u00eddias sociais<\/p>\n<p>Jonatas<br \/>\nAnalista m\u00eddias sociais<\/p>\n<p>Jhon Ferraz<br \/>\nM\u00eddias<\/p>\n<p>&nbsp;<\/p>\n<p>Rog\u00e9ria Nair<br \/>\nGerente de conte\u00fado<\/p>\n<p>Equipe:<\/p>\n<p>Alessandra Borges<br \/>\nProdutora do Canal de Forma\u00e7\u00e3o<\/p>\n<p>Amanda Carol<br \/>\nProdutora de Conte\u00fado<\/p>\n<p>Alexandre Oliveira<br \/>\nProdutor de Conte\u00fado<\/p>\n<p>Bruna Marta<br \/>\n&nbsp;Produtora de Conte\u00fado<\/p>\n<p>Gabriela Borges<br \/>\nProdutora do Canal dos Fundadores<\/p>\n<p>Michelle Mimoso<br \/>\nRevisora de Texto<\/p>\n<p>Marc\u00edlia<br \/>\nRevisora de Texto<\/p>\n<p>Rocio Guti\u00e9rrez<br \/>\nProdutora de Conte\u00fado<\/p>\n<p>Rebeca Astuti<br \/>\nProdutora de Conte\u00fado<\/p>\n<p>Thais Rufino de Azevedo<br \/>\nTradutora espanhol<\/p>\n<p>Karina Aparecida da Silva<br \/>\nEditor do canal Santo do Dia &#8211; Liturgia Di\u00e1ria &#8211; Homilia di\u00e1ria<\/p>\n<p>&nbsp;<\/p>\n<p>Produ\u00e7\u00e3o fotogr\u00e1fica<\/p>\n<p>Larissa Ferreira<br \/>\nCoordenadora Fotografia<\/p>\n<p>Equipe:<\/p>\n<p>Bruno Marques<br \/>\nFot\u00f3grafo&nbsp;<\/p>\n<p>Wesley Almeida<br \/>\nFot\u00f3grafo<\/p>\n<p>&nbsp;<\/p>\n<p>Paula Dizar\u00f3<br \/>\nAdministrativo\/RH<\/p>\n","protected":false},"excerpt":{"rendered":"<p>A equipe de conte\u00fado do cancaonova.com conta diretamente com o trabalho de diversos profissionais, sendo eles mission\u00e1rios e colaboradores, com um \u00fanico objetivo: evangelizar. Conhe\u00e7a a equipe de produ\u00e7\u00e3o: Jorge Silva Gerente Geral Saulo Lima Gerente Operacional C\u00e9ci Portugal Coordenadora&#8230;<\/p>\n","protected":false},"author":1051,"featured_media":0,"parent":0,"menu_order":0,"comment_status":"open","ping_status":"open","template":"","meta":{"_mi_skip_tracking":false,"_monsterinsights_sitenote_active":false,"_monsterinsights_sitenote_note":"","_monsterinsights_sitenote_category":0,"footnotes":""},"_links":{"self":[{"href":"https:\/\/blog.cancaonova.com\/redacao\/wp-json\/wp\/v2\/pages\/21"}],"collection":[{"href":"https:\/\/blog.cancaonova.com\/redacao\/wp-json\/wp\/v2\/pages"}],"about":[{"href":"https:\/\/blog.cancaonova.com\/redacao\/wp-json\/wp\/v2\/types\/page"}],"author":[{"embeddable":true,"href":"https:\/\/blog.cancaonova.com\/redacao\/wp-json\/wp\/v2\/users\/1051"}],"replies":[{"embeddable":true,"href":"https:\/\/blog.cancaonova.com\/redacao\/wp-json\/wp\/v2\/comments?post=21"}],"version-history":[{"count":23,"href":"https:\/\/blog.cancaonova.com\/redacao\/wp-json\/wp\/v2\/pages\/21\/revisions"}],"predecessor-version":[{"id":19938,"href":"https:\/\/blog.cancaonova.com\/redacao\/wp-json\/wp\/v2\/pages\/21\/revisions\/19938"}],"wp:attachment":[{"href":"https:\/\/blog.cancaonova.com\/redacao\/wp-json\/wp\/v2\/media?parent=21"}],"curies":[{"name":"wp","href":"https:\/\/api.w.org\/{rel}","templated":true}]}}