{"id":31,"date":"2007-07-13T10:33:42","date_gmt":"2007-07-13T13:33:42","guid":{"rendered":"http:\/\/blog.cancaonova.com\/redacao\/historia\/"},"modified":"2020-01-23T14:27:29","modified_gmt":"2020-01-23T17:27:29","slug":"historia","status":"publish","type":"page","link":"https:\/\/blog.cancaonova.com\/redacao\/historia\/","title":{"rendered":"Hist\u00f3ria"},"content":{"rendered":"<p>Em fevereiro de 1995, Jorge Silva, estava acabando de instalar um computador na sede da R\u00e1dio Can\u00e7\u00e3o Nova, em Cachoeira Paulista (SP), com o intuito de disparar vinhetas, concluindo uma etapa de digitaliza\u00e7\u00e3o da R\u00e1dio.<\/p>\n<p>Nessa \u00e9poca, era utilizado o BBS (sistema inform\u00e1tico, que permitia a conex\u00e3o via telefone a um sistema atrav\u00e9s do computador). Havia explica\u00e7\u00f5es sobre a Can\u00e7\u00e3o Nova, mais especificamente da R\u00e1dio, dando in\u00edcio ao que hoje denominamos Portal Can\u00e7\u00e3o Nova.<\/p>\n<p>A partir de 1996, a Can\u00e7\u00e3o Nova come\u00e7ou a ter um dom\u00ednio pr\u00f3prio: www.cancaonova.org.br. O objetivo era ser localizada na Rede Mundial de Computadores com seu conte\u00fado informativo sobre sua miss\u00e3o na R\u00e1dio e TV, bem como dos eventos realizados em sua sede.<\/p>\n<p>A a\u00e7\u00e3o acontecia numa \u00e9poca em que a Internet era novidade para o Brasil como um todo.<\/p>\n<p>Em 1997, foi lan\u00e7ado o primeiro site oficial da Can\u00e7\u00e3o Nova. Nesta \u00e9poca, j\u00e1 havia cerca de 20 milh\u00f5es de dom\u00ednios registrados na Web nos Estados Unidos. Volunt\u00e1rios e funcion\u00e1rios foram integrados \u00e0 Funda\u00e7\u00e3o Jo\u00e3o Paulo II na equipe que iria auxiliar Jorge Silva no desenvolvimento dos trabalhos.<\/p>\n<p>Todos os envolvidos nessa miss\u00e3o tiveram que aprender fazendo e, a cada novo site que criavam iam aprimorando suas habilidades. O conte\u00fado do site foi muito enriquecido com o aux\u00edlio do departamento de Jornalismo Can\u00e7\u00e3o Nova, que fornecia mat\u00e9ria para serem disponibilizadas.<\/p>\n<p>No ano seguinte, 1998, deu-se uma evolu\u00e7\u00e3o do conte\u00fado com a inser\u00e7\u00e3o de links para transmiss\u00e3o ao vivo da TV e R\u00e1dio AM Can\u00e7\u00e3o Nova. O Sistema Can\u00e7\u00e3o Nova de Comunica\u00e7\u00e3o passava, de fato, a n\u00e3o ter fronteiras. Com a crescente divulga\u00e7\u00e3o do site por meio destas m\u00eddias, os acessos aumentavam consideravelmente, emergindo assim a necessidade do incremento de conte\u00fados ainda mais atualizados e abrangentes, o que aconteceu no final deste ano e in\u00edcio de 1999.<\/p>\n<p>Deu-se in\u00edcio \u00e0s coberturas de eventos na Can\u00e7\u00e3o Nova, sendo isto um dos principais conte\u00fados buscados. O chat passou a fazer parte do site, revelando-se uma oportunidade maravilhosa de partilha e intera\u00e7\u00e3o entre os internautas, em sua grande maioria cat\u00f3licos. Com esse passo, deu-se in\u00edcio tamb\u00e9m a um consider\u00e1vel aumento na interatividade dos programas de TV e R\u00e1dio com o p\u00fablico.<\/p>\n<p>Um grande marco desse tempo tamb\u00e9m foi o in\u00edcio da publica\u00e7\u00e3o de mensagens do dia da Luzia Santiago (co-fundadora da Comunidade Can\u00e7\u00e3o Nova) e Ricardo S\u00e1 (m\u00fasico da Can\u00e7\u00e3o Nova). Estas mensagens, por serem objetivas, sucintas e ao mesmo tempo profundas despertaram um interesse crescente do p\u00fablico em geral.<\/p>\n<p>A mudan\u00e7a de site para portal tornou-se uma necessidade e um projeto j\u00e1 pensado e trabalhado neste ano, para finaliza\u00e7\u00e3o no ano seguinte.<\/p>\n<p>No dia 25 de novembro de 2000, acontece a inaugura\u00e7\u00e3o do Portal cancaonova.com, com acr\u00e9scimo do Shopping virtual, webmail, previs\u00e3o do tempo, not\u00edcias e Portal PHN.<\/p>\n<p>Em 2001, a FM Can\u00e7\u00e3o Nova tamb\u00e9m entra na Internet com seu som digitalizado e disponibilizado na rede. Despontou tamb\u00e9m a miss\u00e3o da Can\u00e7\u00e3o Nova na Internet nas l\u00ednguas inglesa e espanhola.<\/p>\n<p>As Casas de Miss\u00e3o da Can\u00e7\u00e3o Nova e a p\u00e1gina do fundador da comunidade, Padre Jonas Abib, integraram o site a partir de 2002.<\/p>\n<p>No ano de 2003, destacou-se a a\u00e7\u00e3o evangelizadora da Can\u00e7\u00e3o Nova na Internet com a produ\u00e7\u00e3o de diversos sites especiais tratando a Beatifica\u00e7\u00e3o de Madre Teresa de Calcut\u00e1, Divina Miseric\u00f3rdia e Jubileu de Prata do Pontificado de Jo\u00e3o Paulo II, sendo relevante tamb\u00e9m o lan\u00e7amento do canal interativo permitindo participa\u00e7\u00e3o ainda mais incisiva dos internautas em programas da TV Can\u00e7\u00e3o Nova.<\/p>\n<p>O marco da evangeliza\u00e7\u00e3o da Can\u00e7\u00e3o Nova na Internet no ano de 2004 foi o lan\u00e7amento da WebTVCN, a primeira webtv cat\u00f3lica do mundo, com diversos canais de \u00e1udio e v\u00eddeo 24h por dia na rede (TV Can\u00e7\u00e3o Nova, R\u00e1dios Can\u00e7\u00e3o Nova AM e FM, WebTVCN, Palestras em \u00e1udio e v\u00eddeo, Ora\u00e7\u00f5es em \u00e1udio, Clipes e M\u00fasica).<\/p>\n<p>A cobertura da morte do Papa Jo\u00e3o Paulo II e elei\u00e7\u00e3o de Bento XVI marcaram o ano de 2005, per\u00edodo em que completou de 10 anos de evangeliza\u00e7\u00e3o atrav\u00e9s da Internet. O cancaonova.com, neste per\u00edodo, obteve os maiores \u00edndices de acessos de sua hist\u00f3ria, chegando \u00e0 marca de 26 mil acessos em uma \u00fanica hora.<\/p>\n<p>Foram duas equipes num trabalho incans\u00e1vel aqui no Brasil e em Roma com mat\u00e9rias, fotos, v\u00eddeos, transmiss\u00f5es ao vivo, depoimentos de membros da Igreja do Brasil, personalidades de outras religi\u00f5es e autoridades da sociedade civil.<\/p>\n<p>2006 e 2007 t\u00eam sido anos de uma busca maior por profissionaliza\u00e7\u00e3o t\u00e9cnica e humana, a fim de que o Evangelho seja sempre mais transmitido com qualidade e efic\u00e1cia para todo o mundo.<\/p>\n<p>Destaque para a maior cobertura da hist\u00f3ria do Sistema can\u00e7\u00e3o Nova de Comunica\u00e7\u00e3o: a visita do Papa Bento XVI ao Brasil.<\/p>\n<p align=\"center\"><strong>&#8220;A Internet \u00e9 o ve\u00edculo de evangeliza\u00e7\u00e3o do terceiro mil\u00eanio&#8221;<br \/>\n(Jo\u00e3o Paulo II)<\/strong><\/p>\n","protected":false},"excerpt":{"rendered":"<p>Em fevereiro de 1995, Jorge Silva, estava acabando de instalar um computador na sede da R\u00e1dio Can\u00e7\u00e3o Nova, em Cachoeira Paulista (SP), com o intuito de disparar vinhetas, concluindo uma etapa de digitaliza\u00e7\u00e3o da R\u00e1dio. Nessa \u00e9poca, era utilizado o&#8230;<\/p>\n","protected":false},"author":1051,"featured_media":0,"parent":0,"menu_order":0,"comment_status":"open","ping_status":"open","template":"","meta":{"_mi_skip_tracking":false,"_monsterinsights_sitenote_active":false,"_monsterinsights_sitenote_note":"","_monsterinsights_sitenote_category":0,"footnotes":""},"_links":{"self":[{"href":"https:\/\/blog.cancaonova.com\/redacao\/wp-json\/wp\/v2\/pages\/31"}],"collection":[{"href":"https:\/\/blog.cancaonova.com\/redacao\/wp-json\/wp\/v2\/pages"}],"about":[{"href":"https:\/\/blog.cancaonova.com\/redacao\/wp-json\/wp\/v2\/types\/page"}],"author":[{"embeddable":true,"href":"https:\/\/blog.cancaonova.com\/redacao\/wp-json\/wp\/v2\/users\/1051"}],"replies":[{"embeddable":true,"href":"https:\/\/blog.cancaonova.com\/redacao\/wp-json\/wp\/v2\/comments?post=31"}],"version-history":[{"count":3,"href":"https:\/\/blog.cancaonova.com\/redacao\/wp-json\/wp\/v2\/pages\/31\/revisions"}],"predecessor-version":[{"id":19941,"href":"https:\/\/blog.cancaonova.com\/redacao\/wp-json\/wp\/v2\/pages\/31\/revisions\/19941"}],"wp:attachment":[{"href":"https:\/\/blog.cancaonova.com\/redacao\/wp-json\/wp\/v2\/media?parent=31"}],"curies":[{"name":"wp","href":"https:\/\/api.w.org\/{rel}","templated":true}]}}