{"id":10405,"date":"2021-02-09T11:07:02","date_gmt":"2021-02-09T14:07:02","guid":{"rendered":"http:\/\/blog.cancaonova.com\/riodejaneiro\/?page_id=10405"},"modified":"2024-06-14T11:41:15","modified_gmt":"2024-06-14T14:41:15","slug":"membros","status":"publish","type":"page","link":"https:\/\/blog.cancaonova.com\/riodejaneiro\/quem-somos\/membros\/","title":{"rendered":"Membros - Can\u00e7\u00e3o Nova Rio de Janeiro"},"content":{"rendered":"<p>Conhe\u00e7a os MEMBROS Can\u00e7\u00e3o Nova &#8211; Rio de Janeiro<\/p>\n<p>A<strong> Can\u00e7\u00e3o Nova Rio de Janeiro<\/strong> \u00e9 uma frente de miss\u00e3o da <a href=\"https:\/\/comunidade.cancaonova.com\/quem-somos\/\">Comunidade Can\u00e7\u00e3o Nova<\/a> &#8211; Associa\u00e7\u00e3o Internacional Privada de Fi\u00e9is. Somos uma comunidade cat\u00f3lica reconhecida pela Santa S\u00e9, presente em frentes de miss\u00e3o espalhadas pelo Brasil e o mundo. Cuja miss\u00e3o \u00e9 realizado por seus membros CONSAGRADOS sob o modo de vida N\u00daCLEO e 2a ELO.<\/p>\n<p>Texto:<\/p>\n<p>Mission\u00e1rio \u00e9 aquele que anuncia o <a href=\"https:\/\/www.vaticannews.va\/pt\/palavra-do-dia.html\">Evangelho<\/a>, fazendo suas as palavras e o testemunho de Jesus Cristo; mas \u00e9 tamb\u00e9m aquele que, mesmo sem an\u00fancio expl\u00edcito,<br \/>\nencarna e vive cada uma dessas palavras, transformando-as em gestos concretos de solidariedade.<\/p>\n<p>Mission\u00e1rio \u00e9 aquele que est\u00e1 disposto a sair, lan\u00e7ar-se em terras estranhas e in\u00f3spitas, abrir veredas novas no deserto ou na selva; mas \u00e9 tamb\u00e9m aquele que se disp\u00f5e a ficar, convertendo-se em presen\u00e7a viva e atuante em cada dor humana e em cada por\u00e3o de sofrimento.<\/p>\n<p><a href=\"https:\/\/padrejonas.cancaonova.com\/\">Mission\u00e1rio<\/a> \u00e9 aquele que, por seus feitos e dedica\u00e7\u00e3o, ganha imagens impressas e coloridas, fixadas em profus\u00e3o nas paredes de templos e casas; mas \u00e9 tamb\u00e9m aquele que, desconhecido e silencioso, oferece no altar do anonimato sua vida e suas for\u00e7as.<\/p>\n<p>Mission\u00e1rio \u00e9 aquele cuja voz e a\u00e7\u00e3o entusiasma e congrega ao seu redor multid\u00f5es;<br \/>\nmas \u00e9 tamb\u00e9m aquele que, caso a caso, faz-se o\u00a0<a href=\"https:\/\/luziasantiago.cancaonova.com\/mensagem\/temos-um-fiel-companheiro\/\"> companheiro mudo<\/a> de cada solid\u00e3o,<\/p>\n<p>o ref\u00fagio e b\u00e1lsamo para o abandono e a exclus\u00e3o.<\/p>\n<p>Mission\u00e1rio \u00e9 aquele cuja face divino-humana espelha os<a href=\"https:\/\/formacao.cancaonova.com\/espiritualidade\/vida-de-oracao\/quais-sao-os-tracos-que-santidade-dos-nossos-dias-nos-trazem\/\"> tra\u00e7os de um Deus<\/a> pai e m\u00e3e,<br \/>\ncheio de amor, miseric\u00f3rdia e compaix\u00e3o; mas \u00e9 tamb\u00e9m aquele em cujo rosto humano-divino; imprimem-se as ang\u00fastias e esperan\u00e7as dos pobres.<\/p>\n<p>Mission\u00e1rio \u00e9 aquele que sobe \u00e0 montanha, onde reza e se deixa interpelar pela presen\u00e7a do Pai; mas \u00e9 tamb\u00e9m aquele que desce \u00e0 rua e aos campos e, no contato vivo com mulheres e homens desfigurados, questiona e pugna por uma sociedade justa e solid\u00e1ria.<\/p>\n<p><em><strong>Autor:<\/strong>\u00a0Pe. Alfredo Gon\u00e7alves \u2013 Pastoral Social da CNBB<\/em><\/p>\n<p>&nbsp;<\/p>\n<p>&nbsp;<\/p>\n<p>&nbsp;<\/p>\n<p>&nbsp;<\/p>\n<p style=\"text-align: right\">\n","protected":false},"excerpt":{"rendered":"<p>Conhe\u00e7a os MEMBROS Can\u00e7\u00e3o Nova &#8211; Rio de Janeiro A Can\u00e7\u00e3o Nova Rio de Janeiro \u00e9 uma frente de miss\u00e3o da Comunidade Can\u00e7\u00e3o Nova &#8211; Associa\u00e7\u00e3o Internacional Privada de Fi\u00e9is. Somos uma comunidade cat\u00f3lica reconhecida pela Santa S\u00e9, presente em&#8230;<\/p>\n","protected":false},"author":511,"featured_media":0,"parent":6595,"menu_order":0,"comment_status":"closed","ping_status":"closed","template":"","meta":{"_mi_skip_tracking":false,"_monsterinsights_sitenote_active":false,"_monsterinsights_sitenote_note":"","_monsterinsights_sitenote_category":0,"footnotes":""},"_links":{"self":[{"href":"https:\/\/blog.cancaonova.com\/riodejaneiro\/wp-json\/wp\/v2\/pages\/10405"}],"collection":[{"href":"https:\/\/blog.cancaonova.com\/riodejaneiro\/wp-json\/wp\/v2\/pages"}],"about":[{"href":"https:\/\/blog.cancaonova.com\/riodejaneiro\/wp-json\/wp\/v2\/types\/page"}],"author":[{"embeddable":true,"href":"https:\/\/blog.cancaonova.com\/riodejaneiro\/wp-json\/wp\/v2\/users\/511"}],"replies":[{"embeddable":true,"href":"https:\/\/blog.cancaonova.com\/riodejaneiro\/wp-json\/wp\/v2\/comments?post=10405"}],"version-history":[{"count":11,"href":"https:\/\/blog.cancaonova.com\/riodejaneiro\/wp-json\/wp\/v2\/pages\/10405\/revisions"}],"predecessor-version":[{"id":11046,"href":"https:\/\/blog.cancaonova.com\/riodejaneiro\/wp-json\/wp\/v2\/pages\/10405\/revisions\/11046"}],"up":[{"embeddable":true,"href":"https:\/\/blog.cancaonova.com\/riodejaneiro\/wp-json\/wp\/v2\/pages\/6595"}],"wp:attachment":[{"href":"https:\/\/blog.cancaonova.com\/riodejaneiro\/wp-json\/wp\/v2\/media?parent=10405"}],"curies":[{"name":"wp","href":"https:\/\/api.w.org\/{rel}","templated":true}]}}

Membros - Canção Nova Rio de Janeiro

<p>Conheça os MEMBROS Canção Nova &#8211; Rio de Janeiro</p>
<p>A<strong> Canção Nova Rio de Janeiro</strong> é uma frente de missão da <a href="https://comunidade.cancaonova.com/quem-somos/">Comunidade Canção Nova</a> &#8211; Associação Internacional Privada de Fiéis. Somos uma comunidade católica reconhecida pela Santa Sé, presente em frentes de missão espalhadas pelo Brasil e o mundo. Cuja missão é realizado por seus membros CONSAGRADOS sob o modo de vida NÚCLEO e 2a ELO.</p>
<p>Texto:</p>
<p>Missionário é aquele que anuncia o <a href="https://www.vaticannews.va/pt/palavra-do-dia.html">Evangelho</a>, fazendo suas as palavras e o testemunho de Jesus Cristo; mas é também aquele que, mesmo sem anúncio explícito,<br />
encarna e vive cada uma dessas palavras, transformando-as em gestos concretos de solidariedade.</p>
<p>Missionário é aquele que está disposto a sair, lançar-se em terras estranhas e inóspitas, abrir veredas novas no deserto ou na selva; mas é também aquele que se dispõe a ficar, convertendo-se em presença viva e atuante em cada dor humana e em cada porão de sofrimento.</p>
<p><a href="https://padrejonas.cancaonova.com/">Missionário</a> é aquele que, por seus feitos e dedicação, ganha imagens impressas e coloridas, fixadas em profusão nas paredes de templos e casas; mas é também aquele que, desconhecido e silencioso, oferece no altar do anonimato sua vida e suas forças.</p>
<p>Missionário é aquele cuja voz e ação entusiasma e congrega ao seu redor multidões;<br />
mas é também aquele que, caso a caso, faz-se o <a href="https://luziasantiago.cancaonova.com/mensagem/temos-um-fiel-companheiro/"> companheiro mudo</a> de cada solidão,</p>
<p>o refúgio e bálsamo para o abandono e a exclusão.</p>
<p>Missionário é aquele cuja face divino-humana espelha os<a href="https://formacao.cancaonova.com/espiritualidade/vida-de-oracao/quais-sao-os-tracos-que-santidade-dos-nossos-dias-nos-trazem/"> traços de um Deus</a> pai e mãe,<br />
cheio de amor, misericórdia e compaixão; mas é também aquele em cujo rosto humano-divino; imprimem-se as angústias e esperanças dos pobres.</p>
<p>Missionário é aquele que sobe à montanha, onde reza e se deixa interpelar pela presença do Pai; mas é também aquele que desce à rua e aos campos e, no contato vivo com mulheres e homens desfigurados, questiona e pugna por uma sociedade justa e solidária.</p>
<p><em><strong>Autor:</strong> Pe. Alfredo Gonçalves – Pastoral Social da CNBB</em></p>
<p>&nbsp;</p>
<p>&nbsp;</p>
<p>&nbsp;</p>
<p>&nbsp;</p>
<p style="text-align: right">

<p>Conheça os MEMBROS Canção Nova &#8211; Rio de Janeiro A Canção Nova Rio de Janeiro é uma frente de missão da Comunidade Canção Nova &#8211; Associação Internacional Privada de Fiéis. Somos uma comunidade católica reconhecida pela Santa Sé, presente em&#8230;</p>
