{"id":91,"date":"2008-02-22T17:24:36","date_gmt":"2008-02-22T19:24:36","guid":{"rendered":"http:\/\/blog.cancaonova.com\/saojosedoscampos\/files\/2008\/02\/p8270016.JPG"},"modified":"2008-02-22T17:24:36","modified_gmt":"2008-02-22T19:24:36","slug":"tarde-de-louvor","status":"inherit","type":"attachment","link":"https:\/\/blog.cancaonova.com\/saojosedoscampos\/tarde-de-louvor\/","title":{"rendered":"Tarde de Louvor"},"author":2611,"featured_media":0,"comment_status":"open","ping_status":"open","template":"","meta":{"_mi_skip_tracking":false,"_monsterinsights_sitenote_active":false,"_monsterinsights_sitenote_note":"","_monsterinsights_sitenote_category":0},"description":{"rendered":"<p class=\"attachment\"><a href='https:\/\/blog.cancaonova.com\/saojosedoscampos\/files\/\/var\/www\/blog.cancaonova.com\/wp-content\/blogs.dir\/2271\/files\/\/2008\/02\/p8270016.JPG'><img loading=\"lazy\" decoding=\"async\" width=\"300\" height=\"225\" src=\"https:\/\/blog.cancaonova.com\/saojosedoscampos\/files\/\/var\/www\/blog.cancaonova.com\/wp-content\/blogs.dir\/2271\/files\/\/2008\/02\/p8270016.JPG\" class=\"attachment-medium size-medium\" alt=\"\" \/><\/a><\/p>\n<p>A Can\u00e7\u00e3o Nova convida voc\u00ea e sua fam\u00edlia para uma Tarde de Louvor toda Quarta-Feira das 14 h as 16 h.<br \/>\nLocal: Capela Nossa Senhora Aparecida (Rua Sebasti\u00e3o Humel &#8211; Centro)<br \/>\nInforma\u00e7\u00f5es (12) 3923-7000<\/p>\n"},"caption":{"rendered":"<p>A Can\u00e7\u00e3o Nova convida voc\u00ea e sua fam\u00edlia para uma Tarde de Louvor toda Quarta-Feira das 14 h as 16 h. Local: Capela Nossa Senhora Aparecida (Rua Sebasti\u00e3o Humel &#8211; Centro) Informa\u00e7\u00f5es (12) 3923-7000<\/p>\n"},"alt_text":"","media_type":"image","mime_type":"image\/jpeg","media_details":{"width":640,"height":480,"hwstring_small":"height='96' width='128'","file":"\/var\/www\/blog.cancaonova.com\/wp-content\/blogs.dir\/2271\/files\/\/2008\/02\/p8270016.JPG","thumb":"p8270016.thumbnail.JPG","sizes":{}},"post":null,"source_url":"https:\/\/blog.cancaonova.com\/saojosedoscampos\/files\/\/var\/www\/blog.cancaonova.com\/wp-content\/blogs.dir\/2271\/files\/\/2008\/02\/p8270016.JPG","_links":{"self":[{"href":"https:\/\/blog.cancaonova.com\/saojosedoscampos\/wp-json\/wp\/v2\/media\/91"}],"collection":[{"href":"https:\/\/blog.cancaonova.com\/saojosedoscampos\/wp-json\/wp\/v2\/media"}],"about":[{"href":"https:\/\/blog.cancaonova.com\/saojosedoscampos\/wp-json\/wp\/v2\/types\/attachment"}],"author":[{"embeddable":true,"href":"https:\/\/blog.cancaonova.com\/saojosedoscampos\/wp-json\/wp\/v2\/users\/2611"}]}}

<p class="attachment"><a href='https://blog.cancaonova.com/saojosedoscampos/files//var/www/blog.cancaonova.com/wp-content/blogs.dir/2271/files//2008/02/p8270016.JPG'><img loading="lazy" decoding="async" width="300" height="225" src="https://blog.cancaonova.com/saojosedoscampos/files//var/www/blog.cancaonova.com/wp-content/blogs.dir/2271/files//2008/02/p8270016.JPG" class="attachment-medium size-medium" alt="" /></a></p>
<p>A Canção Nova convida você e sua família para uma Tarde de Louvor toda Quarta-Feira das 14 h as 16 h.<br />
Local: Capela Nossa Senhora Aparecida (Rua Sebastião Humel &#8211; Centro)<br />
Informações (12) 3923-7000</p>

<p>A Canção Nova convida você e sua família para uma Tarde de Louvor toda Quarta-Feira das 14 h as 16 h. Local: Capela Nossa Senhora Aparecida (Rua Sebastião Humel &#8211; Centro) Informações (12) 3923-7000</p>
