{"id":14721,"date":"2016-06-29T16:02:31","date_gmt":"2016-06-29T19:02:31","guid":{"rendered":"http:\/\/blog.cancaonova.com\/saopaulo\/?page_id=14721"},"modified":"2022-11-10T15:22:42","modified_gmt":"2022-11-10T18:22:42","slug":"eventos-9","status":"publish","type":"page","link":"https:\/\/blog.cancaonova.com\/saopaulo\/eventos-9\/","title":{"rendered":"Programa\u00e7\u00e3o Semanal"},"content":{"rendered":"<p>A Casa de Evangeliza\u00e7\u00e3o da Can\u00e7\u00e3o Nova na capital paulista est\u00e1 localizada na <strong>Catedral Maronita<\/strong><br \/>\n<strong> Nossa Senhora do L\u00edbano<\/strong> &#8211; R. Tamandar\u00e9, 355, Liberdade, S\u00e3o Paulo &#8211; SP<br \/>\n(Pr\u00f3x. ao metr\u00f4 S\u00e3o Joaquim)<\/p>\n<p>Confira a nossa programa\u00e7\u00e3o:<\/p>\n<p><strong>SEGUNDAS-FEIRAS<\/strong><br \/>\n18h | Ora\u00e7\u00e3o do Santo Ter\u00e7o<br \/>\n19h30 | Missa de Cura e Liberta\u00e7\u00e3o<br \/>\n20h30 | Adora\u00e7\u00e3o ao Sant\u00edssimo Sacramento<\/p>\n<p><strong>QUARTAS-FEIRAS<\/strong><br \/>\n18h | Ora\u00e7\u00e3o do Santo Ter\u00e7o<br \/>\n19h30 | Missa de Cura de Liberta\u00e7\u00e3o<br \/>\n20h30 | Adora\u00e7\u00e3o ao Sant\u00edssimo<\/p>\n<p><strong>LOJA CAN\u00c7\u00c3O NOVA E CLUBE DA EVANGELIZA\u00c7\u00c3O<\/strong><br \/>\nSegunda \u00e0 sexta, das 9h \u00e0s 18h<br \/>\nS\u00e1bados, das 09h \u00e0s 13h<br \/>\n(e durante as Missas e atividades da Casa de Evangeliza\u00e7\u00e3o)<\/p>\n<p><strong>BRECH\u00d3 CAN\u00c7\u00c3O NOVA<\/strong><br \/>\nSegunda \u00e0 sexta, das 9h \u00e0s 17h30<br \/>\n(e durante as Missas e atividades da Casa de Evangeliza\u00e7\u00e3o)<\/p>\n<p><strong>Informa\u00e7\u00f5es: <\/strong><br \/>\n<strong>Tel\/Whatsapp:<\/strong> (11) 3382-9800 ou<br \/>\neventossp@cancaonova.com<\/p>\n","protected":false},"excerpt":{"rendered":"<p>A Casa de Evangeliza\u00e7\u00e3o da Can\u00e7\u00e3o Nova na capital paulista est\u00e1 localizada na Catedral Maronita Nossa Senhora do L\u00edbano &#8211; R. Tamandar\u00e9, 355, Liberdade, S\u00e3o Paulo &#8211; SP (Pr\u00f3x. ao metr\u00f4 S\u00e3o Joaquim) Confira a nossa programa\u00e7\u00e3o: SEGUNDAS-FEIRAS 18h |&#8230;<\/p>\n","protected":false},"author":43,"featured_media":17018,"parent":0,"menu_order":0,"comment_status":"closed","ping_status":"closed","template":"","meta":{"_mi_skip_tracking":false,"_monsterinsights_sitenote_active":false,"_monsterinsights_sitenote_note":"","_monsterinsights_sitenote_category":0,"footnotes":""},"_links":{"self":[{"href":"https:\/\/blog.cancaonova.com\/saopaulo\/wp-json\/wp\/v2\/pages\/14721"}],"collection":[{"href":"https:\/\/blog.cancaonova.com\/saopaulo\/wp-json\/wp\/v2\/pages"}],"about":[{"href":"https:\/\/blog.cancaonova.com\/saopaulo\/wp-json\/wp\/v2\/types\/page"}],"author":[{"embeddable":true,"href":"https:\/\/blog.cancaonova.com\/saopaulo\/wp-json\/wp\/v2\/users\/43"}],"replies":[{"embeddable":true,"href":"https:\/\/blog.cancaonova.com\/saopaulo\/wp-json\/wp\/v2\/comments?post=14721"}],"version-history":[{"count":101,"href":"https:\/\/blog.cancaonova.com\/saopaulo\/wp-json\/wp\/v2\/pages\/14721\/revisions"}],"predecessor-version":[{"id":18794,"href":"https:\/\/blog.cancaonova.com\/saopaulo\/wp-json\/wp\/v2\/pages\/14721\/revisions\/18794"}],"wp:featuredmedia":[{"embeddable":true,"href":"https:\/\/blog.cancaonova.com\/saopaulo\/wp-json\/wp\/v2\/media\/17018"}],"wp:attachment":[{"href":"https:\/\/blog.cancaonova.com\/saopaulo\/wp-json\/wp\/v2\/media?parent=14721"}],"curies":[{"name":"wp","href":"https:\/\/api.w.org\/{rel}","templated":true}]}}