{"id":2992,"date":"2022-04-19T08:53:22","date_gmt":"2022-04-19T11:53:22","guid":{"rendered":"http:\/\/blog.cancaonova.com\/familiasnovas\/?page_id=2992"},"modified":"2023-01-13T15:35:44","modified_gmt":"2023-01-13T18:35:44","slug":"publicacoes-metodo-billings-2","status":"publish","type":"page","link":"https:\/\/blog.cancaonova.com\/saudesexualreprodutiva\/publicacoes-metodo-billings-2\/","title":{"rendered":"Publica\u00e7\u00f5es - WOOMB International"},"content":{"rendered":"<h2>Documentos cient\u00edficos sobre o M\u00e9todo Billings\u00ae<\/h2>\n<p>&#8211; Confira abaixo os <strong>boletins informativos oficiais<\/strong> <strong>da WOOMB<\/strong> (World Organisation Ovulation Method Billings &#8211; Organiza\u00e7\u00e3o Mundial do M\u00e9todo de Ovula\u00e7\u00e3o Billings\u00ae).<\/p>\n<p><strong>Boletins 2022:<\/strong><\/p>\n<p>Mar\u00e7o &#8211; clique <a href=\"https:\/\/drive.google.com\/file\/d\/1URBkEdVto168j1I8TY5tOUW6ZARld5UF\/view\">aqui<\/a><\/p>\n<p>Julho &#8211; clique <a href=\"https:\/\/drive.google.com\/file\/d\/1fX53TswxA5zx9wHfgytoEAWcvDwrPEff\/view\">aqui<\/a><\/p>\n<p>Novembro &#8211; clique <a href=\"https:\/\/drive.google.com\/file\/d\/1RtG37UVgE9DMHb6DjBHZjMtS943DxvIk\/view?usp=share_link\">aqui<\/a><\/p>\n<p>&nbsp;<\/p>\n<p><strong>Boletins 2021:<\/strong><\/p>\n<p>Mar\u00e7o &#8211; clique <a href=\"https:\/\/drive.google.com\/file\/d\/1Z1AmCkQspwaAB4cX9BaU4n0nUTIKnAls\/view\" target=\"_blank\" rel=\"noopener\">aqui<\/a><\/p>\n<p>Julho &#8211; clique <a href=\"https:\/\/drive.google.com\/file\/d\/1sHHtSritHrEtKFibSvAfy8ANXhp_cavE\/view\" target=\"_blank\" rel=\"noopener\">aqui<\/a><\/p>\n<p>Novembro &#8211; clique <a href=\"https:\/\/drive.google.com\/file\/d\/1UtMbDVNx2OLb_bBuPltyXrJYCc0sSnjd\/view\" target=\"_blank\" rel=\"noopener\">aqui<\/a><\/p>\n<p>&nbsp;<\/p>\n<p><strong>Boletins 2020:<\/strong><\/p>\n<p>Abril &#8211; clique <a href=\"https:\/\/drive.google.com\/file\/d\/1gJY8scROlay-4w9JIU6ZScjcnSIloL8M\/view\">aqui<\/a><\/p>\n<p>Julho &#8211; clique <a href=\"https:\/\/drive.google.com\/file\/d\/1KhPYx59e2UliJXMlQjFXV5MILKIxswwQ\/view\">aqui<\/a><\/p>\n<p>Novembro &#8211; clique <a href=\"https:\/\/drive.google.com\/file\/d\/1jbAiRROXBehZvhBDob1WCUGSf648Kgrc\/view\">aqui<\/a><\/p>\n<p>&nbsp;<\/p>\n<p><strong>Boletins 2019:<\/strong><\/p>\n<p>Mar\u00e7o &#8211; clique <a href=\"https:\/\/drive.google.com\/file\/d\/1U7QlFKBPlmgnUj20OccPTbRrR2fzMFPh\/view\">aqui<\/a><\/p>\n<p>Julho &#8211; clique <a href=\"https:\/\/drive.google.com\/file\/d\/1y4fQ67P5Su9T2hX-M4ulNaA-UKVDwizm\/view\">aqui<\/a><\/p>\n<p>Novembro &#8211; clique <a href=\"https:\/\/drive.google.com\/file\/d\/1cp8PDPnwLHozVAZHIHLdWD7ufextL7Lm\/view\">aqui<\/a><\/p>\n<p>Confira mais sobre o M\u00e9todo de Ovula\u00e7\u00e3o Billings no site oficial da WOOMB, clicando <a href=\"https:\/\/woombinternational.org\/\" target=\"_blank\" rel=\"noopener\">aqui<\/a><\/p>\n<p>&nbsp;<\/p>\n<p>&#8211; Confira abaixo os <strong>boletins informativos oficiais do CENPLAFAM<\/strong>\u00a0WOOMB Brasil,\u00a0representante oficial da Organiza\u00e7\u00e3o Mundial do M\u00e9todo de Ovula\u00e7\u00e3o Billings\u00ae (WOOMB).<\/p>\n<p><strong>Boletim Junho\/2019 &#8211;\u00a0<\/strong>clique <a href=\"https:\/\/www.cenplafam.com.br\/_files\/ugd\/798ac4_28efa3ee822a4a8494be385c8fd0d634.pdf\" target=\"_blank\" rel=\"noopener\">aqui<\/a><\/p>\n<p><strong>Boletim Maio\/2020 &#8211; <\/strong>clique <a href=\"https:\/\/www.flipsnack.com\/nygell\/billings-brasil-boletim-informativo-da-cenplafam-woomb-bras.html\" target=\"_blank\" rel=\"noopener\">aqui<\/a><\/p>\n<p>Para conhecer mais sobre o\u00a0Billings\u00ae no Brasil, confira o site oficial do CENPLAFAM clicando <a href=\"https:\/\/www.cenplafam.com.br\/\" target=\"_blank\" rel=\"noopener\">aqui<\/a><\/p>\n<p>&nbsp;<\/p>\n<p>Continue acompanhando o <a href=\"https:\/\/blog.cancaonova.com\/familiasnovas\/\">blog<\/a>.<\/p>\n<p>&nbsp;<\/p>\n","protected":false},"excerpt":{"rendered":"<p>Documentos cient\u00edficos sobre o M\u00e9todo Billings\u00ae &#8211; Confira abaixo os boletins informativos oficiais da WOOMB (World Organisation Ovulation Method Billings &#8211; Organiza\u00e7\u00e3o Mundial do M\u00e9todo de Ovula\u00e7\u00e3o Billings\u00ae). Boletins 2022: Mar\u00e7o &#8211; clique aqui Julho &#8211; clique aqui Novembro &#8211;&#8230;<\/p>\n","protected":false},"author":4475,"featured_media":0,"parent":0,"menu_order":0,"comment_status":"closed","ping_status":"closed","template":"","meta":{"_mi_skip_tracking":false,"_monsterinsights_sitenote_active":false,"_monsterinsights_sitenote_note":"","_monsterinsights_sitenote_category":0,"footnotes":""},"_links":{"self":[{"href":"https:\/\/blog.cancaonova.com\/saudesexualreprodutiva\/wp-json\/wp\/v2\/pages\/2992"}],"collection":[{"href":"https:\/\/blog.cancaonova.com\/saudesexualreprodutiva\/wp-json\/wp\/v2\/pages"}],"about":[{"href":"https:\/\/blog.cancaonova.com\/saudesexualreprodutiva\/wp-json\/wp\/v2\/types\/page"}],"author":[{"embeddable":true,"href":"https:\/\/blog.cancaonova.com\/saudesexualreprodutiva\/wp-json\/wp\/v2\/users\/4475"}],"replies":[{"embeddable":true,"href":"https:\/\/blog.cancaonova.com\/saudesexualreprodutiva\/wp-json\/wp\/v2\/comments?post=2992"}],"version-history":[{"count":9,"href":"https:\/\/blog.cancaonova.com\/saudesexualreprodutiva\/wp-json\/wp\/v2\/pages\/2992\/revisions"}],"predecessor-version":[{"id":3315,"href":"https:\/\/blog.cancaonova.com\/saudesexualreprodutiva\/wp-json\/wp\/v2\/pages\/2992\/revisions\/3315"}],"wp:attachment":[{"href":"https:\/\/blog.cancaonova.com\/saudesexualreprodutiva\/wp-json\/wp\/v2\/media?parent=2992"}],"curies":[{"name":"wp","href":"https:\/\/api.w.org\/{rel}","templated":true}]}}