{"id":3532,"date":"2024-11-05T02:10:11","date_gmt":"2024-11-05T05:10:11","guid":{"rendered":"https:\/\/blog.cancaonova.com\/saudesexualreprodutiva\/?page_id=3532"},"modified":"2025-01-22T16:40:35","modified_gmt":"2025-01-22T19:40:35","slug":"programas","status":"publish","type":"page","link":"https:\/\/blog.cancaonova.com\/saudesexualreprodutiva\/programas\/","title":{"rendered":"Programas"},"content":{"rendered":"<h4>Programa <a href=\"https:\/\/blog.cancaonova.com\/familiasnovas\/category\/programa-nova-mamae\/\">Nova Mam\u00e3e<\/a><\/h4>\n<p>Este Programa proporciona acompanhamento durante todo per\u00edodo da gesta\u00e7\u00e3o com palestras de profissionais multidisciplinares especialistas que s\u00e3o realizadas uma vez ao m\u00eas. Essas palestras, tem como objetivo prezar a qualidade de vida, forma\u00e7\u00e3o espiritual, cuidados com o beb\u00ea, orientar, tranquilizar, capacitar e conduzir passo a passo de todo per\u00edodo gestacional, oferecendo assim, todo acolhimento \u00e0 futuras m\u00e3ezinhas.<\/p>\n<h4>Programa <a href=\"https:\/\/blog.cancaonova.com\/familiasnovas\/category\/programa-teen-star\/\">Teen STAR\u00a0<\/a><\/h4>\n<p>O Teen STAR \u00e9 um programa internacional de educa\u00e7\u00e3o para ajudar crian\u00e7as, adolescentes, jovens e adultos a compreender o sentido de sua sexualidade e fertilidade como parte do desenvolvimento pessoal de suas dimens\u00f5es: f\u00edsica, espiritual, intelectual, emocional e social. Este programa vem sendo aplicado nos cinco continentes, com \u00eaxito em mais de 50 pa\u00edses, entre eles: Chile, Espanha, EUA, It\u00e1lia, Alemanha e Coreia do Sul. No Brasil, chegou em 2013. Estudos e pesquisas cient\u00edficas realizadas durante o per\u00edodo de aplica\u00e7\u00e3o do Teen STAR permitem comprovar sua efic\u00e1cia nas mais distintas realidades, conforme avalia\u00e7\u00e3o de resultados registrados em diversas publica\u00e7\u00f5es. Al\u00e9m da forma\u00e7\u00e3o destinada a todos que se interessam, o programa tece uma rede com os profissionais, oferecendo consultoria e acompanhamento dos Educadores em est\u00e1gio. Algumas conquistas j\u00e1 alcan\u00e7adas por aqueles que fizeram a experi\u00eancia do Programa:<\/p>\n<ul>\n<li>Estimula\u00e7\u00e3o de um estilo de vida saud\u00e1vel<\/li>\n<li>Aumento do comportamento emp\u00e1tico<\/li>\n<li>Fortalecimento da comunica\u00e7\u00e3o entre pais<\/li>\n<\/ul>\n<p>e filhos<\/p>\n<ul>\n<li>Preven\u00e7\u00e3o do abuso sexual<\/li>\n<li>Redu\u00e7\u00e3o dos comportamentos de risco<\/li>\n<li>Reconhecimento da pr\u00f3pria fertilidade, por<\/li>\n<\/ul>\n<p>meio de seus sinais<\/p>\n<ul>\n<li>Atraso no in\u00edcio da atividade sexual<\/li>\n<li>Redu\u00e7\u00e3o da taxa de gravidez na<\/li>\n<\/ul>\n<p>adolesc\u00eancia<\/p>\n<ul>\n<li>Aumento da capacidade de decidir por si<\/li>\n<\/ul>\n<p>mesmo em que momento est\u00e1 preparado para entregar-se ao outro. \u00a0 Nos acompanhe pelas\u00a0<a href=\"https:\/\/idolink.bio\/familiasnovascn\" target=\"_blank\" rel=\"noopener\">redes sociais<\/a>\u00a0e pelo\u00a0<a href=\"https:\/\/blog.cancaonova.com\/familiasnovas\/\">blog<\/a>.<\/p>\n","protected":false},"excerpt":{"rendered":"<p>Programa Nova Mam\u00e3e Este Programa proporciona acompanhamento durante todo per\u00edodo da gesta\u00e7\u00e3o com palestras de profissionais multidisciplinares especialistas que s\u00e3o realizadas uma vez ao m\u00eas. Essas palestras, tem como objetivo prezar a qualidade de vida, forma\u00e7\u00e3o espiritual, cuidados com o&#8230;<\/p>\n","protected":false},"author":4539,"featured_media":0,"parent":0,"menu_order":0,"comment_status":"closed","ping_status":"closed","template":"","meta":{"_mi_skip_tracking":false,"_monsterinsights_sitenote_active":false,"_monsterinsights_sitenote_note":"","_monsterinsights_sitenote_category":0,"footnotes":""},"_links":{"self":[{"href":"https:\/\/blog.cancaonova.com\/saudesexualreprodutiva\/wp-json\/wp\/v2\/pages\/3532"}],"collection":[{"href":"https:\/\/blog.cancaonova.com\/saudesexualreprodutiva\/wp-json\/wp\/v2\/pages"}],"about":[{"href":"https:\/\/blog.cancaonova.com\/saudesexualreprodutiva\/wp-json\/wp\/v2\/types\/page"}],"author":[{"embeddable":true,"href":"https:\/\/blog.cancaonova.com\/saudesexualreprodutiva\/wp-json\/wp\/v2\/users\/4539"}],"replies":[{"embeddable":true,"href":"https:\/\/blog.cancaonova.com\/saudesexualreprodutiva\/wp-json\/wp\/v2\/comments?post=3532"}],"version-history":[{"count":4,"href":"https:\/\/blog.cancaonova.com\/saudesexualreprodutiva\/wp-json\/wp\/v2\/pages\/3532\/revisions"}],"predecessor-version":[{"id":3678,"href":"https:\/\/blog.cancaonova.com\/saudesexualreprodutiva\/wp-json\/wp\/v2\/pages\/3532\/revisions\/3678"}],"wp:attachment":[{"href":"https:\/\/blog.cancaonova.com\/saudesexualreprodutiva\/wp-json\/wp\/v2\/media?parent=3532"}],"curies":[{"name":"wp","href":"https:\/\/api.w.org\/{rel}","templated":true}]}}