{"id":7802,"date":"2018-03-28T15:02:23","date_gmt":"2018-03-28T17:02:23","guid":{"rendered":"http:\/\/blog.cancaonova.com\/semprefiel\/?page_id=7802"},"modified":"2018-03-28T15:02:23","modified_gmt":"2018-03-28T17:02:23","slug":"profecia-do-avivamento","status":"publish","type":"page","link":"https:\/\/blog.cancaonova.com\/semprefiel\/profecia-do-avivamento\/","title":{"rendered":"Profecia do Avivamento"},"content":{"rendered":"<p>&#8220;A primeira impress\u00e3o que causa a palavra \u201cavivamento\u201d pode n\u00e3o gerar muita credibilidade no nosso \u00e2mbito cat\u00f3lico, por\u00e9m, \u00e9 somente uma m\u00e1 impress\u00e3o. Precisamos recuperar os termos e significados que dizem respeito ao Cristianismo inteiro, e quero crer que a realidade presente neste termo nos seja necess\u00e1ria tamb\u00e9m hoje. Precisar\u00edamos apenas do que os escol\u00e1sticos chamavam de \u201cAclaratio terminorum\u201d, isto \u00e9, esclarecer bem o termo. O Avivamento \u00e9 o mover hist\u00f3rico e prof\u00e9tico do Esp\u00edrito Santo em todos os povos, culturas e em todos os tempos. \u00c9 uma gra\u00e7a que prov\u00e9m do Trono do Pai e do Cora\u00e7\u00e3o do Filho. Para n\u00f3s, cat\u00f3licos, pode ser mediada tamb\u00e9m por Maria, mulher cheia do Esp\u00edrito Santo, e sem a qual a Igreja n\u00e3o percebe plenamente a gra\u00e7a de Pentecostes. O Avivamento \u00e9 um Dom Trinit\u00e1rio e uma Gra\u00e7a Eclesial!<\/p>\n<p><a href=\"http:\/\/youtube.com\/avivamentocancaonova\"><img loading=\"lazy\" decoding=\"async\" class=\"aligncenter wp-image-7805 size-full\" src=\"http:\/\/blog.cancaonova.com\/semprefiel\/files\/2018\/03\/site.png\" alt=\"\" width=\"560\" height=\"315\" srcset=\"https:\/\/blog.cancaonova.com\/semprefiel\/files\/2018\/03\/site.png 560w, https:\/\/blog.cancaonova.com\/semprefiel\/files\/2018\/03\/site-533x300.png 533w, https:\/\/blog.cancaonova.com\/semprefiel\/files\/2018\/03\/site-384x216.png 384w, https:\/\/blog.cancaonova.com\/semprefiel\/files\/2018\/03\/site-512x288.png 512w\" sizes=\"(max-width: 560px) 100vw, 560px\" \/><\/a><\/p>\n<p>Em sua quarta carta ao Papa Le\u00e3o XIII, pedindo a renova\u00e7\u00e3o da Igreja e o retorno ao Esp\u00edrito Santo, a Beata Elena Guerra (1835-1914) falava de um \u201creavivamento universal para tantos crist\u00e3os t\u00edbios\u201d. Acredito tamb\u00e9m que quando o Vaticano II, na Lumen Gentium 8, fala que a Igreja precisa \u201csempre da necessidade de purificar-se\u201d e que \u201cbusca sem cessar penit\u00eancia e a renova\u00e7\u00e3o\u201d, \u00e9 uma forma de dizer: A Igreja precisa sempre de avivamento! O Avivamento \u00e9 sempre o despertar do Esp\u00edrito em indiv\u00edduos que se abrem a Deus em \u00e9pocas relativamente dif\u00edceis.<\/p>\n<blockquote><p>\u00c9 sempre uma iniciativa do Esp\u00edrito que acaba gerando uma renova\u00e7\u00e3o espiritual, incidindo de alguma forma com algum tipo de reforma social, sempre em oposi\u00e7\u00e3o as estruturas de pecado e morte. O Avivamento \u00e9 um poderoso derramar-se do Esp\u00edrito. E por isto, ele acompanha toda a hist\u00f3ria da salva\u00e7\u00e3o. Da a\u00e7\u00e3o do Par\u00e1clito na cria\u00e7\u00e3o at\u00e9 a constitui\u00e7\u00e3o da Igreja de Cristo na era apost\u00f3lica, Deus nunca privou a humanidade de chuvas de avivamentos. Avivamento \u00e9 o que Aparecida pede quando afirma: \u201cNecessitamos de um novo Pentecostes!\u201d. E ainda: \u201cEsperamos um novo Pentecostes que nos livre do cansa\u00e7o, da desilus\u00e3o, da acomoda\u00e7\u00e3o ao ambiente; esperamos uma vinda do Esp\u00edrito Santo que renove nossa alegria e esperan\u00e7a\u201d. O Avivamento \u00e9 tamb\u00e9m um movimento de santidade na medida em que o Esp\u00edrito comunicado gera novos homens e mulheres de Deus para um mundo novo. Gera no crente a certeza de f\u00e9 que Deus \u00e9 o amigo do homem, sente-se a presen\u00e7a do Senhor de maneira excepcional, misteriosamente vis\u00edvel. S\u00e3o como ondas espirituais que se derramam no cora\u00e7\u00e3o e na vida como no tempo dos ap\u00f3stolos.<\/p><\/blockquote>\n<p>O Avivamento \u00e9 o Esp\u00edrito vivendo ativamente no cora\u00e7\u00e3o do crente que lhe \u00e9 d\u00f3cil! Avivamento n\u00e3o \u00e9 sentir, mas saber que Deus est\u00e1 em mim e eu estou em Deus. E isto \u00e9 obra do Esp\u00edrito! Acrescento algo as caracter\u00edsticas do avivamento at\u00e9 agora citadas, que li de uma literatura protestante: \u201cPara o avivamento acontecer na vida de um crente ou de um grupo de crentes, precisa haver arrependimento. No passado, quando um avivamento acontecia, as pessoas eram confrontadas pelo seu pecado e o confessavam. At\u00e9 que isso ocorresse, ningu\u00e9m era avivado\u201d. De outra maneira, podemos dizer que o avivamento \u00e9 uma gra\u00e7a tamb\u00e9m para o arrependimento e a mudan\u00e7a de vida, a convers\u00e3o. Tal avivamento pode mudar um indiv\u00edduo, uma fam\u00edlia, uma Igreja, uma comunidade, os povos do mundo\u2026 O Avivamento, acabou sendo a principal ferramenta de trabalho do Pentecostalismo, movimento carism\u00e1tico crist\u00e3o que estava destinado a mudar a face do Cristianismo do s\u00e9culo XXI. Interessante hoje \u00e9 saber que mesmo entre os carism\u00e1ticos protestantes, se reconhece o protagonismo de Le\u00e3o XIII e Elena Guerra como os iniciadores do s\u00e9culo XX, conhecido por eles como \u201co s\u00e9culo do Esp\u00edrito Santo\u201d. Isto \u00e9 prova que o aut\u00eantico avivamento passar\u00e1 sempre pela verdadeira Igreja de Cristo e chegar\u00e1 as outras comunidades crist\u00e3s n\u00e3o cat\u00f3licas atrav\u00e9s da ora\u00e7\u00e3o cristol\u00f3gica e pentecostal da nossa Igreja.<\/p>\n<p><img loading=\"lazy\" decoding=\"async\" class=\"aligncenter size-full wp-image-7808\" src=\"http:\/\/blog.cancaonova.com\/semprefiel\/files\/2018\/03\/site-1.png\" alt=\"\" width=\"560\" height=\"315\" srcset=\"https:\/\/blog.cancaonova.com\/semprefiel\/files\/2018\/03\/site-1.png 560w, https:\/\/blog.cancaonova.com\/semprefiel\/files\/2018\/03\/site-1-533x300.png 533w, https:\/\/blog.cancaonova.com\/semprefiel\/files\/2018\/03\/site-1-384x216.png 384w, https:\/\/blog.cancaonova.com\/semprefiel\/files\/2018\/03\/site-1-512x288.png 512w\" sizes=\"(max-width: 560px) 100vw, 560px\" \/><\/p>\n<p>Afinal de contas, o Esp\u00edrito sopra onde quer e o avivamento n\u00e3o \u00e9 monop\u00f3lio de cat\u00f3licos ou protestantes. Ele est\u00e1 destinado a todos os homens e mulheres que estejam de cora\u00e7\u00e3o aberto para receber o Doce H\u00f3spede da Alma. O desejo ardente de ver a gl\u00f3ria de Deus, me disse um dia uma mulher carism\u00e1tica cat\u00f3lica, o desejo de v\u00ea-lo face a face \u00e9 uma das chaves mais importantes para o avivamento e para o cumprimento dos prop\u00f3sitos de Deus sobre a Terra. Em outro ocasi\u00e3o ela me disse: \u201cS\u00f3 experimentamos um avivamento, quando algo que estava morto, volta a vida\u201d. Sim, irm\u00e3os, o avivamento \u00e9 o mover sobrenatural do Esp\u00edrito, Senhor que d\u00e1 a vida, tocando novamente o natural para restituir a vida divina no cora\u00e7\u00e3o do homem frequentemente saqueado pelo dem\u00f4nio e seus anjos. O Avivamento, enfim, passa pelo sofrimento. N\u00e3o existe avivamento sem dor\u2026.Existe um pre\u00e7o pelo avivamento. Estamos dispostos a pag\u00e1-lo? E tenho a ligeira impress\u00e3o que o pagamento come\u00e7a dentro de nossas pr\u00f3prias casas (em nossas fam\u00edlias) e dentro da casa do Esp\u00edrito, que \u00e9 a Igreja. Que o Esp\u00edrito nos fa\u00e7a instrumentos seus para que um novo avivamento venha logo sobre a face da terra, reacendendo em n\u00f3s a chama que o mundo busca apagar e que Jesus quer espalhar sobre o mundo todo.<\/p>\n<p>&nbsp;<\/p>\n<p>Em Cristo e no Esp\u00edrito!<\/p>\n<p>&nbsp;<\/p>\n","protected":false},"excerpt":{"rendered":"<p>&#8220;A primeira impress\u00e3o que causa a palavra \u201cavivamento\u201d pode n\u00e3o gerar muita credibilidade no nosso \u00e2mbito cat\u00f3lico, por\u00e9m, \u00e9 somente uma m\u00e1 impress\u00e3o. Precisamos recuperar os termos e significados que dizem respeito ao Cristianismo inteiro, e quero crer que a&#8230;<\/p>\n","protected":false},"author":1031,"featured_media":0,"parent":0,"menu_order":0,"comment_status":"closed","ping_status":"closed","template":"","meta":{"_mi_skip_tracking":false,"_monsterinsights_sitenote_active":false,"_monsterinsights_sitenote_note":"","_monsterinsights_sitenote_category":0,"footnotes":""},"_links":{"self":[{"href":"https:\/\/blog.cancaonova.com\/semprefiel\/wp-json\/wp\/v2\/pages\/7802"}],"collection":[{"href":"https:\/\/blog.cancaonova.com\/semprefiel\/wp-json\/wp\/v2\/pages"}],"about":[{"href":"https:\/\/blog.cancaonova.com\/semprefiel\/wp-json\/wp\/v2\/types\/page"}],"author":[{"embeddable":true,"href":"https:\/\/blog.cancaonova.com\/semprefiel\/wp-json\/wp\/v2\/users\/1031"}],"replies":[{"embeddable":true,"href":"https:\/\/blog.cancaonova.com\/semprefiel\/wp-json\/wp\/v2\/comments?post=7802"}],"version-history":[{"count":6,"href":"https:\/\/blog.cancaonova.com\/semprefiel\/wp-json\/wp\/v2\/pages\/7802\/revisions"}],"predecessor-version":[{"id":7810,"href":"https:\/\/blog.cancaonova.com\/semprefiel\/wp-json\/wp\/v2\/pages\/7802\/revisions\/7810"}],"wp:attachment":[{"href":"https:\/\/blog.cancaonova.com\/semprefiel\/wp-json\/wp\/v2\/media?parent=7802"}],"curies":[{"name":"wp","href":"https:\/\/api.w.org\/{rel}","templated":true}]}}