{"id":141,"date":"2012-05-18T17:08:12","date_gmt":"2012-05-18T20:08:12","guid":{"rendered":"http:\/\/blog.cancaonova.com\/tododemaria\/"},"modified":"2023-05-18T17:47:15","modified_gmt":"2023-05-18T20:47:15","slug":"como-fazer-a-consagracao","status":"publish","type":"page","link":"https:\/\/blog.cancaonova.com\/tododemaria\/como-fazer-a-consagracao\/","title":{"rendered":"Como fazer a consagra\u00e7\u00e3o?"},"content":{"rendered":"<p style=\"text-align: left\"><strong>Saiba como fazer a consagra\u00e7\u00e3o a Virgem Maria conforme o Tratado da Verdadeira Devo\u00e7\u00e3o <\/strong><\/p>\n<p style=\"text-align: left\"><a href=\"http:\/\/blog.cancaonova.com\/tododemaria\/files\/2012\/05\/N.S.-de-Fatima.jpg\"><img loading=\"lazy\" decoding=\"async\" class=\"alignleft size-medium wp-image-645\" src=\"http:\/\/blog.cancaonova.com\/tododemaria\/files\/2012\/05\/N.S.-de-Fatima-238x300.jpg\" alt=\"Como fazer a consagra\u00e7\u00e3o a Virgem Maria?\" width=\"238\" height=\"300\" srcset=\"https:\/\/blog.cancaonova.com\/tododemaria\/files\/2012\/05\/N.S.-de-Fatima-238x300.jpg 238w, https:\/\/blog.cancaonova.com\/tododemaria\/files\/2012\/05\/N.S.-de-Fatima.jpg 338w\" sizes=\"(max-width: 238px) 100vw, 238px\" \/><\/a>Para fazer a consagra\u00e7\u00e3o a Maria segundo a \u201c<a href=\"http:\/\/blog.cancaonova.com\/tododemaria\/tratado\/\">Tratado da Verdadeira devo\u00e7\u00e3o \u00e0 Sant\u00edssima Virgem<\/a>\u201d, de <a href=\"http:\/\/blog.cancaonova.com\/tododemaria\/biografia-de-sao-luis-maria\/\">S\u00e3o Lu\u00eds Maria Grignion de Montfort<\/a>, a primeira coisa a fazer \u00e9 conhecer esse precioso livro, que \u00e9 um <a href=\"http:\/\/blog.cancaonova.com\/tododemaria\/o-metodo-de-consagracao-a-maria\/\">m\u00e9todo de consagra\u00e7\u00e3o<\/a>. O Santo escreveu este livro no final de sua vida. Neste livro, ele nos d\u00e1 a conhecer a reflex\u00e3o e a experi\u00eancia que desenvolveu em seu apostolado de propagar esta devo\u00e7\u00e3o, levando muitos muitos a se consagrarem a Nossa Senhora.<\/p>\n<p style=\"text-align: left\">Tendo em vista a riqueza que \u00e9 este pequeno livro, n\u00e3o podemos deixar de recomendar insistentemente que se leia o\u00a0Tratado\u00a0antes de come\u00e7ar a prepara\u00e7\u00e3o para a consagra\u00e7\u00e3o. Esta leitura \u00e9 necess\u00e1ria para conhecer esta devo\u00e7\u00e3o, que \u00e9 a consagra\u00e7\u00e3o total a Virgem Maria. O Tratado nos ajuda a conhecer a n\u00f3s mesmos, nossas mis\u00e9rias e fraquezas, e nos faz tomar consci\u00eancia da necessidade do aux\u00edlio de Nossa Senhora. O livro tamb\u00e9m nos ajuda a conhecer a Virgem Maria, a quem nos consagraremos, e a Jesus Cristo, que \u00e9 o fim \u00faltimo da consagra\u00e7\u00e3o.<\/p>\n<p style=\"text-align: left\">Depois da leitura do Tratado, escolhe-se uma <a href=\"http:\/\/blog.cancaonova.com\/tododemaria\/que-dia-fazer-a-consagracao\/\">data para fazer a consagra\u00e7\u00e3o<\/a>. N\u00e3o h\u00e1 nenhuma indica\u00e7\u00e3o no Tratado, mas costuma-se fazer a consagra\u00e7\u00e3o em um\u00a0dia\u00a0mariano. Outra indica\u00e7\u00e3o que podemos dar \u00e9 fazer a consagra\u00e7\u00e3o no dia de S\u00e3o Lu\u00eds Maria, que \u00e9 28 de Abril, ou no dia da Imaculada Concei\u00e7\u00e3o de Maria, dia 8 de Dezembro, pois quem se consagrar neste dia ou renovar a consagra\u00e7\u00e3o ganha indulg\u00eancia plen\u00e1ria (desde que a pessoa tenha se confessado recentemente e reze um Pai-nosso, uma Ave-Maria, e um Gl\u00f3ria, pelas inten\u00e7\u00f5es do Papa. A data n\u00e3o pode ser muito pr\u00f3xima, pois antes de fazer a consagra\u00e7\u00e3o \u00e9 preciso fazer uma prepara\u00e7\u00e3o de trinta dias.<\/p>\n<p style=\"text-align: left\">Esta prepara\u00e7\u00e3o pode ser feita somente recitando as ora\u00e7\u00f5es indicadas no Tratado (cf. TVD 227-230). Por\u00e9m, recomenda-se tamb\u00e9m o uso de livros pr\u00f3prios para a prepara\u00e7\u00e3o (exerc\u00edcios espirituais para a consagra\u00e7\u00e3o), e se fa\u00e7a as reflex\u00f5es propostas para cada dia antes de fazer as ora\u00e7\u00f5es. Outra coisa que ajuda \u00e9 fazer a prepara\u00e7\u00e3o para a consagra\u00e7\u00e3o em grupo, pois, apesar da consagra\u00e7\u00e3o ser pessoal, ela tem um car\u00e1ter comunit\u00e1rio. Nesta prepara\u00e7\u00e3o em grupo, pessoas que j\u00e1 fizeram a consagra\u00e7\u00e3o e se disponham a ajudar s\u00e3o bem-vindas para orientar quem se prepara. Pr\u00f3ximo do final da prepara\u00e7\u00e3o, recomenda-se fazer uma boa confiss\u00e3o.<\/p>\n<p style=\"text-align: left\">Ap\u00f3s a prepara\u00e7\u00e3o, no dia da consagra\u00e7\u00e3o deve-se participar da Eucaristia e depois da comunh\u00e3o se faz a consagra\u00e7\u00e3o conforme a f\u00f3rmula prevista no Tratado (cf. TVD 231). Caso n\u00e3o seja poss\u00edvel a participa\u00e7\u00e3o da Santa Missa, pode-se fazer a consagra\u00e7\u00e3o diante de uma imagem de Nossa Senhora. A f\u00f3rmula da consagra\u00e7\u00e3o deve ser escrita antes, de prefer\u00eancia de pr\u00f3prio punho. Depois da consagra\u00e7\u00e3o, quem se consagrou assina a folha com a f\u00f3rmula e, se houver um Sacerdote ou outra pessoa que possa ser testemunha, ele tamb\u00e9m deve assinar. S\u00e3o Lu\u00eds Maria recomenda que a consagra\u00e7\u00e3o seja renovada todo ano, na mesma data que foi feita pela primeira vez, com as mesmas ora\u00e7\u00f5es preparat\u00f3rias (cf. TVD 233).<\/p>\n<p style=\"text-align: left\">Certamente, esta devo\u00e7\u00e3o a Nossa Senhora, ensinada por S\u00e3o Lu\u00eds Maria, ser\u00e1 de grande aux\u00edlio na nossa busca pela fidelidade \u00e0 Igreja e aos mandamentos de Deus. Dessa forma, pelas m\u00e3os da Virgem Maria, nos aproximamos cada vez mais de Nosso Senhor Jesus Cristo e do Seu Reino.<\/p>\n","protected":false},"excerpt":{"rendered":"<p>Saiba como fazer a consagra\u00e7\u00e3o a Virgem Maria conforme o Tratado da Verdadeira Devo\u00e7\u00e3o Para fazer a consagra\u00e7\u00e3o a Maria segundo a \u201cTratado da Verdadeira devo\u00e7\u00e3o \u00e0 Sant\u00edssima Virgem\u201d, de S\u00e3o Lu\u00eds Maria Grignion de Montfort, a primeira coisa a&#8230;<\/p>\n","protected":false},"author":4539,"featured_media":0,"parent":0,"menu_order":4,"comment_status":"open","ping_status":"closed","template":"","meta":{"_mi_skip_tracking":false,"_monsterinsights_sitenote_active":false,"_monsterinsights_sitenote_note":"","_monsterinsights_sitenote_category":0,"footnotes":""},"_links":{"self":[{"href":"https:\/\/blog.cancaonova.com\/tododemaria\/wp-json\/wp\/v2\/pages\/141"}],"collection":[{"href":"https:\/\/blog.cancaonova.com\/tododemaria\/wp-json\/wp\/v2\/pages"}],"about":[{"href":"https:\/\/blog.cancaonova.com\/tododemaria\/wp-json\/wp\/v2\/types\/page"}],"author":[{"embeddable":true,"href":"https:\/\/blog.cancaonova.com\/tododemaria\/wp-json\/wp\/v2\/users\/4539"}],"replies":[{"embeddable":true,"href":"https:\/\/blog.cancaonova.com\/tododemaria\/wp-json\/wp\/v2\/comments?post=141"}],"version-history":[{"count":11,"href":"https:\/\/blog.cancaonova.com\/tododemaria\/wp-json\/wp\/v2\/pages\/141\/revisions"}],"predecessor-version":[{"id":5416,"href":"https:\/\/blog.cancaonova.com\/tododemaria\/wp-json\/wp\/v2\/pages\/141\/revisions\/5416"}],"wp:attachment":[{"href":"https:\/\/blog.cancaonova.com\/tododemaria\/wp-json\/wp\/v2\/media?parent=141"}],"curies":[{"name":"wp","href":"https:\/\/api.w.org\/{rel}","templated":true}]}}