{"id":26,"date":"2012-05-03T14:42:41","date_gmt":"2012-05-03T17:42:41","guid":{"rendered":"http:\/\/blog.cancaonova.com\/tododemaria\/"},"modified":"2023-05-18T17:46:41","modified_gmt":"2023-05-18T20:46:41","slug":"tratado","status":"publish","type":"page","link":"https:\/\/blog.cancaonova.com\/tododemaria\/tratado\/","title":{"rendered":"O que \u00e9 o Tratado?"},"content":{"rendered":"<p><strong>O Tratado da Verdadeira Devo\u00e7\u00e3o a Sant\u00edssima Virgem, grande legado de S\u00e3o Lu\u00eds Maria para a Igreja. <\/strong><\/p>\n<p style=\"text-align: left\"><a href=\"http:\/\/blog.cancaonova.com\/tododemaria\/files\/2012\/05\/capa-verdadeira-devocao.jpg\"><img loading=\"lazy\" decoding=\"async\" class=\"alignleft size-medium wp-image-641\" src=\"http:\/\/blog.cancaonova.com\/tododemaria\/files\/2012\/05\/capa-verdadeira-devocao-211x300.jpg\" alt=\"Consagra\u00e7\u00e3o segundo o Tratado da Verdadeira Devo\u00e7\u00e3o, de S\u00e3o Lu\u00eds Maria\" width=\"211\" height=\"300\" srcset=\"https:\/\/blog.cancaonova.com\/tododemaria\/files\/2012\/05\/capa-verdadeira-devocao-211x300.jpg 211w, https:\/\/blog.cancaonova.com\/tododemaria\/files\/2012\/05\/capa-verdadeira-devocao.jpg 640w\" sizes=\"(max-width: 211px) 100vw, 211px\" \/><\/a>O &#8220;Tratado da Verdadeira Devo\u00e7\u00e3o a Sant\u00edssima Virgem&#8221; \u00e9 uma obra de S\u00e3o Lu\u00eds Maria Grignion de Montfort (\u26061673 &#8211; \u271d1716), escrita por ele pouco antes de sua morte. O livro nos fala da devo\u00e7\u00e3o a Nossa Senhora e da necessidade da consagra\u00e7\u00e3o a Ela. Al\u00e9m disso, o Tratado nos d\u00e1 um m\u00e9todo simples e eficaz de consagra\u00e7\u00e3o, de nos entregar inteiramente a Maria.<\/p>\n<p style=\"text-align: left\">O manuscrito do Tratado ficou perdido durante 130 anos, de 1712 a 1842, quando foi encontrado em uma caixa por um padre da congrega\u00e7\u00e3o fundada por Montfort. Isto foi predito pelo Santo em seu Escrito: \u201cPrevejo que muitos animais frementes vir\u00e3o em f\u00faria para rasgar com seus dentes diab\u00f3licos este pequeno escrito [\u2026] Ou pelo menos procurar\u00e3o envolver este livrinho nas trevas e no sil\u00eancio duma arca, a fim de que n\u00e3o apare\u00e7a\u201d (TVD 114).<\/p>\n<p style=\"text-align: left\">A finalidade deste livro, segundo S\u00e3o Lu\u00eds Maria, \u00e9 mostrar como Maria Sant\u00edssima ainda \u00e9 desconhecida, o que \u00e9 uma das raz\u00f5es de Jesus Cristo n\u00e3o ser conhecido como deve ser. O Tratado nos leva ao conhecimento do Reino da Virgem Maria e ao conhecimento do Reino de Cristo. S\u00e3o Lu\u00eds tamb\u00e9m diz que Jesus veio ao mundo por Maria e por Ela deve voltar no fim dos tempos: \u201cEla deu Jesus Cristo ao mundo a primeira vez, a h\u00e1 de faz\u00ea-lo resplandecer tamb\u00e9m na segunda vez\u201d (TVD 13).<\/p>\n<p style=\"text-align: left\">O Tratado foi promulgado pelo Papa Pio IX em 12 de maio de 1853, em Roma. Atrav\u00e9s de um decreto, os escritos de S\u00e3o Lu\u00eds foram declarados isentos de qualquer erro que pudesse ser obst\u00e1culo para a sua beatifica\u00e7\u00e3o. Al\u00e9m disso, muitos outros papas aprovaram o Tratado e concederam indulg\u00eancias a quem se consagrasse pelo m\u00e9todo de Grignion de Montfort. Dentre eles, talvez o mais c\u00e9lebre e conhecido seja o saudoso Papa Jo\u00e3o Paulo II, que conheceu o Tratado j\u00e1 na sua inf\u00e2ncia e particularmente consagrou-se a Maria segundo o Tratado.<\/p>\n<p style=\"text-align: left\">N\u00e3o nos enganemos pelo tamanho e pela simplicidade deste pequeno Livro, pois ele foi de grande aux\u00edlio para muitos crist\u00e3os em tempos dif\u00edceis. O Tratado e a consagra\u00e7\u00e3o a Virgem Maria, segundo o m\u00e9todo de Montfort, foram vias de santifica\u00e7\u00e3o para numerosos homens de mulheres, do s\u00e9culo XVIII at\u00e9 os nossos dias. Considerando a import\u00e2ncia da consagra\u00e7\u00e3o a Nossa Senhora na vida dos fi\u00e9is, recomendamos a leitura do Tratado, a prepara\u00e7\u00e3o e a consagra\u00e7\u00e3o total a Sant\u00edssima Virgem.<\/p>\n<p style=\"text-align: left\">Leia tamb\u00e9m:<\/p>\n<p style=\"text-align: left\"><a href=\"http:\/\/www.mariareginadeicuori.it\/\" target=\"_blank\" rel=\"noopener\">Padre Giovanni Maria Personeni, SMM<\/a>.\u00a0<a href=\"http:\/\/blog.cancaonova.com\/tododemaria\/a-origem-do-tratado\/\" target=\"_blank\" rel=\"noopener\">A origem do Tratado<\/a>.<\/p>\n<p style=\"text-align: left\"><a href=\"http:\/\/www.mariareginadeicuori.it\/\" target=\"_blank\" rel=\"noopener\">Padre Giovanni Maria Personeni, SMM<\/a>.\u00a0<a href=\"http:\/\/blog.cancaonova.com\/tododemaria\/o-livro-escondido\/\" target=\"_blank\" rel=\"noopener\">O Livro escondido<\/a>.<\/p>\n","protected":false},"excerpt":{"rendered":"<p>O Tratado da Verdadeira Devo\u00e7\u00e3o a Sant\u00edssima Virgem, grande legado de S\u00e3o Lu\u00eds Maria para a Igreja. O &#8220;Tratado da Verdadeira Devo\u00e7\u00e3o a Sant\u00edssima Virgem&#8221; \u00e9 uma obra de S\u00e3o Lu\u00eds Maria Grignion de Montfort (\u26061673 &#8211; \u271d1716), escrita por&#8230;<\/p>\n","protected":false},"author":4539,"featured_media":0,"parent":0,"menu_order":2,"comment_status":"open","ping_status":"closed","template":"","meta":{"_mi_skip_tracking":false,"_monsterinsights_sitenote_active":false,"_monsterinsights_sitenote_note":"","_monsterinsights_sitenote_category":0,"footnotes":""},"_links":{"self":[{"href":"https:\/\/blog.cancaonova.com\/tododemaria\/wp-json\/wp\/v2\/pages\/26"}],"collection":[{"href":"https:\/\/blog.cancaonova.com\/tododemaria\/wp-json\/wp\/v2\/pages"}],"about":[{"href":"https:\/\/blog.cancaonova.com\/tododemaria\/wp-json\/wp\/v2\/types\/page"}],"author":[{"embeddable":true,"href":"https:\/\/blog.cancaonova.com\/tododemaria\/wp-json\/wp\/v2\/users\/4539"}],"replies":[{"embeddable":true,"href":"https:\/\/blog.cancaonova.com\/tododemaria\/wp-json\/wp\/v2\/comments?post=26"}],"version-history":[{"count":11,"href":"https:\/\/blog.cancaonova.com\/tododemaria\/wp-json\/wp\/v2\/pages\/26\/revisions"}],"predecessor-version":[{"id":9197,"href":"https:\/\/blog.cancaonova.com\/tododemaria\/wp-json\/wp\/v2\/pages\/26\/revisions\/9197"}],"wp:attachment":[{"href":"https:\/\/blog.cancaonova.com\/tododemaria\/wp-json\/wp\/v2\/media?parent=26"}],"curies":[{"name":"wp","href":"https:\/\/api.w.org\/{rel}","templated":true}]}}