{"id":610,"date":"2024-06-05T23:20:02","date_gmt":"2024-06-06T02:20:02","guid":{"rendered":"https:\/\/blog.cancaonova.com\/voluntarios\/?page_id=610"},"modified":"2024-06-13T10:07:28","modified_gmt":"2024-06-13T13:07:28","slug":"cartilha-do-voluntario","status":"publish","type":"page","link":"https:\/\/blog.cancaonova.com\/voluntarios\/cartilha-do-voluntario\/","title":{"rendered":"Volunt\u00e1rio Can\u00e7\u00e3o Nova"},"content":{"rendered":"<div id=\"pl-610\"  class=\"panel-layout\" ><div id=\"pg-610-0\"  class=\"panel-grid panel-no-style\" ><div id=\"pgc-610-0-0\"  class=\"panel-grid-cell\" ><div id=\"panel-610-0-0-0\" class=\"so-panel widget widget_sow-image panel-first-child panel-last-child\" data-index=\"0\" ><div class=\"so-widget-sow-image so-widget-sow-image-default-8358abbce072\">\n\n<div class=\"sow-image-container\">\n<a href=\"https:\/\/drive.google.com\/file\/d\/1z5mtRVv0tV_Q-b2my_G1IjDNnvtUoEAj\/view\" >\t<img decoding=\"async\" src=\"http:\/\/blog.cancaonova.com\/voluntarios\/files\/2024\/06\/CARTILHA-VOLUNTARIOS-imagens-0-scaled.jpg\" title=\"Guia do Volunt\u00e1rio\" \t\tclass=\"so-widget-image\"\/>\n<\/a><\/div>\n\n\t<h3 class=\"widget-title\">Guia do Volunt\u00e1rio<\/h3><\/div><\/div><\/div><\/div><\/div>","protected":false},"excerpt":{"rendered":"<p>Guia do Volunt\u00e1rio<\/p>\n","protected":false},"author":4539,"featured_media":0,"parent":0,"menu_order":0,"comment_status":"closed","ping_status":"closed","template":"","meta":{"_mi_skip_tracking":false,"_monsterinsights_sitenote_active":false,"_monsterinsights_sitenote_note":"","_monsterinsights_sitenote_category":0,"footnotes":""},"_links":{"self":[{"href":"https:\/\/blog.cancaonova.com\/voluntarios\/wp-json\/wp\/v2\/pages\/610"}],"collection":[{"href":"https:\/\/blog.cancaonova.com\/voluntarios\/wp-json\/wp\/v2\/pages"}],"about":[{"href":"https:\/\/blog.cancaonova.com\/voluntarios\/wp-json\/wp\/v2\/types\/page"}],"author":[{"embeddable":true,"href":"https:\/\/blog.cancaonova.com\/voluntarios\/wp-json\/wp\/v2\/users\/4539"}],"replies":[{"embeddable":true,"href":"https:\/\/blog.cancaonova.com\/voluntarios\/wp-json\/wp\/v2\/comments?post=610"}],"version-history":[{"count":14,"href":"https:\/\/blog.cancaonova.com\/voluntarios\/wp-json\/wp\/v2\/pages\/610\/revisions"}],"predecessor-version":[{"id":824,"href":"https:\/\/blog.cancaonova.com\/voluntarios\/wp-json\/wp\/v2\/pages\/610\/revisions\/824"}],"wp:attachment":[{"href":"https:\/\/blog.cancaonova.com\/voluntarios\/wp-json\/wp\/v2\/media?parent=610"}],"curies":[{"name":"wp","href":"https:\/\/api.w.org\/{rel}","templated":true}]}}